-- Table structure for table `wpwn_woocommerce_payment_tokenmeta`
--

CREATE TABLE `wpwn_woocommerce_payment_tokenmeta` (
  `meta_id` bigint unsigned NOT NULL AUTO_INCREMENT,
  `payment_token_id` bigint unsigned NOT NULL,
  `meta_key` varchar(255) COLLATE utf8mb4_unicode_520_ci DEFAULT NULL,
  `meta_value` longtext COLLATE utf8mb4_unicode_520_ci,
  PRIMARY KEY (`meta_id`),
  KEY `payment_token_id` (`payment_token_id`),
  KEY `meta_key` (`meta_key`(32))
) ENGINE=InnoDB DEFAULT CHARSET=utf8mb4 COLLATE=utf8mb4_unicode_520_ci;

--
-- Dumping data for table `wpwn_woocommerce_payment_tokenmeta`
--


--
-- Table structure for table `wpwn_woocommerce_payment_tokens`
--

CREATE TABLE `wpwn_woocommerce_payment_tokens` (
  `token_id` bigint unsigned NOT NULL AUTO_INCREMENT,
  `gateway_id` varchar(200) COLLATE utf8mb4_unicode_520_ci NOT NULL,
  `token` text COLLATE utf8mb4_unicode_520_ci NOT NULL,
  `user_id` bigint unsigned NOT NULL DEFAULT '0',
  `type` varchar(200) COLLATE utf8mb4_unicode_520_ci NOT NULL,
  `is_default` tinyint(1) NOT NULL DEFAULT '0',
  PRIMARY KEY (`token_id`),
  KEY `user_id` (`user_id`)
) ENGINE=InnoDB DEFAULT CHARSET=utf8mb4 COLLATE=utf8mb4_unicode_520_ci;

--
-- Dumping data for table `wpwn_woocommerce_payment_tokens`
--


--
-- Table structure for table `wpwn_woocommerce_sessions`
--

CREATE TABLE `wpwn_woocommerce_sessions` (
  `session_id` bigint unsigned NOT NULL AUTO_INCREMENT,
  `session_key` char(32) COLLATE utf8mb4_unicode_520_ci NOT NULL,
  `session_value` longtext COLLATE utf8mb4_unicode_520_ci NOT NULL,
  `session_expiry` bigint unsigned NOT NULL,
  PRIMARY KEY (`session_id`),
  UNIQUE KEY `session_key` (`session_key`)
) ENGINE=InnoDB AUTO_INCREMENT=244 DEFAULT CHARSET=utf8mb4 COLLATE=utf8mb4_unicode_520_ci;

--
-- Dumping data for table `wpwn_woocommerce_sessions`
--

INSERT INTO `wpwn_woocommerce_sessions` VALUES (235,'t_43523c5eb9e1e853ec3a1c55f11ab6','a:1:{s:8:\"customer\";s:740:\"a:28:{s:2:\"id\";s:1:\"0\";s:13:\"date_modified\";s:0:\"\";s:10:\"first_name\";s:0:\"\";s:9:\"last_name\";s:0:\"\";s:7:\"company\";s:0:\"\";s:5:\"phone\";s:0:\"\";s:5:\"email\";s:0:\"\";s:7:\"address\";s:0:\"\";s:9:\"address_1\";s:0:\"\";s:9:\"address_2\";s:0:\"\";s:4:\"city\";s:0:\"\";s:5:\"state\";s:1:\"C\";s:8:\"postcode\";s:0:\"\";s:7:\"country\";s:2:\"MD\";s:19:\"shipping_first_name\";s:0:\"\";s:18:\"shipping_last_name\";s:0:\"\";s:16:\"shipping_company\";s:0:\"\";s:14:\"shipping_phone\";s:0:\"\";s:16:\"shipping_address\";s:0:\"\";s:18:\"shipping_address_1\";s:0:\"\";s:18:\"shipping_address_2\";s:0:\"\";s:13:\"shipping_city\";s:0:\"\";s:14:\"shipping_state\";s:1:\"C\";s:17:\"shipping_postcode\";s:0:\"\";s:16:\"shipping_country\";s:2:\"MD\";s:13:\"is_vat_exempt\";s:0:\"\";s:19:\"calculated_shipping\";s:0:\"\";s:9:\"meta_data\";a:0:{}}\";}',1756301967),(237,'t_6b4b0db4f8d32aa7b263562880f658','a:1:{s:8:\"customer\";s:740:\"a:28:{s:2:\"id\";s:1:\"0\";s:13:\"date_modified\";s:0:\"\";s:10:\"first_name\";s:0:\"\";s:9:\"last_name\";s:0:\"\";s:7:\"company\";s:0:\"\";s:5:\"phone\";s:0:\"\";s:5:\"email\";s:0:\"\";s:7:\"address\";s:0:\"\";s:9:\"address_1\";s:0:\"\";s:9:\"address_2\";s:0:\"\";s:4:\"city\";s:0:\"\";s:5:\"state\";s:1:\"C\";s:8:\"postcode\";s:0:\"\";s:7:\"country\";s:2:\"MD\";s:19:\"shipping_first_name\";s:0:\"\";s:18:\"shipping_last_name\";s:0:\"\";s:16:\"shipping_company\";s:0:\"\";s:14:\"shipping_phone\";s:0:\"\";s:16:\"shipping_address\";s:0:\"\";s:18:\"shipping_address_1\";s:0:\"\";s:18:\"shipping_address_2\";s:0:\"\";s:13:\"shipping_city\";s:0:\"\";s:14:\"shipping_state\";s:1:\"C\";s:17:\"shipping_postcode\";s:0:\"\";s:16:\"shipping_country\";s:2:\"MD\";s:13:\"is_vat_exempt\";s:0:\"\";s:19:\"calculated_shipping\";s:0:\"\";s:9:\"meta_data\";a:0:{}}\";}',1756367393),(241,'t_7af52b879eb5a9e162e4264e5d7c18','a:1:{s:8:\"customer\";s:740:\"a:28:{s:2:\"id\";s:1:\"0\";s:13:\"date_modified\";s:0:\"\";s:10:\"first_name\";s:0:\"\";s:9:\"last_name\";s:0:\"\";s:7:\"company\";s:0:\"\";s:5:\"phone\";s:0:\"\";s:5:\"email\";s:0:\"\";s:7:\"address\";s:0:\"\";s:9:\"address_1\";s:0:\"\";s:9:\"address_2\";s:0:\"\";s:4:\"city\";s:0:\"\";s:5:\"state\";s:1:\"C\";s:8:\"postcode\";s:0:\"\";s:7:\"country\";s:2:\"MD\";s:19:\"shipping_first_name\";s:0:\"\";s:18:\"shipping_last_name\";s:0:\"\";s:16:\"shipping_company\";s:0:\"\";s:14:\"shipping_phone\";s:0:\"\";s:16:\"shipping_address\";s:0:\"\";s:18:\"shipping_address_1\";s:0:\"\";s:18:\"shipping_address_2\";s:0:\"\";s:13:\"shipping_city\";s:0:\"\";s:14:\"shipping_state\";s:1:\"C\";s:17:\"shipping_postcode\";s:0:\"\";s:16:\"shipping_country\";s:2:\"MD\";s:13:\"is_vat_exempt\";s:0:\"\";s:19:\"calculated_shipping\";s:0:\"\";s:9:\"meta_data\";a:0:{}}\";}',1756378059),(242,'1','a:7:{s:8:\"customer\";s:821:\"a:28:{s:2:\"id\";s:1:\"1\";s:13:\"date_modified\";s:25:\"2025-08-25T07:38:52+00:00\";s:10:\"first_name\";s:7:\"Evgheni\";s:9:\"last_name\";s:5:\"Mohov\";s:7:\"company\";s:0:\"\";s:5:\"phone\";s:12:\"+37369600878\";s:5:\"email\";s:17:\"badeamo@gmail.com\";s:7:\"address\";s:0:\"\";s:9:\"address_1\";s:0:\"\";s:9:\"address_2\";s:0:\"\";s:4:\"city\";s:0:\"\";s:5:\"state\";s:1:\"C\";s:8:\"postcode\";s:0:\"\";s:7:\"country\";s:2:\"MD\";s:19:\"shipping_first_name\";s:7:\"Evgheni\";s:18:\"shipping_last_name\";s:5:\"Mohov\";s:16:\"shipping_company\";s:0:\"\";s:14:\"shipping_phone\";s:0:\"\";s:16:\"shipping_address\";s:0:\"\";s:18:\"shipping_address_1\";s:0:\"\";s:18:\"shipping_address_2\";s:0:\"\";s:13:\"shipping_city\";s:0:\"\";s:14:\"shipping_state\";s:1:\"C\";s:17:\"shipping_postcode\";s:0:\"\";s:16:\"shipping_country\";s:2:\"MD\";s:13:\"is_vat_exempt\";s:0:\"\";s:19:\"calculated_shipping\";s:0:\"\";s:9:\"meta_data\";a:0:{}}\";s:22:\"shipping_for_package_0\";s:447:\"a:2:{s:12:\"package_hash\";s:40:\"wc_ship_02a860f50189aaef6fa20ef118114222\";s:5:\"rates\";a:1:{s:26:\"wbs:2:cf661c98_prin_curier\";O:16:\"WC_Shipping_Rate\":2:{s:7:\"\0*\0data\";a:9:{s:2:\"id\";s:26:\"wbs:2:cf661c98_prin_curier\";s:9:\"method_id\";s:3:\"wbs\";s:11:\"instance_id\";i:2;s:5:\"label\";s:11:\"Prin curier\";s:4:\"cost\";s:2:\"90\";s:5:\"taxes\";a:0:{}s:10:\"tax_status\";s:7:\"taxable\";s:11:\"description\";s:0:\"\";s:13:\"delivery_time\";s:0:\"\";}s:12:\"\0*\0meta_data\";a:0:{}}}}\";s:25:\"previous_shipping_methods\";s:54:\"a:1:{i:0;a:1:{i:0;s:26:\"wbs:2:cf661c98_prin_curier\";}}\";s:23:\"chosen_shipping_methods\";s:44:\"a:1:{i:0;s:26:\"wbs:2:cf661c98_prin_curier\";}\";s:22:\"shipping_method_counts\";s:14:\"a:1:{i:0;i:1;}\";s:11:\"cart_totals\";s:397:\"a:15:{s:8:\"subtotal\";s:3:\"210\";s:12:\"subtotal_tax\";d:0;s:14:\"shipping_total\";s:2:\"90\";s:12:\"shipping_tax\";d:0;s:14:\"shipping_taxes\";a:0:{}s:14:\"discount_total\";d:0;s:12:\"discount_tax\";d:0;s:19:\"cart_contents_total\";s:3:\"210\";s:17:\"cart_contents_tax\";i:0;s:19:\"cart_contents_taxes\";a:0:{}s:9:\"fee_total\";s:1:\"0\";s:7:\"fee_tax\";d:0;s:9:\"fee_taxes\";a:0:{}s:5:\"total\";s:6:\"300.00\";s:9:\"total_tax\";d:0;}\";s:4:\"cart\";s:413:\"a:1:{s:32:\"2dea61eed4bceec564a00115c4d21334\";a:11:{s:3:\"key\";s:32:\"2dea61eed4bceec564a00115c4d21334\";s:10:\"product_id\";i:672;s:12:\"variation_id\";i:0;s:9:\"variation\";a:0:{}s:8:\"quantity\";i:1;s:9:\"data_hash\";s:32:\"b5c1d5ca8bae6d4896cf1807cdf763f0\";s:13:\"line_tax_data\";a:2:{s:8:\"subtotal\";a:0:{}s:5:\"total\";a:0:{}}s:13:\"line_subtotal\";d:210;s:17:\"line_subtotal_tax\";d:0;s:10:\"line_total\";d:210;s:8:\"line_tax\";d:0;}}\";}',1756809189);

--
-- Table structure for table `wpwn_woocommerce_shipping_zone_locations`
--

CREATE TABLE `wpwn_woocommerce_shipping_zone_locations` (
  `location_id` bigint unsigned NOT NULL AUTO_INCREMENT,
  `zone_id` bigint unsigned NOT NULL,
  `location_code` varchar(200) COLLATE utf8mb4_unicode_520_ci NOT NULL,
  `location_type` varchar(40) COLLATE utf8mb4_unicode_520_ci NOT NULL,
  PRIMARY KEY (`location_id`),
  KEY `zone_id` (`zone_id`),
  KEY `location_type_code` (`location_type`(10),`location_code`(20))
) ENGINE=InnoDB AUTO_INCREMENT=36 DEFAULT CHARSET=utf8mb4 COLLATE=utf8mb4_unicode_520_ci;

--
-- Dumping data for table `wpwn_woocommerce_shipping_zone_locations`
--

INSERT INTO `wpwn_woocommerce_shipping_zone_locations` VALUES (2,2,'MD:C','state'),(3,3,'MD:BL','state'),(4,3,'MD:AN','state'),(5,3,'MD:BS','state'),(6,3,'MD:BR','state'),(7,3,'MD:CH','state'),(8,3,'MD:CT','state'),(9,3,'MD:CL','state'),(10,3,'MD:CS','state'),(11,3,'MD:CM','state'),(12,3,'MD:CR','state'),(13,3,'MD:DN','state'),(14,3,'MD:DR','state'),(15,3,'MD:DB','state'),(16,3,'MD:ED','state'),(17,3,'MD:FL','state'),(18,3,'MD:FR','state'),(19,3,'MD:GL','state'),(20,3,'MD:HN','state'),(21,3,'MD:IL','state'),(22,3,'MD:LV','state'),(23,3,'MD:NS','state'),(24,3,'MD:OC','state'),(25,3,'MD:OR','state'),(26,3,'MD:RZ','state'),(27,3,'MD:RS','state'),(28,3,'MD:SG','state'),(29,3,'MD:SR','state'),(30,3,'MD:ST','state'),(31,3,'MD:SD','state'),(32,3,'MD:SV','state'),(33,3,'MD:TR','state'),(34,3,'MD:TL','state'),(35,3,'MD:UN','state');

--
-- Table structure for table `wpwn_woocommerce_shipping_zone_methods`
--

CREATE TABLE `wpwn_woocommerce_shipping_zone_methods` (
  `zone_id` bigint unsigned NOT NULL,
  `instance_id` bigint unsigned NOT NULL AUTO_INCREMENT,
  `method_id` varchar(200) COLLATE utf8mb4_unicode_520_ci NOT NULL,
  `method_order` bigint unsigned NOT NULL,
  `is_enabled` tinyint(1) NOT NULL DEFAULT '1',
  PRIMARY KEY (`instance_id`)
) ENGINE=InnoDB AUTO_INCREMENT=4 DEFAULT CHARSET=utf8mb4 COLLATE=utf8mb4_unicode_520_ci;

--
-- Dumping data for table `wpwn_woocommerce_shipping_zone_methods`
--

INSERT INTO `wpwn_woocommerce_shipping_zone_methods` VALUES (2,2,'wbs',1,1),(3,3,'wbs',1,1);

--
-- Table structure for table `wpwn_woocommerce_shipping_zones`
--

CREATE TABLE `wpwn_woocommerce_shipping_zones` (
  `zone_id` bigint unsigned NOT NULL AUTO_INCREMENT,
  `zone_name` varchar(200) COLLATE utf8mb4_unicode_520_ci NOT NULL,
  `zone_order` bigint unsigned NOT NULL,
  PRIMARY KEY (`zone_id`)
) ENGINE=InnoDB AUTO_INCREMENT=4 DEFAULT CHARSET=utf8mb4 COLLATE=utf8mb4_unicode_520_ci;

--
-- Dumping data for table `wpwn_woocommerce_shipping_zones`
--

INSERT INTO `wpwn_woocommerce_shipping_zones` VALUES (2,'Chisinau',0),(3,'Moldova',0);

--
-- Table structure for table `wpwn_woocommerce_tax_rate_locations`
--

CREATE TABLE `wpwn_woocommerce_tax_rate_locations` (
  `location_id` bigint unsigned NOT NULL AUTO_INCREMENT,
  `location_code` varchar(200) COLLATE utf8mb4_unicode_520_ci NOT NULL,
  `tax_rate_id` bigint unsigned NOT NULL,
  `location_type` varchar(40) COLLATE utf8mb4_unicode_520_ci NOT NULL,
  PRIMARY KEY (`location_id`),
  KEY `tax_rate_id` (`tax_rate_id`),
  KEY `location_type_code` (`location_type`(10),`location_code`(20))
) ENGINE=InnoDB DEFAULT CHARSET=utf8mb4 COLLATE=utf8mb4_unicode_520_ci;

--
-- Dumping data for table `wpwn_woocommerce_tax_rate_locations`
--


--
-- Table structure for table `wpwn_woocommerce_tax_rates`
--

CREATE TABLE `wpwn_woocommerce_tax_rates` (
  `tax_rate_id` bigint unsigned NOT NULL AUTO_INCREMENT,
  `tax_rate_country` varchar(2) COLLATE utf8mb4_unicode_520_ci NOT NULL DEFAULT '',
  `tax_rate_state` varchar(200) COLLATE utf8mb4_unicode_520_ci NOT NULL DEFAULT '',
  `tax_rate` varchar(8) COLLATE utf8mb4_unicode_520_ci NOT NULL DEFAULT '',
  `tax_rate_name` varchar(200) COLLATE utf8mb4_unicode_520_ci NOT NULL DEFAULT '',
  `tax_rate_priority` bigint unsigned NOT NULL,
  `tax_rate_compound` int NOT NULL DEFAULT '0',
  `tax_rate_shipping` int NOT NULL DEFAULT '1',
  `tax_rate_order` bigint unsigned NOT NULL,
  `tax_rate_class` varchar(200) COLLATE utf8mb4_unicode_520_ci NOT NULL DEFAULT '',
  PRIMARY KEY (`tax_rate_id`),
  KEY `tax_rate_country` (`tax_rate_country`),
  KEY `tax_rate_state` (`tax_rate_state`(2)),
  KEY `tax_rate_class` (`tax_rate_class`(10)),
  KEY `tax_rate_priority` (`tax_rate_priority`)
) ENGINE=InnoDB DEFAULT CHARSET=utf8mb4 COLLATE=utf8mb4_unicode_520_ci;

--
-- Dumping data for table `wpwn_woocommerce_tax_rates`
--


--
-- Table structure for table `wpwn_woodmart_wishlist_products`
--

CREATE TABLE `wpwn_woodmart_wishlist_products` (
  `ID` int NOT NULL AUTO_INCREMENT,
  `product_id` varchar(255) NOT NULL,
  `wishlist_id` int DEFAULT NULL,
  `date_added` timestamp NOT NULL DEFAULT CURRENT_TIMESTAMP,
  `on_sale` tinyint(1) NOT NULL,
  PRIMARY KEY (`ID`),
  KEY `product_id` (`product_id`)
) ENGINE=InnoDB DEFAULT CHARSET=utf8mb3;

--
-- Dumping data for table `wpwn_woodmart_wishlist_products`
--


--
-- Table structure for table `wpwn_woodmart_wishlists`
--

CREATE TABLE `wpwn_woodmart_wishlists` (
  `ID` int NOT NULL AUTO_INCREMENT,
  `user_id` int NOT NULL,
  `wishlist_group` varchar(255) NOT NULL DEFAULT 'My wishlist',
  `date_created` timestamp NOT NULL DEFAULT CURRENT_TIMESTAMP,
  PRIMARY KEY (`ID`)
) ENGINE=InnoDB AUTO_INCREMENT=2 DEFAULT CHARSET=utf8mb3;

--
-- Dumping data for table `wpwn_woodmart_wishlists`
--

INSERT INTO `wpwn_woodmart_wishlists` VALUES (1,1,'My wishlist','2025-08-14 12:48:36');

--
-- Table structure for table `wpwn_wt_iew_action_history`
--

CREATE TABLE `wpwn_wt_iew_action_history` (
  `id` int NOT NULL AUTO_INCREMENT,
  `template_type` varchar(255) COLLATE utf8mb4_unicode_520_ci NOT NULL,
  `item_type` varchar(255) COLLATE utf8mb4_unicode_520_ci NOT NULL,
  `file_name` varchar(255) COLLATE utf8mb4_unicode_520_ci NOT NULL,
  `created_at` int NOT NULL DEFAULT '0',
  `status` int NOT NULL DEFAULT '0',
  `status_text` varchar(255) COLLATE utf8mb4_unicode_520_ci NOT NULL,
  `offset` int NOT NULL DEFAULT '0',
  `total` int NOT NULL DEFAULT '0',
  `data` longtext COLLATE utf8mb4_unicode_520_ci NOT NULL,
  PRIMARY KEY (`id`)
) ENGINE=InnoDB AUTO_INCREMENT=12 DEFAULT CHARSET=utf8mb4 COLLATE=utf8mb4_unicode_520_ci;

--
-- Dumping data for table `wpwn_wt_iew_action_history`
--

INSERT INTO `wpwn_wt_iew_action_history` VALUES (1,'import','product_categories','temp_product_categories_1755200774.csv',1755200792,1,'Finished',9058,9882,'{\"post_type_form_data\":{\"item_type\":\"product_categories\"},\"method_import_form_data\":{\"method_import\":\"new\",\"selected_template\":\"0\",\"wt_iew_file_from\":\"local\",\"wt_iew_local_file\":\"https:\\/\\/e-mag.md\\/wp-content\\/webtoffee_import\\/local_file_1755200770_product_categories_export_2025-08-14-06-39-26.csv\",\"wt_iew_delimiter_preset\":\"comma\",\"wt_iew_delimiter\":\",\"},\"mapping_form_data\":{\"mapping_fields\":{\"term_id\":[\"{term_id}\",1],\"name\":[\"{name}\",1],\"slug\":[\"{slug}\",1],\"description\":[\"{description}\",1],\"display_type\":[\"{display_type}\",1],\"parent\":[\"{parent}\",1],\"thumbnail\":[\"{thumbnail}\",1]},\"mapping_selected_fields\":{\"term_id\":\"{term_id}\",\"name\":\"{name}\",\"slug\":\"{slug}\",\"description\":\"{description}\",\"display_type\":\"{display_type}\",\"parent\":\"{parent}\",\"thumbnail\":\"{thumbnail}\"}},\"meta_step_form_data\":{\"mapping_fields\":[],\"mapping_selected_fields\":[]},\"advanced_form_data\":{\"wt_iew_merge\":\"1\",\"wt_iew_batch_count\":10}}'),(2,'import','product','temp_product_1755200943.csv',1755201100,1,'Finished',207446,215539,'{\"post_type_form_data\":{\"item_type\":\"product\"},\"method_import_form_data\":{\"method_import\":\"new\",\"selected_template\":\"0\",\"wt_iew_file_from\":\"local\",\"wt_iew_local_file\":\"https:\\/\\/e-mag.md\\/wp-content\\/webtoffee_import\\/local_file_1755200940_product_export_2025-08-14-07-48-03.csv\",\"wt_iew_delimiter_preset\":\"comma\",\"wt_iew_delimiter\":\",\"},\"mapping_form_data\":{\"mapping_fields\":{\"post_title\":[\"{post_title}\",1],\"post_name\":[\"{post_name}\",1],\"ID\":[\"{ID}\",1],\"post_parent\":[\"{post_parent}\",1],\"post_status\":[\"{post_status}\",1],\"post_content\":[\"{post_content}\",1],\"post_excerpt\":[\"{post_excerpt}\",1],\"post_date\":[\"{post_date}\",1],\"post_password\":[\"{post_password}\",1],\"post_author\":[\"{post_author}\",1],\"menu_order\":[\"{menu_order}\",1],\"comment_status\":[\"{comment_status}\",1],\"sku\":[\"{sku}\",1],\"parent_sku\":[\"{parent_sku}\",1],\"children\":[\"{children}\",1],\"downloadable\":[\"{downloadable}\",1],\"virtual\":[\"{virtual}\",1],\"visibility\":[\"{visibility}\",1],\"purchase_note\":[\"{purchase_note}\",1],\"stock\":[\"{stock}\",1],\"stock_status\":[\"{stock_status}\",1],\"backorders\":[\"{backorders}\",1],\"sold_individually\":[\"{sold_individually}\",1],\"low_stock_amount\":[\"{low_stock_amount}\",1],\"manage_stock\":[\"{manage_stock}\",1],\"sale_price\":[\"{sale_price}\",1],\"regular_price\":[\"{regular_price}\",1],\"sale_price_dates_from\":[\"{sale_price_dates_from}\",1],\"sale_price_dates_to\":[\"{sale_price_dates_to}\",1],\"weight\":[\"{weight}\",1],\"length\":[\"{length}\",1],\"width\":[\"{width}\",1],\"height\":[\"{height}\",1],\"tax_status\":[\"{tax_status}\",1],\"tax_class\":[\"{tax_class}\",1],\"upsell_ids\":[\"{upsell_ids}\",1],\"crosssell_ids\":[\"{crosssell_ids}\",1],\"file_paths\":[\"\",0],\"downloadable_files\":[\"{downloadable_files}\",1],\"download_limit\":[\"{download_limit}\",1],\"download_expiry\":[\"{download_expiry}\",1],\"product_url\":[\"{product_url}\",1],\"button_text\":[\"{button_text}\",1],\"images\":[\"{images}\",1],\"product_page_url\":[\"{product_page_url}\",1],\"meta:total_sales\":[\"{meta:total_sales}\",1],\"meta:_global_unique_id\":[\"{meta:_global_unique_id}\",1]},\"mapping_selected_fields\":{\"post_title\":\"{post_title}\",\"post_name\":\"{post_name}\",\"ID\":\"{ID}\",\"post_parent\":\"{post_parent}\",\"post_status\":\"{post_status}\",\"post_content\":\"{post_content}\",\"post_excerpt\":\"{post_excerpt}\",\"post_date\":\"{post_date}\",\"post_password\":\"{post_password}\",\"post_author\":\"{post_author}\",\"menu_order\":\"{menu_order}\",\"comment_status\":\"{comment_status}\",\"sku\":\"{sku}\",\"parent_sku\":\"{parent_sku}\",\"children\":\"{children}\",\"downloadable\":\"{downloadable}\",\"virtual\":\"{virtual}\",\"visibility\":\"{visibility}\",\"purchase_note\":\"{purchase_note}\",\"stock\":\"{stock}\",\"stock_status\":\"{stock_status}\",\"backorders\":\"{backorders}\",\"sold_individually\":\"{sold_individually}\",\"low_stock_amount\":\"{low_stock_amount}\",\"manage_stock\":\"{manage_stock}\",\"sale_price\":\"{sale_price}\",\"regular_price\":\"{regular_price}\",\"sale_price_dates_from\":\"{sale_price_dates_from}\",\"sale_price_dates_to\":\"{sale_price_dates_to}\",\"weight\":\"{weight}\",\"length\":\"{length}\",\"width\":\"{width}\",\"height\":\"{height}\",\"tax_status\":\"{tax_status}\",\"tax_class\":\"{tax_class}\",\"upsell_ids\":\"{upsell_ids}\",\"crosssell_ids\":\"{crosssell_ids}\",\"downloadable_files\":\"{downloadable_files}\",\"download_limit\":\"{download_limit}\",\"download_expiry\":\"{download_expiry}\",\"product_url\":\"{product_url}\",\"button_text\":\"{button_text}\",\"images\":\"{images}\",\"product_page_url\":\"{product_page_url}\",\"meta:total_sales\":\"{meta:total_sales}\",\"meta:_global_unique_id\":\"{meta:_global_unique_id}\"}},\"meta_step_form_data\":{\"mapping_fields\":{\"taxonomies\":{\"tax:product_brand\":[\"{attribute:pa_brand}\",1],\"tax:product_type\":[\"{tax:product_type}\",1],\"tax:product_visibility\":[\"{tax:product_visibility}\",1],\"tax:product_cat\":[\"{tax:product_cat}\",1],\"tax:product_tag\":[\"{tax:product_tag}\",1],\"tax:product_shipping_class\":[\"{tax:product_shipping_class}\",1]},\"attributes\":{\"attribute:pa_brand\":[\"{attribute:pa_brand}\",1],\"attribute:pa_color\":[\"{attribute:pa_color}\",1],\"attribute:pa_size\":[\"{attribute:pa_size}\",1],\"attribute:pa_tipul-de-piatra\":[\"{attribute:pa_tipul-de-piatra}\",1],\"attribute_data:pa_brand\":[\"{attribute_data:pa_brand}\",1],\"attribute_data:pa_color\":[\"{attribute_data:pa_color}\",1],\"attribute_data:pa_size\":[\"{attribute_data:pa_size}\",1],\"attribute_data:pa_tipul-de-piatra\":[\"{attribute_data:pa_tipul-de-piatra}\",1]}},\"mapping_selected_fields\":{\"taxonomies\":{\"tax:product_brand\":\"{attribute:pa_brand}\",\"tax:product_type\":\"{tax:product_type}\",\"tax:product_visibility\":\"{tax:product_visibility}\",\"tax:product_cat\":\"{tax:product_cat}\",\"tax:product_tag\":\"{tax:product_tag}\",\"tax:product_shipping_class\":\"{tax:product_shipping_class}\"},\"attributes\":{\"attribute:pa_brand\":\"{attribute:pa_brand}\",\"attribute:pa_color\":\"{attribute:pa_color}\",\"attribute:pa_size\":\"{attribute:pa_size}\",\"attribute:pa_tipul-de-piatra\":\"{attribute:pa_tipul-de-piatra}\",\"attribute_data:pa_brand\":\"{attribute_data:pa_brand}\",\"attribute_data:pa_color\":\"{attribute_data:pa_color}\",\"attribute_data:pa_size\":\"{attribute_data:pa_size}\",\"attribute_data:pa_tipul-de-piatra\":\"{attribute_data:pa_tipul-de-piatra}\"}}},\"advanced_form_data\":{\"wt_iew_skip_new\":\"0\",\"wt_iew_merge_with\":\"id\",\"wt_iew_found_action\":\"update\",\"wt_iew_merge_empty_cells\":\"1\",\"wt_iew_batch_count\":10}}'),(3,'import','order','temp_order_1755959138.csv',1755959189,1,'Finished',98977,112698,'{\"post_type_form_data\":{\"item_type\":\"order\"},\"method_import_form_data\":{\"method_import\":\"new\",\"selected_template\":\"0\",\"wt_iew_file_from\":\"local\",\"wt_iew_local_file\":\"https:\\/\\/e-mag.md\\/wp-content\\/webtoffee_import\\/local_file_1755959135_order_export_2025-08-23-02-25-04.csv\",\"wt_iew_delimiter_preset\":\"comma\",\"wt_iew_delimiter\":\",\"},\"mapping_form_data\":{\"mapping_fields\":{\"order_id\":[\"{order_id}\",1],\"order_number\":[\"{order_number}\",1],\"order_date\":[\"{order_date}\",1],\"paid_date\":[\"{paid_date}\",1],\"status\":[\"{status}\",1],\"shipping_total\":[\"{shipping_total}\",1],\"shipping_tax_total\":[\"{shipping_tax_total}\",1],\"fee_total\":[\"{fee_total}\",1],\"fee_tax_total\":[\"{fee_tax_total}\",1],\"tax_total\":[\"{tax_total}\",1],\"cart_discount\":[\"{cart_discount}\",1],\"order_discount\":[\"{order_discount}\",1],\"discount_total\":[\"{discount_total}\",1],\"order_total\":[\"{order_total}\",1],\"order_key\":[\"{order_key}\",1],\"order_currency\":[\"{order_currency}\",1],\"payment_method\":[\"{payment_method}\",1],\"payment_method_title\":[\"{payment_method_title}\",1],\"transaction_id\":[\"{transaction_id}\",1],\"customer_ip_address\":[\"{customer_ip_address}\",1],\"customer_user_agent\":[\"{customer_user_agent}\",1],\"shipping_method\":[\"{shipping_method}\",1],\"customer_email\":[\"{customer_email}\",1],\"customer_user\":[\"{customer_user}\",1],\"billing_first_name\":[\"{billing_first_name}\",1],\"billing_last_name\":[\"{billing_last_name}\",1],\"billing_company\":[\"{billing_company}\",1],\"billing_email\":[\"{billing_email}\",1],\"billing_phone\":[\"{billing_phone}\",1],\"billing_address_1\":[\"{billing_address_1}\",1],\"billing_address_2\":[\"{billing_address_2}\",1],\"billing_postcode\":[\"{billing_postcode}\",1],\"billing_city\":[\"{billing_city}\",1],\"billing_state\":[\"{billing_state}\",1],\"billing_country\":[\"{billing_country}\",1],\"shipping_first_name\":[\"{shipping_first_name}\",1],\"shipping_last_name\":[\"{shipping_last_name}\",1],\"shipping_company\":[\"{shipping_company}\",1],\"shipping_phone\":[\"{shipping_phone}\",1],\"shipping_address_1\":[\"{shipping_address_1}\",1],\"shipping_address_2\":[\"{shipping_address_2}\",1],\"shipping_postcode\":[\"{shipping_postcode}\",1],\"shipping_city\":[\"{shipping_city}\",1],\"shipping_state\":[\"{shipping_state}\",1],\"shipping_country\":[\"{shipping_country}\",1],\"customer_note\":[\"{customer_note}\",1],\"wt_import_key\":[\"{wt_import_key}\",1],\"tax_items\":[\"{tax_items}\",1],\"shipping_items\":[\"{shipping_items}\",1],\"fee_items\":[\"{fee_items}\",1],\"coupon_items\":[\"{coupon_items}\",1],\"refund_items\":[\"{refund_items}\",1],\"order_notes\":[\"{order_notes}\",1],\"line_item_1\":[\"{line_item_1}\",1],\"line_item_2\":[\"{line_item_2}\",1],\"line_item_3\":[\"{line_item_3}\",1],\"line_item_4\":[\"{line_item_4}\",1],\"line_item_5\":[\"{line_item_5}\",1],\"line_item_6\":[\"{line_item_6}\",1],\"line_item_7\":[\"{line_item_7}\",1],\"line_item_8\":[\"{line_item_8}\",1],\"line_item_9\":[\"{line_item_9}\",1],\"line_item_10\":[\"{line_item_10}\",1],\"line_item_11\":[\"{line_item_11}\",1],\"line_item_12\":[\"{line_item_12}\",1],\"line_item_13\":[\"{line_item_13}\",1],\"line_item_14\":[\"{line_item_14}\",1],\"line_item_15\":[\"{line_item_15}\",1],\"line_item_16\":[\"{line_item_16}\",1],\"line_item_17\":[\"{line_item_17}\",1],\"line_item_18\":[\"{line_item_18}\",1],\"line_item_19\":[\"{line_item_19}\",1],\"line_item_20\":[\"{line_item_20}\",1],\"line_item_21\":[\"{line_item_21}\",1],\"line_item_22\":[\"{line_item_22}\",1],\"line_item_23\":[\"{line_item_23}\",1],\"line_item_24\":[\"{line_item_24}\",1],\"line_item_25\":[\"{line_item_25}\",1],\"line_item_26\":[\"{line_item_26}\",1],\"line_item_27\":[\"{line_item_27}\",1],\"line_item_28\":[\"{line_item_28}\",1],\"line_item_29\":[\"{line_item_29}\",1],\"line_item_30\":[\"{line_item_30}\",1],\"line_item_31\":[\"{line_item_31}\",1],\"line_item_32\":[\"{line_item_32}\",1],\"line_item_33\":[\"{line_item_33}\",1],\"line_item_34\":[\"{line_item_34}\",1],\"line_item_35\":[\"{line_item_35}\",1],\"line_item_36\":[\"{line_item_36}\",1],\"line_item_37\":[\"{line_item_37}\",1],\"line_item_38\":[\"{line_item_38}\",1],\"line_item_39\":[\"{line_item_39}\",1],\"line_item_40\":[\"{line_item_40}\",1],\"line_item_41\":[\"{line_item_41}\",1],\"line_item_42\":[\"{line_item_42}\",1],\"line_item_43\":[\"{line_item_43}\",1],\"line_item_44\":[\"{line_item_44}\",1],\"line_item_45\":[\"{line_item_45}\",1],\"line_item_46\":[\"{line_item_46}\",1],\"line_item_47\":[\"{line_item_47}\",1],\"line_item_48\":[\"{line_item_48}\",1],\"line_item_49\":[\"{line_item_49}\",1],\"line_item_50\":[\"{line_item_50}\",1],\"line_item_51\":[\"{line_item_51}\",1],\"line_item_52\":[\"{line_item_52}\",1],\"line_item_53\":[\"{line_item_53}\",1],\"line_item_54\":[\"{line_item_54}\",1],\"line_item_55\":[\"{line_item_55}\",1],\"line_item_56\":[\"{line_item_56}\",1],\"line_item_57\":[\"{line_item_57}\",1],\"line_item_58\":[\"{line_item_58}\",1],\"line_item_59\":[\"{line_item_59}\",1],\"line_item_60\":[\"{line_item_60}\",1],\"line_item_61\":[\"{line_item_61}\",1],\"line_item_62\":[\"{line_item_62}\",1],\"line_item_63\":[\"{line_item_63}\",1],\"line_item_64\":[\"{line_item_64}\",1],\"line_item_65\":[\"{line_item_65}\",1],\"line_item_66\":[\"{line_item_66}\",1],\"line_item_67\":[\"{line_item_67}\",1],\"line_item_68\":[\"{line_item_68}\",1],\"line_item_69\":[\"{line_item_69}\",1],\"line_item_70\":[\"{line_item_70}\",1],\"line_item_71\":[\"{line_item_71}\",1],\"line_item_72\":[\"{line_item_72}\",1],\"line_item_73\":[\"{line_item_73}\",1],\"line_item_74\":[\"{line_item_74}\",1],\"line_item_75\":[\"{line_item_75}\",1],\"line_item_76\":[\"{line_item_76}\",1],\"line_item_77\":[\"{line_item_77}\",1],\"line_item_78\":[\"{line_item_78}\",1],\"line_item_79\":[\"{line_item_79}\",1],\"line_item_80\":[\"{line_item_80}\",1],\"line_item_81\":[\"{line_item_81}\",1],\"line_item_82\":[\"{line_item_82}\",1],\"line_item_83\":[\"{line_item_83}\",1],\"line_item_84\":[\"{line_item_84}\",1],\"line_item_85\":[\"{line_item_85}\",1],\"line_item_86\":[\"{line_item_86}\",1],\"line_item_87\":[\"{line_item_87}\",1],\"line_item_88\":[\"{line_item_88}\",1],\"download_permissions\":[\"{download_permissions}\",1],\"meta:_wc_order_attribution_device_type\":[\"{meta:_wc_order_attribution_device_type}\",1],\"meta:_wc_order_attribution_referrer\":[\"{meta:_wc_order_attribution_referrer}\",1],\"meta:_wc_order_attribution_session_count\":[\"{meta:_wc_order_attribution_session_count}\",1],\"meta:_wc_order_attribution_session_entry\":[\"{meta:_wc_order_attribution_session_entry}\",1],\"meta:_wc_order_attribution_session_pages\":[\"{meta:_wc_order_attribution_session_pages}\",1],\"meta:_wc_order_attribution_session_start_time\":[\"{meta:_wc_order_attribution_session_start_time}\",1],\"meta:_wc_order_attribution_source_type\":[\"{meta:_wc_order_attribution_source_type}\",1],\"meta:_wc_order_attribution_user_agent\":[\"{meta:_wc_order_attribution_user_agent}\",1],\"meta:_wc_order_attribution_utm_source\":[\"{meta:_wc_order_attribution_utm_source}\",1]},\"mapping_selected_fields\":{\"order_id\":\"{order_id}\",\"order_number\":\"{order_number}\",\"order_date\":\"{order_date}\",\"paid_date\":\"{paid_date}\",\"status\":\"{status}\",\"shipping_total\":\"{shipping_total}\",\"shipping_tax_total\":\"{shipping_tax_total}\",\"fee_total\":\"{fee_total}\",\"fee_tax_total\":\"{fee_tax_total}\",\"tax_total\":\"{tax_total}\",\"cart_discount\":\"{cart_discount}\",\"order_discount\":\"{order_discount}\",\"discount_total\":\"{discount_total}\",\"order_total\":\"{order_total}\",\"order_key\":\"{order_key}\",\"order_currency\":\"{order_currency}\",\"payment_method\":\"{payment_method}\",\"payment_method_title\":\"{payment_method_title}\",\"transaction_id\":\"{transaction_id}\",\"customer_ip_address\":\"{customer_ip_address}\",\"customer_user_agent\":\"{customer_user_agent}\",\"shipping_method\":\"{shipping_method}\",\"customer_email\":\"{customer_email}\",\"customer_user\":\"{customer_user}\",\"billing_first_name\":\"{billing_first_name}\",\"billing_last_name\":\"{billing_last_name}\",\"billing_company\":\"{billing_company}\",\"billing_email\":\"{billing_email}\",\"billing_phone\":\"{billing_phone}\",\"billing_address_1\":\"{billing_address_1}\",\"billing_address_2\":\"{billing_address_2}\",\"billing_postcode\":\"{billing_postcode}\",\"billing_city\":\"{billing_city}\",\"billing_state\":\"{billing_state}\",\"billing_country\":\"{billing_country}\",\"shipping_first_name\":\"{shipping_first_name}\",\"shipping_last_name\":\"{shipping_last_name}\",\"shipping_company\":\"{shipping_company}\",\"shipping_phone\":\"{shipping_phone}\",\"shipping_address_1\":\"{shipping_address_1}\",\"shipping_address_2\":\"{shipping_address_2}\",\"shipping_postcode\":\"{shipping_postcode}\",\"shipping_city\":\"{shipping_city}\",\"shipping_state\":\"{shipping_state}\",\"shipping_country\":\"{shipping_country}\",\"customer_note\":\"{customer_note}\",\"wt_import_key\":\"{wt_import_key}\",\"tax_items\":\"{tax_items}\",\"shipping_items\":\"{shipping_items}\",\"fee_items\":\"{fee_items}\",\"coupon_items\":\"{coupon_items}\",\"refund_items\":\"{refund_items}\",\"order_notes\":\"{order_notes}\",\"line_item_1\":\"{line_item_1}\",\"line_item_2\":\"{line_item_2}\",\"line_item_3\":\"{line_item_3}\",\"line_item_4\":\"{line_item_4}\",\"line_item_5\":\"{line_item_5}\",\"line_item_6\":\"{line_item_6}\",\"line_item_7\":\"{line_item_7}\",\"line_item_8\":\"{line_item_8}\",\"line_item_9\":\"{line_item_9}\",\"line_item_10\":\"{line_item_10}\",\"line_item_11\":\"{line_item_11}\",\"line_item_12\":\"{line_item_12}\",\"line_item_13\":\"{line_item_13}\",\"line_item_14\":\"{line_item_14}\",\"line_item_15\":\"{line_item_15}\",\"line_item_16\":\"{line_item_16}\",\"line_item_17\":\"{line_item_17}\",\"line_item_18\":\"{line_item_18}\",\"line_item_19\":\"{line_item_19}\",\"line_item_20\":\"{line_item_20}\",\"line_item_21\":\"{line_item_21}\",\"line_item_22\":\"{line_item_22}\",\"line_item_23\":\"{line_item_23}\",\"line_item_24\":\"{line_item_24}\",\"line_item_25\":\"{line_item_25}\",\"line_item_26\":\"{line_item_26}\",\"line_item_27\":\"{line_item_27}\",\"line_item_28\":\"{line_item_28}\",\"line_item_29\":\"{line_item_29}\",\"line_item_30\":\"{line_item_30}\",\"line_item_31\":\"{line_item_31}\",\"line_item_32\":\"{line_item_32}\",\"line_item_33\":\"{line_item_33}\",\"line_item_34\":\"{line_item_34}\",\"line_item_35\":\"{line_item_35}\",\"line_item_36\":\"{line_item_36}\",\"line_item_37\":\"{line_item_37}\",\"line_item_38\":\"{line_item_38}\",\"line_item_39\":\"{line_item_39}\",\"line_item_40\":\"{line_item_40}\",\"line_item_41\":\"{line_item_41}\",\"line_item_42\":\"{line_item_42}\",\"line_item_43\":\"{line_item_43}\",\"line_item_44\":\"{line_item_44}\",\"line_item_45\":\"{line_item_45}\",\"line_item_46\":\"{line_item_46}\",\"line_item_47\":\"{line_item_47}\",\"line_item_48\":\"{line_item_48}\",\"line_item_49\":\"{line_item_49}\",\"line_item_50\":\"{line_item_50}\",\"line_item_51\":\"{line_item_51}\",\"line_item_52\":\"{line_item_52}\",\"line_item_53\":\"{line_item_53}\",\"line_item_54\":\"{line_item_54}\",\"line_item_55\":\"{line_item_55}\",\"line_item_56\":\"{line_item_56}\",\"line_item_57\":\"{line_item_57}\",\"line_item_58\":\"{line_item_58}\",\"line_item_59\":\"{line_item_59}\",\"line_item_60\":\"{line_item_60}\",\"line_item_61\":\"{line_item_61}\",\"line_item_62\":\"{line_item_62}\",\"line_item_63\":\"{line_item_63}\",\"line_item_64\":\"{line_item_64}\",\"line_item_65\":\"{line_item_65}\",\"line_item_66\":\"{line_item_66}\",\"line_item_67\":\"{line_item_67}\",\"line_item_68\":\"{line_item_68}\",\"line_item_69\":\"{line_item_69}\",\"line_item_70\":\"{line_item_70}\",\"line_item_71\":\"{line_item_71}\",\"line_item_72\":\"{line_item_72}\",\"line_item_73\":\"{line_item_73}\",\"line_item_74\":\"{line_item_74}\",\"line_item_75\":\"{line_item_75}\",\"line_item_76\":\"{line_item_76}\",\"line_item_77\":\"{line_item_77}\",\"line_item_78\":\"{line_item_78}\",\"line_item_79\":\"{line_item_79}\",\"line_item_80\":\"{line_item_80}\",\"line_item_81\":\"{line_item_81}\",\"line_item_82\":\"{line_item_82}\",\"line_item_83\":\"{line_item_83}\",\"line_item_84\":\"{line_item_84}\",\"line_item_85\":\"{line_item_85}\",\"line_item_86\":\"{line_item_86}\",\"line_item_87\":\"{line_item_87}\",\"line_item_88\":\"{line_item_88}\",\"download_permissions\":\"{download_permissions}\",\"meta:_wc_order_attribution_device_type\":\"{meta:_wc_order_attribution_device_type}\",\"meta:_wc_order_attribution_referrer\":\"{meta:_wc_order_attribution_referrer}\",\"meta:_wc_order_attribution_session_count\":\"{meta:_wc_order_attribution_session_count}\",\"meta:_wc_order_attribution_session_entry\":\"{meta:_wc_order_attribution_session_entry}\",\"meta:_wc_order_attribution_session_pages\":\"{meta:_wc_order_attribution_session_pages}\",\"meta:_wc_order_attribution_session_start_time\":\"{meta:_wc_order_attribution_session_start_time}\",\"meta:_wc_order_attribution_source_type\":\"{meta:_wc_order_attribution_source_type}\",\"meta:_wc_order_attribution_user_agent\":\"{meta:_wc_order_attribution_user_agent}\",\"meta:_wc_order_attribution_utm_source\":\"{meta:_wc_order_attribution_utm_source}\"}},\"meta_step_form_data\":{\"mapping_fields\":{\"hidden_meta\":[]},\"mapping_selected_fields\":{\"hidden_meta\":[]}},\"advanced_form_data\":{\"wt_iew_found_action\":\"update\",\"wt_iew_ord_link_using_sku\":\"0\",\"wt_iew_batch_count\":10}}'),(4,'import','order','temp_order_1755959249.csv',1755959249,1,'Finished',98977,112698,'{\"post_type_form_data\":{\"item_type\":\"order\"},\"method_import_form_data\":{\"method_import\":\"new\",\"selected_template\":\"0\",\"wt_iew_file_from\":\"local\",\"wt_iew_local_file\":\"https:\\/\\/e-mag.md\\/wp-content\\/webtoffee_import\\/local_file_1755959135_order_export_2025-08-23-02-25-04.csv\",\"wt_iew_delimiter_preset\":\"comma\",\"wt_iew_delimiter\":\",\"},\"mapping_form_data\":{\"mapping_fields\":{\"order_id\":[\"{order_id}\",1],\"order_number\":[\"{order_number}\",1],\"order_date\":[\"{order_date}\",1],\"paid_date\":[\"{paid_date}\",1],\"status\":[\"{status}\",1],\"shipping_total\":[\"{shipping_total}\",1],\"shipping_tax_total\":[\"{shipping_tax_total}\",1],\"fee_total\":[\"{fee_total}\",1],\"fee_tax_total\":[\"{fee_tax_total}\",1],\"tax_total\":[\"{tax_total}\",1],\"cart_discount\":[\"{cart_discount}\",1],\"order_discount\":[\"{order_discount}\",1],\"discount_total\":[\"{discount_total}\",1],\"order_total\":[\"{order_total}\",1],\"order_key\":[\"{order_key}\",1],\"order_currency\":[\"{order_currency}\",1],\"payment_method\":[\"{payment_method}\",1],\"payment_method_title\":[\"{payment_method_title}\",1],\"transaction_id\":[\"{transaction_id}\",1],\"customer_ip_address\":[\"{customer_ip_address}\",1],\"customer_user_agent\":[\"{customer_user_agent}\",1],\"shipping_method\":[\"{shipping_method}\",1],\"customer_email\":[\"{customer_email}\",1],\"customer_user\":[\"{customer_user}\",1],\"billing_first_name\":[\"{billing_first_name}\",1],\"billing_last_name\":[\"{billing_last_name}\",1],\"billing_company\":[\"{billing_company}\",1],\"billing_email\":[\"{billing_email}\",1],\"billing_phone\":[\"{billing_phone}\",1],\"billing_address_1\":[\"{billing_address_1}\",1],\"billing_address_2\":[\"{billing_address_2}\",1],\"billing_postcode\":[\"{billing_postcode}\",1],\"billing_city\":[\"{billing_city}\",1],\"billing_state\":[\"{billing_state}\",1],\"billing_country\":[\"{billing_country}\",1],\"shipping_first_name\":[\"{shipping_first_name}\",1],\"shipping_last_name\":[\"{shipping_last_name}\",1],\"shipping_company\":[\"{shipping_company}\",1],\"shipping_phone\":[\"{shipping_phone}\",1],\"shipping_address_1\":[\"{shipping_address_1}\",1],\"shipping_address_2\":[\"{shipping_address_2}\",1],\"shipping_postcode\":[\"{shipping_postcode}\",1],\"shipping_city\":[\"{shipping_city}\",1],\"shipping_state\":[\"{shipping_state}\",1],\"shipping_country\":[\"{shipping_country}\",1],\"customer_note\":[\"{customer_note}\",1],\"wt_import_key\":[\"{wt_import_key}\",1],\"tax_items\":[\"{tax_items}\",1],\"shipping_items\":[\"{shipping_items}\",1],\"fee_items\":[\"{fee_items}\",1],\"coupon_items\":[\"{coupon_items}\",1],\"refund_items\":[\"{refund_items}\",1],\"order_notes\":[\"{order_notes}\",1],\"line_item_1\":[\"{line_item_1}\",1],\"line_item_2\":[\"{line_item_2}\",1],\"line_item_3\":[\"{line_item_3}\",1],\"line_item_4\":[\"{line_item_4}\",1],\"line_item_5\":[\"{line_item_5}\",1],\"line_item_6\":[\"{line_item_6}\",1],\"line_item_7\":[\"{line_item_7}\",1],\"line_item_8\":[\"{line_item_8}\",1],\"line_item_9\":[\"{line_item_9}\",1],\"line_item_10\":[\"{line_item_10}\",1],\"line_item_11\":[\"{line_item_11}\",1],\"line_item_12\":[\"{line_item_12}\",1],\"line_item_13\":[\"{line_item_13}\",1],\"line_item_14\":[\"{line_item_14}\",1],\"line_item_15\":[\"{line_item_15}\",1],\"line_item_16\":[\"{line_item_16}\",1],\"line_item_17\":[\"{line_item_17}\",1],\"line_item_18\":[\"{line_item_18}\",1],\"line_item_19\":[\"{line_item_19}\",1],\"line_item_20\":[\"{line_item_20}\",1],\"line_item_21\":[\"{line_item_21}\",1],\"line_item_22\":[\"{line_item_22}\",1],\"line_item_23\":[\"{line_item_23}\",1],\"line_item_24\":[\"{line_item_24}\",1],\"line_item_25\":[\"{line_item_25}\",1],\"line_item_26\":[\"{line_item_26}\",1],\"line_item_27\":[\"{line_item_27}\",1],\"line_item_28\":[\"{line_item_28}\",1],\"line_item_29\":[\"{line_item_29}\",1],\"line_item_30\":[\"{line_item_30}\",1],\"line_item_31\":[\"{line_item_31}\",1],\"line_item_32\":[\"{line_item_32}\",1],\"line_item_33\":[\"{line_item_33}\",1],\"line_item_34\":[\"{line_item_34}\",1],\"line_item_35\":[\"{line_item_35}\",1],\"line_item_36\":[\"{line_item_36}\",1],\"line_item_37\":[\"{line_item_37}\",1],\"line_item_38\":[\"{line_item_38}\",1],\"line_item_39\":[\"{line_item_39}\",1],\"line_item_40\":[\"{line_item_40}\",1],\"line_item_41\":[\"{line_item_41}\",1],\"line_item_42\":[\"{line_item_42}\",1],\"line_item_43\":[\"{line_item_43}\",1],\"line_item_44\":[\"{line_item_44}\",1],\"line_item_45\":[\"{line_item_45}\",1],\"line_item_46\":[\"{line_item_46}\",1],\"line_item_47\":[\"{line_item_47}\",1],\"line_item_48\":[\"{line_item_48}\",1],\"line_item_49\":[\"{line_item_49}\",1],\"line_item_50\":[\"{line_item_50}\",1],\"line_item_51\":[\"{line_item_51}\",1],\"line_item_52\":[\"{line_item_52}\",1],\"line_item_53\":[\"{line_item_53}\",1],\"line_item_54\":[\"{line_item_54}\",1],\"line_item_55\":[\"{line_item_55}\",1],\"line_item_56\":[\"{line_item_56}\",1],\"line_item_57\":[\"{line_item_57}\",1],\"line_item_58\":[\"{line_item_58}\",1],\"line_item_59\":[\"{line_item_59}\",1],\"line_item_60\":[\"{line_item_60}\",1],\"line_item_61\":[\"{line_item_61}\",1],\"line_item_62\":[\"{line_item_62}\",1],\"line_item_63\":[\"{line_item_63}\",1],\"line_item_64\":[\"{line_item_64}\",1],\"line_item_65\":[\"{line_item_65}\",1],\"line_item_66\":[\"{line_item_66}\",1],\"line_item_67\":[\"{line_item_67}\",1],\"line_item_68\":[\"{line_item_68}\",1],\"line_item_69\":[\"{line_item_69}\",1],\"line_item_70\":[\"{line_item_70}\",1],\"line_item_71\":[\"{line_item_71}\",1],\"line_item_72\":[\"{line_item_72}\",1],\"line_item_73\":[\"{line_item_73}\",1],\"line_item_74\":[\"{line_item_74}\",1],\"line_item_75\":[\"{line_item_75}\",1],\"line_item_76\":[\"{line_item_76}\",1],\"line_item_77\":[\"{line_item_77}\",1],\"line_item_78\":[\"{line_item_78}\",1],\"line_item_79\":[\"{line_item_79}\",1],\"line_item_80\":[\"{line_item_80}\",1],\"line_item_81\":[\"{line_item_81}\",1],\"line_item_82\":[\"{line_item_82}\",1],\"line_item_83\":[\"{line_item_83}\",1],\"line_item_84\":[\"{line_item_84}\",1],\"line_item_85\":[\"{line_item_85}\",1],\"line_item_86\":[\"{line_item_86}\",1],\"line_item_87\":[\"{line_item_87}\",1],\"line_item_88\":[\"{line_item_88}\",1],\"download_permissions\":[\"{download_permissions}\",1],\"meta:_wc_order_attribution_device_type\":[\"{meta:_wc_order_attribution_device_type}\",1],\"meta:_wc_order_attribution_referrer\":[\"{meta:_wc_order_attribution_referrer}\",1],\"meta:_wc_order_attribution_session_count\":[\"{meta:_wc_order_attribution_session_count}\",1],\"meta:_wc_order_attribution_session_entry\":[\"{meta:_wc_order_attribution_session_entry}\",1],\"meta:_wc_order_attribution_session_pages\":[\"{meta:_wc_order_attribution_session_pages}\",1],\"meta:_wc_order_attribution_session_start_time\":[\"{meta:_wc_order_attribution_session_start_time}\",1],\"meta:_wc_order_attribution_source_type\":[\"{meta:_wc_order_attribution_source_type}\",1],\"meta:_wc_order_attribution_user_agent\":[\"{meta:_wc_order_attribution_user_agent}\",1],\"meta:_wc_order_attribution_utm_source\":[\"{meta:_wc_order_attribution_utm_source}\",1]},\"mapping_selected_fields\":{\"order_id\":\"{order_id}\",\"order_number\":\"{order_number}\",\"order_date\":\"{order_date}\",\"paid_date\":\"{paid_date}\",\"status\":\"{status}\",\"shipping_total\":\"{shipping_total}\",\"shipping_tax_total\":\"{shipping_tax_total}\",\"fee_total\":\"{fee_total}\",\"fee_tax_total\":\"{fee_tax_total}\",\"tax_total\":\"{tax_total}\",\"cart_discount\":\"{cart_discount}\",\"order_discount\":\"{order_discount}\",\"discount_total\":\"{discount_total}\",\"order_total\":\"{order_total}\",\"order_key\":\"{order_key}\",\"order_currency\":\"{order_currency}\",\"payment_method\":\"{payment_method}\",\"payment_method_title\":\"{payment_method_title}\",\"transaction_id\":\"{transaction_id}\",\"customer_ip_address\":\"{customer_ip_address}\",\"customer_user_agent\":\"{customer_user_agent}\",\"shipping_method\":\"{shipping_method}\",\"customer_email\":\"{customer_email}\",\"customer_user\":\"{customer_user}\",\"billing_first_name\":\"{billing_first_name}\",\"billing_last_name\":\"{billing_last_name}\",\"billing_company\":\"{billing_company}\",\"billing_email\":\"{billing_email}\",\"billing_phone\":\"{billing_phone}\",\"billing_address_1\":\"{billing_address_1}\",\"billing_address_2\":\"{billing_address_2}\",\"billing_postcode\":\"{billing_postcode}\",\"billing_city\":\"{billing_city}\",\"billing_state\":\"{billing_state}\",\"billing_country\":\"{billing_country}\",\"shipping_first_name\":\"{shipping_first_name}\",\"shipping_last_name\":\"{shipping_last_name}\",\"shipping_company\":\"{shipping_company}\",\"shipping_phone\":\"{shipping_phone}\",\"shipping_address_1\":\"{shipping_address_1}\",\"shipping_address_2\":\"{shipping_address_2}\",\"shipping_postcode\":\"{shipping_postcode}\",\"shipping_city\":\"{shipping_city}\",\"shipping_state\":\"{shipping_state}\",\"shipping_country\":\"{shipping_country}\",\"customer_note\":\"{customer_note}\",\"wt_import_key\":\"{wt_import_key}\",\"tax_items\":\"{tax_items}\",\"shipping_items\":\"{shipping_items}\",\"fee_items\":\"{fee_items}\",\"coupon_items\":\"{coupon_items}\",\"refund_items\":\"{refund_items}\",\"order_notes\":\"{order_notes}\",\"line_item_1\":\"{line_item_1}\",\"line_item_2\":\"{line_item_2}\",\"line_item_3\":\"{line_item_3}\",\"line_item_4\":\"{line_item_4}\",\"line_item_5\":\"{line_item_5}\",\"line_item_6\":\"{line_item_6}\",\"line_item_7\":\"{line_item_7}\",\"line_item_8\":\"{line_item_8}\",\"line_item_9\":\"{line_item_9}\",\"line_item_10\":\"{line_item_10}\",\"line_item_11\":\"{line_item_11}\",\"line_item_12\":\"{line_item_12}\",\"line_item_13\":\"{line_item_13}\",\"line_item_14\":\"{line_item_14}\",\"line_item_15\":\"{line_item_15}\",\"line_item_16\":\"{line_item_16}\",\"line_item_17\":\"{line_item_17}\",\"line_item_18\":\"{line_item_18}\",\"line_item_19\":\"{line_item_19}\",\"line_item_20\":\"{line_item_20}\",\"line_item_21\":\"{line_item_21}\",\"line_item_22\":\"{line_item_22}\",\"line_item_23\":\"{line_item_23}\",\"line_item_24\":\"{line_item_24}\",\"line_item_25\":\"{line_item_25}\",\"line_item_26\":\"{line_item_26}\",\"line_item_27\":\"{line_item_27}\",\"line_item_28\":\"{line_item_28}\",\"line_item_29\":\"{line_item_29}\",\"line_item_30\":\"{line_item_30}\",\"line_item_31\":\"{line_item_31}\",\"line_item_32\":\"{line_item_32}\",\"line_item_33\":\"{line_item_33}\",\"line_item_34\":\"{line_item_34}\",\"line_item_35\":\"{line_item_35}\",\"line_item_36\":\"{line_item_36}\",\"line_item_37\":\"{line_item_37}\",\"line_item_38\":\"{line_item_38}\",\"line_item_39\":\"{line_item_39}\",\"line_item_40\":\"{line_item_40}\",\"line_item_41\":\"{line_item_41}\",\"line_item_42\":\"{line_item_42}\",\"line_item_43\":\"{line_item_43}\",\"line_item_44\":\"{line_item_44}\",\"line_item_45\":\"{line_item_45}\",\"line_item_46\":\"{line_item_46}\",\"line_item_47\":\"{line_item_47}\",\"line_item_48\":\"{line_item_48}\",\"line_item_49\":\"{line_item_49}\",\"line_item_50\":\"{line_item_50}\",\"line_item_51\":\"{line_item_51}\",\"line_item_52\":\"{line_item_52}\",\"line_item_53\":\"{line_item_53}\",\"line_item_54\":\"{line_item_54}\",\"line_item_55\":\"{line_item_55}\",\"line_item_56\":\"{line_item_56}\",\"line_item_57\":\"{line_item_57}\",\"line_item_58\":\"{line_item_58}\",\"line_item_59\":\"{line_item_59}\",\"line_item_60\":\"{line_item_60}\",\"line_item_61\":\"{line_item_61}\",\"line_item_62\":\"{line_item_62}\",\"line_item_63\":\"{line_item_63}\",\"line_item_64\":\"{line_item_64}\",\"line_item_65\":\"{line_item_65}\",\"line_item_66\":\"{line_item_66}\",\"line_item_67\":\"{line_item_67}\",\"line_item_68\":\"{line_item_68}\",\"line_item_69\":\"{line_item_69}\",\"line_item_70\":\"{line_item_70}\",\"line_item_71\":\"{line_item_71}\",\"line_item_72\":\"{line_item_72}\",\"line_item_73\":\"{line_item_73}\",\"line_item_74\":\"{line_item_74}\",\"line_item_75\":\"{line_item_75}\",\"line_item_76\":\"{line_item_76}\",\"line_item_77\":\"{line_item_77}\",\"line_item_78\":\"{line_item_78}\",\"line_item_79\":\"{line_item_79}\",\"line_item_80\":\"{line_item_80}\",\"line_item_81\":\"{line_item_81}\",\"line_item_82\":\"{line_item_82}\",\"line_item_83\":\"{line_item_83}\",\"line_item_84\":\"{line_item_84}\",\"line_item_85\":\"{line_item_85}\",\"line_item_86\":\"{line_item_86}\",\"line_item_87\":\"{line_item_87}\",\"line_item_88\":\"{line_item_88}\",\"download_permissions\":\"{download_permissions}\",\"meta:_wc_order_attribution_device_type\":\"{meta:_wc_order_attribution_device_type}\",\"meta:_wc_order_attribution_referrer\":\"{meta:_wc_order_attribution_referrer}\",\"meta:_wc_order_attribution_session_count\":\"{meta:_wc_order_attribution_session_count}\",\"meta:_wc_order_attribution_session_entry\":\"{meta:_wc_order_attribution_session_entry}\",\"meta:_wc_order_attribution_session_pages\":\"{meta:_wc_order_attribution_session_pages}\",\"meta:_wc_order_attribution_session_start_time\":\"{meta:_wc_order_attribution_session_start_time}\",\"meta:_wc_order_attribution_source_type\":\"{meta:_wc_order_attribution_source_type}\",\"meta:_wc_order_attribution_user_agent\":\"{meta:_wc_order_attribution_user_agent}\",\"meta:_wc_order_attribution_utm_source\":\"{meta:_wc_order_attribution_utm_source}\"}},\"meta_step_form_data\":{\"mapping_fields\":{\"hidden_meta\":[]},\"mapping_selected_fields\":{\"hidden_meta\":[]}},\"advanced_form_data\":{\"wt_iew_found_action\":\"update\",\"wt_iew_ord_link_using_sku\":\"1\",\"wt_iew_batch_count\":10}}'),(5,'export','order','order_export_2025-08-23-02-52-54.csv',1755960774,1,'Finished',0,9,'{\"post_type_form_data\":{\"item_type\":\"order\"},\"method_export_form_data\":{\"method_export\":\"new\",\"mapping_enabled_fields\":[],\"selected_template\":\"0\"},\"filter_form_data\":{\"wt_iew_limit\":0,\"wt_iew_offset\":0,\"wt_iew_orders\":\"\",\"wt_iew_date_from\":\"\",\"wt_iew_date_to\":\"\"},\"mapping_form_data\":{\"mapping_fields\":{\"order_id\":[\"order_id\",0],\"order_number\":[\"order_number\",1],\"order_date\":[\"order_date\",1],\"paid_date\":[\"paid_date\",1],\"status\":[\"status\",1],\"shipping_total\":[\"shipping_total\",1],\"shipping_tax_total\":[\"shipping_tax_total\",1],\"fee_total\":[\"fee_total\",1],\"fee_tax_total\":[\"fee_tax_total\",1],\"tax_total\":[\"tax_total\",1],\"cart_discount\":[\"cart_discount\",1],\"order_discount\":[\"order_discount\",1],\"discount_total\":[\"discount_total\",1],\"order_total\":[\"order_total\",1],\"order_subtotal\":[\"order_subtotal\",1],\"order_key\":[\"order_key\",1],\"order_currency\":[\"order_currency\",1],\"payment_method\":[\"payment_method\",1],\"payment_method_title\":[\"payment_method_title\",1],\"transaction_id\":[\"transaction_id\",1],\"customer_ip_address\":[\"customer_ip_address\",1],\"customer_user_agent\":[\"customer_user_agent\",1],\"shipping_method\":[\"shipping_method\",1],\"customer_id\":[\"customer_id\",1],\"customer_user\":[\"customer_user\",1],\"customer_email\":[\"customer_email\",1],\"billing_first_name\":[\"billing_first_name\",1],\"billing_last_name\":[\"billing_last_name\",1],\"billing_company\":[\"billing_company\",1],\"billing_email\":[\"billing_email\",1],\"billing_phone\":[\"billing_phone\",1],\"billing_address_1\":[\"billing_address_1\",1],\"billing_address_2\":[\"billing_address_2\",1],\"billing_postcode\":[\"billing_postcode\",1],\"billing_city\":[\"billing_city\",1],\"billing_state\":[\"billing_state\",1],\"billing_country\":[\"billing_country\",1],\"shipping_first_name\":[\"shipping_first_name\",1],\"shipping_last_name\":[\"shipping_last_name\",1],\"shipping_company\":[\"shipping_company\",1],\"shipping_phone\":[\"shipping_phone\",1],\"shipping_address_1\":[\"shipping_address_1\",1],\"shipping_address_2\":[\"shipping_address_2\",1],\"shipping_postcode\":[\"shipping_postcode\",1],\"shipping_city\":[\"shipping_city\",1],\"shipping_state\":[\"shipping_state\",1],\"shipping_country\":[\"shipping_country\",1],\"customer_note\":[\"customer_note\",1],\"wt_import_key\":[\"wt_import_key\",1],\"tax_items\":[\"tax_items\",1],\"shipping_items\":[\"shipping_items\",1],\"fee_items\":[\"fee_items\",1],\"coupon_items\":[\"coupon_items\",1],\"refund_items\":[\"refund_items\",1],\"order_notes\":[\"order_notes\",1],\"download_permissions\":[\"download_permissions\",1],\"meta:_wc_order_attribution_device_type\":[\"meta:_wc_order_attribution_device_type\",1],\"meta:_wc_order_attribution_referrer\":[\"meta:_wc_order_attribution_referrer\",1],\"meta:_wc_order_attribution_session_count\":[\"meta:_wc_order_attribution_session_count\",1],\"meta:_wc_order_attribution_session_entry\":[\"meta:_wc_order_attribution_session_entry\",1],\"meta:_wc_order_attribution_session_pages\":[\"meta:_wc_order_attribution_session_pages\",1],\"meta:_wc_order_attribution_session_start_time\":[\"meta:_wc_order_attribution_session_start_time\",1],\"meta:_wc_order_attribution_source_type\":[\"meta:_wc_order_attribution_source_type\",1],\"meta:_wc_order_attribution_user_agent\":[\"meta:_wc_order_attribution_user_agent\",1],\"meta:_wc_order_attribution_utm_source\":[\"meta:_wc_order_attribution_utm_source\",1]},\"mapping_enabled_fields\":[],\"mapping_selected_fields\":{\"order_number\":\"order_number\",\"order_date\":\"order_date\",\"paid_date\":\"paid_date\",\"status\":\"status\",\"shipping_total\":\"shipping_total\",\"shipping_tax_total\":\"shipping_tax_total\",\"fee_total\":\"fee_total\",\"fee_tax_total\":\"fee_tax_total\",\"tax_total\":\"tax_total\",\"cart_discount\":\"cart_discount\",\"order_discount\":\"order_discount\",\"discount_total\":\"discount_total\",\"order_total\":\"order_total\",\"order_subtotal\":\"order_subtotal\",\"order_key\":\"order_key\",\"order_currency\":\"order_currency\",\"payment_method\":\"payment_method\",\"payment_method_title\":\"payment_method_title\",\"transaction_id\":\"transaction_id\",\"customer_ip_address\":\"customer_ip_address\",\"customer_user_agent\":\"customer_user_agent\",\"shipping_method\":\"shipping_method\",\"customer_id\":\"customer_id\",\"customer_user\":\"customer_user\",\"customer_email\":\"customer_email\",\"billing_first_name\":\"billing_first_name\",\"billing_last_name\":\"billing_last_name\",\"billing_company\":\"billing_company\",\"billing_email\":\"billing_email\",\"billing_phone\":\"billing_phone\",\"billing_address_1\":\"billing_address_1\",\"billing_address_2\":\"billing_address_2\",\"billing_postcode\":\"billing_postcode\",\"billing_city\":\"billing_city\",\"billing_state\":\"billing_state\",\"billing_country\":\"billing_country\",\"shipping_first_name\":\"shipping_first_name\",\"shipping_last_name\":\"shipping_last_name\",\"shipping_company\":\"shipping_company\",\"shipping_phone\":\"shipping_phone\",\"shipping_address_1\":\"shipping_address_1\",\"shipping_address_2\":\"shipping_address_2\",\"shipping_postcode\":\"shipping_postcode\",\"shipping_city\":\"shipping_city\",\"shipping_state\":\"shipping_state\",\"shipping_country\":\"shipping_country\",\"customer_note\":\"customer_note\",\"wt_import_key\":\"wt_import_key\",\"tax_items\":\"tax_items\",\"shipping_items\":\"shipping_items\",\"fee_items\":\"fee_items\",\"coupon_items\":\"coupon_items\",\"refund_items\":\"refund_items\",\"order_notes\":\"order_notes\",\"download_permissions\":\"download_permissions\",\"meta:_wc_order_attribution_device_type\":\"meta:_wc_order_attribution_device_type\",\"meta:_wc_order_attribution_referrer\":\"meta:_wc_order_attribution_referrer\",\"meta:_wc_order_attribution_session_count\":\"meta:_wc_order_attribution_session_count\",\"meta:_wc_order_attribution_session_entry\":\"meta:_wc_order_attribution_session_entry\",\"meta:_wc_order_attribution_session_pages\":\"meta:_wc_order_attribution_session_pages\",\"meta:_wc_order_attribution_session_start_time\":\"meta:_wc_order_attribution_session_start_time\",\"meta:_wc_order_attribution_source_type\":\"meta:_wc_order_attribution_source_type\",\"meta:_wc_order_attribution_user_agent\":\"meta:_wc_order_attribution_user_agent\",\"meta:_wc_order_attribution_utm_source\":\"meta:_wc_order_attribution_utm_source\"}},\"meta_step_form_data\":{\"mapping_fields\":[],\"mapping_selected_fields\":[]},\"advanced_form_data\":{\"wt_iew_exclude_line_items\":\"No\",\"wt_iew_export_to_separate\":\"column\",\"wt_iew_file_name\":\"\",\"wt_iew_batch_count\":30,\"wt_iew_delimiter_preset\":\"comma\",\"wt_iew_delimiter\":\",\"}}'),(6,'import','order','temp_order_1755960802.csv',1755960857,1,'Finished',98977,112698,'{\"post_type_form_data\":{\"item_type\":\"order\"},\"method_import_form_data\":{\"method_import\":\"new\",\"selected_template\":\"0\",\"wt_iew_file_from\":\"local\",\"wt_iew_local_file\":\"https:\\/\\/e-mag.md\\/wp-content\\/webtoffee_import\\/local_file_1755960799_order_export_2025-08-23-02-25-04.csv\",\"wt_iew_delimiter_preset\":\"comma\",\"wt_iew_delimiter\":\",\"},\"mapping_form_data\":{\"mapping_fields\":{\"order_id\":[\"{order_id}\",0],\"order_number\":[\"{order_number}\",1],\"order_date\":[\"{order_date}\",1],\"paid_date\":[\"{paid_date}\",1],\"status\":[\"{status}\",1],\"shipping_total\":[\"{shipping_total}\",1],\"shipping_tax_total\":[\"{shipping_tax_total}\",1],\"fee_total\":[\"{fee_total}\",1],\"fee_tax_total\":[\"{fee_tax_total}\",1],\"tax_total\":[\"{tax_total}\",1],\"cart_discount\":[\"{cart_discount}\",1],\"order_discount\":[\"{order_discount}\",1],\"discount_total\":[\"{discount_total}\",1],\"order_total\":[\"{order_total}\",1],\"order_key\":[\"{order_key}\",1],\"order_currency\":[\"{order_currency}\",1],\"payment_method\":[\"{payment_method}\",1],\"payment_method_title\":[\"{payment_method_title}\",1],\"transaction_id\":[\"{transaction_id}\",1],\"customer_ip_address\":[\"{customer_ip_address}\",1],\"customer_user_agent\":[\"{customer_user_agent}\",1],\"shipping_method\":[\"{shipping_method}\",1],\"customer_email\":[\"{customer_email}\",1],\"customer_user\":[\"{customer_user}\",1],\"billing_first_name\":[\"{billing_first_name}\",1],\"billing_last_name\":[\"{billing_last_name}\",1],\"billing_company\":[\"{billing_company}\",1],\"billing_email\":[\"{billing_email}\",1],\"billing_phone\":[\"{billing_phone}\",1],\"billing_address_1\":[\"{billing_address_1}\",1],\"billing_address_2\":[\"{billing_address_2}\",1],\"billing_postcode\":[\"{billing_postcode}\",1],\"billing_city\":[\"{billing_city}\",1],\"billing_state\":[\"{billing_state}\",1],\"billing_country\":[\"{billing_country}\",1],\"shipping_first_name\":[\"{shipping_first_name}\",1],\"shipping_last_name\":[\"{shipping_last_name}\",1],\"shipping_company\":[\"{shipping_company}\",1],\"shipping_phone\":[\"{shipping_phone}\",1],\"shipping_address_1\":[\"{shipping_address_1}\",1],\"shipping_address_2\":[\"{shipping_address_2}\",1],\"shipping_postcode\":[\"{shipping_postcode}\",1],\"shipping_city\":[\"{shipping_city}\",1],\"shipping_state\":[\"{shipping_state}\",1],\"shipping_country\":[\"{shipping_country}\",1],\"customer_note\":[\"{customer_note}\",1],\"wt_import_key\":[\"{wt_import_key}\",1],\"tax_items\":[\"{tax_items}\",1],\"shipping_items\":[\"{shipping_items}\",1],\"fee_items\":[\"{fee_items}\",1],\"coupon_items\":[\"{coupon_items}\",1],\"refund_items\":[\"{refund_items}\",1],\"order_notes\":[\"{order_notes}\",1],\"line_item_1\":[\"{line_item_1}\",1],\"line_item_2\":[\"{line_item_2}\",1],\"line_item_3\":[\"{line_item_3}\",1],\"line_item_4\":[\"{line_item_4}\",1],\"line_item_5\":[\"{line_item_5}\",1],\"line_item_6\":[\"{line_item_6}\",1],\"line_item_7\":[\"{line_item_7}\",1],\"line_item_8\":[\"{line_item_8}\",1],\"line_item_9\":[\"{line_item_9}\",1],\"line_item_10\":[\"{line_item_10}\",1],\"line_item_11\":[\"{line_item_11}\",1],\"line_item_12\":[\"{line_item_12}\",1],\"line_item_13\":[\"{line_item_13}\",1],\"line_item_14\":[\"{line_item_14}\",1],\"line_item_15\":[\"{line_item_15}\",1],\"line_item_16\":[\"{line_item_16}\",1],\"line_item_17\":[\"{line_item_17}\",1],\"line_item_18\":[\"{line_item_18}\",1],\"line_item_19\":[\"{line_item_19}\",1],\"line_item_20\":[\"{line_item_20}\",1],\"line_item_21\":[\"{line_item_21}\",1],\"line_item_22\":[\"{line_item_22}\",1],\"line_item_23\":[\"{line_item_23}\",1],\"line_item_24\":[\"{line_item_24}\",1],\"line_item_25\":[\"{line_item_25}\",1],\"line_item_26\":[\"{line_item_26}\",1],\"line_item_27\":[\"{line_item_27}\",1],\"line_item_28\":[\"{line_item_28}\",1],\"line_item_29\":[\"{line_item_29}\",1],\"line_item_30\":[\"{line_item_30}\",1],\"line_item_31\":[\"{line_item_31}\",1],\"line_item_32\":[\"{line_item_32}\",1],\"line_item_33\":[\"{line_item_33}\",1],\"line_item_34\":[\"{line_item_34}\",1],\"line_item_35\":[\"{line_item_35}\",1],\"line_item_36\":[\"{line_item_36}\",1],\"line_item_37\":[\"{line_item_37}\",1],\"line_item_38\":[\"{line_item_38}\",1],\"line_item_39\":[\"{line_item_39}\",1],\"line_item_40\":[\"{line_item_40}\",1],\"line_item_41\":[\"{line_item_41}\",1],\"line_item_42\":[\"{line_item_42}\",1],\"line_item_43\":[\"{line_item_43}\",1],\"line_item_44\":[\"{line_item_44}\",1],\"line_item_45\":[\"{line_item_45}\",1],\"line_item_46\":[\"{line_item_46}\",1],\"line_item_47\":[\"{line_item_47}\",1],\"line_item_48\":[\"{line_item_48}\",1],\"line_item_49\":[\"{line_item_49}\",1],\"line_item_50\":[\"{line_item_50}\",1],\"line_item_51\":[\"{line_item_51}\",1],\"line_item_52\":[\"{line_item_52}\",1],\"line_item_53\":[\"{line_item_53}\",1],\"line_item_54\":[\"{line_item_54}\",1],\"line_item_55\":[\"{line_item_55}\",1],\"line_item_56\":[\"{line_item_56}\",1],\"line_item_57\":[\"{line_item_57}\",1],\"line_item_58\":[\"{line_item_58}\",1],\"line_item_59\":[\"{line_item_59}\",1],\"line_item_60\":[\"{line_item_60}\",1],\"line_item_61\":[\"{line_item_61}\",1],\"line_item_62\":[\"{line_item_62}\",1],\"line_item_63\":[\"{line_item_63}\",1],\"line_item_64\":[\"{line_item_64}\",1],\"line_item_65\":[\"{line_item_65}\",1],\"line_item_66\":[\"{line_item_66}\",1],\"line_item_67\":[\"{line_item_67}\",1],\"line_item_68\":[\"{line_item_68}\",1],\"line_item_69\":[\"{line_item_69}\",1],\"line_item_70\":[\"{line_item_70}\",1],\"line_item_71\":[\"{line_item_71}\",1],\"line_item_72\":[\"{line_item_72}\",1],\"line_item_73\":[\"{line_item_73}\",1],\"line_item_74\":[\"{line_item_74}\",1],\"line_item_75\":[\"{line_item_75}\",1],\"line_item_76\":[\"{line_item_76}\",1],\"line_item_77\":[\"{line_item_77}\",1],\"line_item_78\":[\"{line_item_78}\",1],\"line_item_79\":[\"{line_item_79}\",1],\"line_item_80\":[\"{line_item_80}\",1],\"line_item_81\":[\"{line_item_81}\",1],\"line_item_82\":[\"{line_item_82}\",1],\"line_item_83\":[\"{line_item_83}\",1],\"line_item_84\":[\"{line_item_84}\",1],\"line_item_85\":[\"{line_item_85}\",1],\"line_item_86\":[\"{line_item_86}\",1],\"line_item_87\":[\"{line_item_87}\",1],\"line_item_88\":[\"{line_item_88}\",1],\"download_permissions\":[\"{download_permissions}\",1],\"meta:_wc_order_attribution_device_type\":[\"{meta:_wc_order_attribution_device_type}\",1],\"meta:_wc_order_attribution_referrer\":[\"{meta:_wc_order_attribution_referrer}\",1],\"meta:_wc_order_attribution_session_count\":[\"{meta:_wc_order_attribution_session_count}\",1],\"meta:_wc_order_attribution_session_entry\":[\"{meta:_wc_order_attribution_session_entry}\",1],\"meta:_wc_order_attribution_session_pages\":[\"{meta:_wc_order_attribution_session_pages}\",1],\"meta:_wc_order_attribution_session_start_time\":[\"{meta:_wc_order_attribution_session_start_time}\",1],\"meta:_wc_order_attribution_source_type\":[\"{meta:_wc_order_attribution_source_type}\",1],\"meta:_wc_order_attribution_user_agent\":[\"{meta:_wc_order_attribution_user_agent}\",1],\"meta:_wc_order_attribution_utm_source\":[\"{meta:_wc_order_attribution_utm_source}\",1]},\"mapping_selected_fields\":{\"order_number\":\"{order_number}\",\"order_date\":\"{order_date}\",\"paid_date\":\"{paid_date}\",\"status\":\"{status}\",\"shipping_total\":\"{shipping_total}\",\"shipping_tax_total\":\"{shipping_tax_total}\",\"fee_total\":\"{fee_total}\",\"fee_tax_total\":\"{fee_tax_total}\",\"tax_total\":\"{tax_total}\",\"cart_discount\":\"{cart_discount}\",\"order_discount\":\"{order_discount}\",\"discount_total\":\"{discount_total}\",\"order_total\":\"{order_total}\",\"order_key\":\"{order_key}\",\"order_currency\":\"{order_currency}\",\"payment_method\":\"{payment_method}\",\"payment_method_title\":\"{payment_method_title}\",\"transaction_id\":\"{transaction_id}\",\"customer_ip_address\":\"{customer_ip_address}\",\"customer_user_agent\":\"{customer_user_agent}\",\"shipping_method\":\"{shipping_method}\",\"customer_email\":\"{customer_email}\",\"customer_user\":\"{customer_user}\",\"billing_first_name\":\"{billing_first_name}\",\"billing_last_name\":\"{billing_last_name}\",\"billing_company\":\"{billing_company}\",\"billing_email\":\"{billing_email}\",\"billing_phone\":\"{billing_phone}\",\"billing_address_1\":\"{billing_address_1}\",\"billing_address_2\":\"{billing_address_2}\",\"billing_postcode\":\"{billing_postcode}\",\"billing_city\":\"{billing_city}\",\"billing_state\":\"{billing_state}\",\"billing_country\":\"{billing_country}\",\"shipping_first_name\":\"{shipping_first_name}\",\"shipping_last_name\":\"{shipping_last_name}\",\"shipping_company\":\"{shipping_company}\",\"shipping_phone\":\"{shipping_phone}\",\"shipping_address_1\":\"{shipping_address_1}\",\"shipping_address_2\":\"{shipping_address_2}\",\"shipping_postcode\":\"{shipping_postcode}\",\"shipping_city\":\"{shipping_city}\",\"shipping_state\":\"{shipping_state}\",\"shipping_country\":\"{shipping_country}\",\"customer_note\":\"{customer_note}\",\"wt_import_key\":\"{wt_import_key}\",\"tax_items\":\"{tax_items}\",\"shipping_items\":\"{shipping_items}\",\"fee_items\":\"{fee_items}\",\"coupon_items\":\"{coupon_items}\",\"refund_items\":\"{refund_items}\",\"order_notes\":\"{order_notes}\",\"line_item_1\":\"{line_item_1}\",\"line_item_2\":\"{line_item_2}\",\"line_item_3\":\"{line_item_3}\",\"line_item_4\":\"{line_item_4}\",\"line_item_5\":\"{line_item_5}\",\"line_item_6\":\"{line_item_6}\",\"line_item_7\":\"{line_item_7}\",\"line_item_8\":\"{line_item_8}\",\"line_item_9\":\"{line_item_9}\",\"line_item_10\":\"{line_item_10}\",\"line_item_11\":\"{line_item_11}\",\"line_item_12\":\"{line_item_12}\",\"line_item_13\":\"{line_item_13}\",\"line_item_14\":\"{line_item_14}\",\"line_item_15\":\"{line_item_15}\",\"line_item_16\":\"{line_item_16}\",\"line_item_17\":\"{line_item_17}\",\"line_item_18\":\"{line_item_18}\",\"line_item_19\":\"{line_item_19}\",\"line_item_20\":\"{line_item_20}\",\"line_item_21\":\"{line_item_21}\",\"line_item_22\":\"{line_item_22}\",\"line_item_23\":\"{line_item_23}\",\"line_item_24\":\"{line_item_24}\",\"line_item_25\":\"{line_item_25}\",\"line_item_26\":\"{line_item_26}\",\"line_item_27\":\"{line_item_27}\",\"line_item_28\":\"{line_item_28}\",\"line_item_29\":\"{line_item_29}\",\"line_item_30\":\"{line_item_30}\",\"line_item_31\":\"{line_item_31}\",\"line_item_32\":\"{line_item_32}\",\"line_item_33\":\"{line_item_33}\",\"line_item_34\":\"{line_item_34}\",\"line_item_35\":\"{line_item_35}\",\"line_item_36\":\"{line_item_36}\",\"line_item_37\":\"{line_item_37}\",\"line_item_38\":\"{line_item_38}\",\"line_item_39\":\"{line_item_39}\",\"line_item_40\":\"{line_item_40}\",\"line_item_41\":\"{line_item_41}\",\"line_item_42\":\"{line_item_42}\",\"line_item_43\":\"{line_item_43}\",\"line_item_44\":\"{line_item_44}\",\"line_item_45\":\"{line_item_45}\",\"line_item_46\":\"{line_item_46}\",\"line_item_47\":\"{line_item_47}\",\"line_item_48\":\"{line_item_48}\",\"line_item_49\":\"{line_item_49}\",\"line_item_50\":\"{line_item_50}\",\"line_item_51\":\"{line_item_51}\",\"line_item_52\":\"{line_item_52}\",\"line_item_53\":\"{line_item_53}\",\"line_item_54\":\"{line_item_54}\",\"line_item_55\":\"{line_item_55}\",\"line_item_56\":\"{line_item_56}\",\"line_item_57\":\"{line_item_57}\",\"line_item_58\":\"{line_item_58}\",\"line_item_59\":\"{line_item_59}\",\"line_item_60\":\"{line_item_60}\",\"line_item_61\":\"{line_item_61}\",\"line_item_62\":\"{line_item_62}\",\"line_item_63\":\"{line_item_63}\",\"line_item_64\":\"{line_item_64}\",\"line_item_65\":\"{line_item_65}\",\"line_item_66\":\"{line_item_66}\",\"line_item_67\":\"{line_item_67}\",\"line_item_68\":\"{line_item_68}\",\"line_item_69\":\"{line_item_69}\",\"line_item_70\":\"{line_item_70}\",\"line_item_71\":\"{line_item_71}\",\"line_item_72\":\"{line_item_72}\",\"line_item_73\":\"{line_item_73}\",\"line_item_74\":\"{line_item_74}\",\"line_item_75\":\"{line_item_75}\",\"line_item_76\":\"{line_item_76}\",\"line_item_77\":\"{line_item_77}\",\"line_item_78\":\"{line_item_78}\",\"line_item_79\":\"{line_item_79}\",\"line_item_80\":\"{line_item_80}\",\"line_item_81\":\"{line_item_81}\",\"line_item_82\":\"{line_item_82}\",\"line_item_83\":\"{line_item_83}\",\"line_item_84\":\"{line_item_84}\",\"line_item_85\":\"{line_item_85}\",\"line_item_86\":\"{line_item_86}\",\"line_item_87\":\"{line_item_87}\",\"line_item_88\":\"{line_item_88}\",\"download_permissions\":\"{download_permissions}\",\"meta:_wc_order_attribution_device_type\":\"{meta:_wc_order_attribution_device_type}\",\"meta:_wc_order_attribution_referrer\":\"{meta:_wc_order_attribution_referrer}\",\"meta:_wc_order_attribution_session_count\":\"{meta:_wc_order_attribution_session_count}\",\"meta:_wc_order_attribution_session_entry\":\"{meta:_wc_order_attribution_session_entry}\",\"meta:_wc_order_attribution_session_pages\":\"{meta:_wc_order_attribution_session_pages}\",\"meta:_wc_order_attribution_session_start_time\":\"{meta:_wc_order_attribution_session_start_time}\",\"meta:_wc_order_attribution_source_type\":\"{meta:_wc_order_attribution_source_type}\",\"meta:_wc_order_attribution_user_agent\":\"{meta:_wc_order_attribution_user_agent}\",\"meta:_wc_order_attribution_utm_source\":\"{meta:_wc_order_attribution_utm_source}\"}},\"meta_step_form_data\":{\"mapping_fields\":{\"hidden_meta\":[]},\"mapping_selected_fields\":{\"hidden_meta\":[]}},\"advanced_form_data\":{\"wt_iew_found_action\":\"update\",\"wt_iew_ord_link_using_sku\":\"1\",\"wt_iew_batch_count\":10}}'),(7,'export','product_categories','product_categories_export_2025-08-23-09-57-35.csv',1755986255,1,'Finished',0,13,'{\"post_type_form_data\":{\"item_type\":\"product_categories\"},\"method_export_form_data\":{\"method_export\":\"new\",\"mapping_enabled_fields\":[],\"selected_template\":\"0\"},\"filter_form_data\":{\"wt_iew_sort_columns\":\"id\",\"wt_iew_order_by\":\"ASC\"},\"mapping_form_data\":{\"mapping_fields\":{\"term_id\":[\"term_id\",1],\"name\":[\"name\",1],\"slug\":[\"slug\",1],\"description\":[\"description\",1],\"display_type\":[\"display_type\",1],\"parent\":[\"parent\",1],\"thumbnail\":[\"thumbnail\",1]},\"mapping_enabled_fields\":[],\"mapping_selected_fields\":{\"term_id\":\"term_id\",\"name\":\"name\",\"slug\":\"slug\",\"description\":\"description\",\"display_type\":\"display_type\",\"parent\":\"parent\",\"thumbnail\":\"thumbnail\"}},\"meta_step_form_data\":{\"mapping_fields\":[],\"mapping_selected_fields\":[]},\"advanced_form_data\":{\"wt_iew_file_name\":\"\",\"wt_iew_batch_count\":30,\"wt_iew_delimiter_preset\":\"comma\",\"wt_iew_delimiter\":\",\"}}'),(8,'export','product_categories','product_categories_export_2025-08-23-09-57-52.csv',1755986272,1,'Finished',0,13,'{\"post_type_form_data\":{\"item_type\":\"product_categories\"},\"method_export_form_data\":{\"method_export\":\"new\",\"mapping_enabled_fields\":[],\"selected_template\":\"0\"},\"filter_form_data\":{\"wt_iew_sort_columns\":\"id\",\"wt_iew_order_by\":\"ASC\"},\"mapping_form_data\":{\"mapping_fields\":{\"term_id\":[\"term_id\",1],\"name\":[\"name\",1],\"slug\":[\"slug\",1],\"description\":[\"description\",1],\"display_type\":[\"display_type\",1],\"parent\":[\"parent\",1],\"thumbnail\":[\"thumbnail\",1]},\"mapping_enabled_fields\":[],\"mapping_selected_fields\":{\"term_id\":\"term_id\",\"name\":\"name\",\"slug\":\"slug\",\"description\":\"description\",\"display_type\":\"display_type\",\"parent\":\"parent\",\"thumbnail\":\"thumbnail\"}},\"meta_step_form_data\":{\"mapping_fields\":[],\"mapping_selected_fields\":[]},\"advanced_form_data\":{\"wt_iew_file_name\":\"\",\"wt_iew_batch_count\":30,\"wt_iew_delimiter_preset\":\"comma\",\"wt_iew_delimiter\":\",\"}}'),(9,'export','product','product_export_2025-08-23-09-58-39.csv',1755986319,1,'Finished',150,157,'{\"post_type_form_data\":{\"item_type\":\"product\"},\"method_export_form_data\":{\"method_export\":\"new\",\"mapping_enabled_fields\":[\"taxonomies\",\"attributes\"],\"selected_template\":\"0\"},\"filter_form_data\":{\"wt_iew_limit\":0,\"wt_iew_offset\":0,\"wt_iew_stock_status\":\"\"},\"mapping_form_data\":{\"mapping_fields\":{\"post_title\":[\"post_title\",1],\"post_name\":[\"post_name\",1],\"post_parent\":[\"post_parent\",1],\"ID\":[\"ID\",1],\"post_content\":[\"post_content\",1],\"post_excerpt\":[\"post_excerpt\",1],\"post_status\":[\"post_status\",1],\"post_password\":[\"post_password\",1],\"menu_order\":[\"menu_order\",1],\"post_date\":[\"post_date\",1],\"post_author\":[\"post_author\",1],\"comment_status\":[\"comment_status\",1],\"sku\":[\"sku\",1],\"parent_sku\":[\"parent_sku\",1],\"children\":[\"children\",1],\"downloadable\":[\"downloadable\",1],\"virtual\":[\"virtual\",1],\"stock\":[\"stock\",1],\"regular_price\":[\"regular_price\",1],\"sale_price\":[\"sale_price\",1],\"weight\":[\"weight\",1],\"length\":[\"length\",1],\"width\":[\"width\",1],\"height\":[\"height\",1],\"tax_class\":[\"tax_class\",1],\"visibility\":[\"visibility\",1],\"stock_status\":[\"stock_status\",1],\"backorders\":[\"backorders\",1],\"sold_individually\":[\"sold_individually\",1],\"low_stock_amount\":[\"low_stock_amount\",1],\"manage_stock\":[\"manage_stock\",1],\"tax_status\":[\"tax_status\",1],\"upsell_ids\":[\"upsell_ids\",1],\"crosssell_ids\":[\"crosssell_ids\",1],\"purchase_note\":[\"purchase_note\",1],\"sale_price_dates_from\":[\"sale_price_dates_from\",1],\"sale_price_dates_to\":[\"sale_price_dates_to\",1],\"download_limit\":[\"download_limit\",1],\"download_expiry\":[\"download_expiry\",1],\"product_url\":[\"product_url\",1],\"button_text\":[\"button_text\",1],\"images\":[\"images\",1],\"downloadable_files\":[\"downloadable_files\",1],\"product_page_url\":[\"product_page_url\",1],\"meta:total_sales\":[\"meta:total_sales\",1],\"meta:_global_unique_id\":[\"meta:_global_unique_id\",1],\"meta:_yoast_wpseo_focuskw\":[\"meta:_yoast_wpseo_focuskw\",1],\"meta:_yoast_wpseo_canonical\":[\"meta:_yoast_wpseo_canonical\",1],\"meta:_yoast_wpseo_bctitle\":[\"meta:_yoast_wpseo_bctitle\",1],\"meta:_yoast_wpseo_meta-robots-adv\":[\"meta:_yoast_wpseo_meta-robots-adv\",1],\"meta:_yoast_wpseo_is_cornerstone\":[\"meta:_yoast_wpseo_is_cornerstone\",1],\"meta:_yoast_wpseo_metadesc\":[\"meta:_yoast_wpseo_metadesc\",1],\"meta:_yoast_wpseo_linkdex\":[\"meta:_yoast_wpseo_linkdex\",1],\"meta:_yoast_wpseo_estimated-reading-time-minutes\":[\"meta:_yoast_wpseo_estimated-reading-time-minutes\",1],\"meta:_yoast_wpseo_content_score\":[\"meta:_yoast_wpseo_content_score\",1],\"meta:_yoast_wpseo_title\":[\"meta:_yoast_wpseo_title\",1],\"meta:_yoast_wpseo_metakeywords\":[\"meta:_yoast_wpseo_metakeywords\",1]},\"mapping_enabled_fields\":[],\"mapping_selected_fields\":{\"post_title\":\"post_title\",\"post_name\":\"post_name\",\"post_parent\":\"post_parent\",\"ID\":\"ID\",\"post_content\":\"post_content\",\"post_excerpt\":\"post_excerpt\",\"post_status\":\"post_status\",\"post_password\":\"post_password\",\"menu_order\":\"menu_order\",\"post_date\":\"post_date\",\"post_author\":\"post_author\",\"comment_status\":\"comment_status\",\"sku\":\"sku\",\"parent_sku\":\"parent_sku\",\"children\":\"children\",\"downloadable\":\"downloadable\",\"virtual\":\"virtual\",\"stock\":\"stock\",\"regular_price\":\"regular_price\",\"sale_price\":\"sale_price\",\"weight\":\"weight\",\"length\":\"length\",\"width\":\"width\",\"height\":\"height\",\"tax_class\":\"tax_class\",\"visibility\":\"visibility\",\"stock_status\":\"stock_status\",\"backorders\":\"backorders\",\"sold_individually\":\"sold_individually\",\"low_stock_amount\":\"low_stock_amount\",\"manage_stock\":\"manage_stock\",\"tax_status\":\"tax_status\",\"upsell_ids\":\"upsell_ids\",\"crosssell_ids\":\"crosssell_ids\",\"purchase_note\":\"purchase_note\",\"sale_price_dates_from\":\"sale_price_dates_from\",\"sale_price_dates_to\":\"sale_price_dates_to\",\"download_limit\":\"download_limit\",\"download_expiry\":\"download_expiry\",\"product_url\":\"product_url\",\"button_text\":\"button_text\",\"images\":\"images\",\"downloadable_files\":\"downloadable_files\",\"product_page_url\":\"product_page_url\",\"meta:total_sales\":\"meta:total_sales\",\"meta:_global_unique_id\":\"meta:_global_unique_id\",\"meta:_yoast_wpseo_focuskw\":\"meta:_yoast_wpseo_focuskw\",\"meta:_yoast_wpseo_canonical\":\"meta:_yoast_wpseo_canonical\",\"meta:_yoast_wpseo_bctitle\":\"meta:_yoast_wpseo_bctitle\",\"meta:_yoast_wpseo_meta-robots-adv\":\"meta:_yoast_wpseo_meta-robots-adv\",\"meta:_yoast_wpseo_is_cornerstone\":\"meta:_yoast_wpseo_is_cornerstone\",\"meta:_yoast_wpseo_metadesc\":\"meta:_yoast_wpseo_metadesc\",\"meta:_yoast_wpseo_linkdex\":\"meta:_yoast_wpseo_linkdex\",\"meta:_yoast_wpseo_estimated-reading-time-minutes\":\"meta:_yoast_wpseo_estimated-reading-time-minutes\",\"meta:_yoast_wpseo_content_score\":\"meta:_yoast_wpseo_content_score\",\"meta:_yoast_wpseo_title\":\"meta:_yoast_wpseo_title\",\"meta:_yoast_wpseo_metakeywords\":\"meta:_yoast_wpseo_metakeywords\"}},\"meta_step_form_data\":{\"mapping_fields\":{\"taxonomies\":{\"tax:product_brand\":[\"tax:product_brand\",1],\"tax:product_type\":[\"tax:product_type\",1],\"tax:product_visibility\":[\"tax:product_visibility\",1],\"tax:product_cat\":[\"tax:product_cat\",1],\"tax:product_tag\":[\"tax:product_tag\",1],\"tax:product_shipping_class\":[\"tax:product_shipping_class\",1]},\"attributes\":{\"attribute:pa_brand\":[\"attribute:pa_brand\",1],\"attribute_data:pa_brand\":[\"attribute_data:pa_brand\",1],\"attribute:pa_color\":[\"attribute:pa_color\",1],\"attribute_data:pa_color\":[\"attribute_data:pa_color\",1],\"attribute:pa_size\":[\"attribute:pa_size\",1],\"attribute_data:pa_size\":[\"attribute_data:pa_size\",1],\"attribute:pa_tipul-de-piatra\":[\"attribute:pa_tipul-de-piatra\",1],\"attribute_data:pa_tipul-de-piatra\":[\"attribute_data:pa_tipul-de-piatra\",1]}},\"mapping_selected_fields\":{\"taxonomies\":{\"tax:product_brand\":\"tax:product_brand\",\"tax:product_type\":\"tax:product_type\",\"tax:product_visibility\":\"tax:product_visibility\",\"tax:product_cat\":\"tax:product_cat\",\"tax:product_tag\":\"tax:product_tag\",\"tax:product_shipping_class\":\"tax:product_shipping_class\"},\"attributes\":{\"attribute:pa_brand\":\"attribute:pa_brand\",\"attribute_data:pa_brand\":\"attribute_data:pa_brand\",\"attribute:pa_color\":\"attribute:pa_color\",\"attribute_data:pa_color\":\"attribute_data:pa_color\",\"attribute:pa_size\":\"attribute:pa_size\",\"attribute_data:pa_size\":\"attribute_data:pa_size\",\"attribute:pa_tipul-de-piatra\":\"attribute:pa_tipul-de-piatra\",\"attribute_data:pa_tipul-de-piatra\":\"attribute_data:pa_tipul-de-piatra\"}}},\"advanced_form_data\":{\"wt_iew_file_name\":\"\",\"wt_iew_batch_count\":30,\"wt_iew_delimiter_preset\":\"comma\",\"wt_iew_delimiter\":\",\"}}'),(10,'import','product_categories','temp_product_categories_1755986434.csv',1755986458,1,'Finished',9058,9882,'{\"post_type_form_data\":{\"item_type\":\"product_categories\"},\"method_import_form_data\":{\"method_import\":\"new\",\"selected_template\":\"0\",\"wt_iew_file_from\":\"local\",\"wt_iew_local_file\":\"https:\\/\\/e-mag.md\\/wp-content\\/webtoffee_import\\/local_file_1755986432_product_categories_export_2025-08-23-09-59-32.csv\",\"wt_iew_delimiter_preset\":\"comma\",\"wt_iew_delimiter\":\",\"},\"mapping_form_data\":{\"mapping_fields\":{\"term_id\":[\"{term_id}\",1],\"name\":[\"{name}\",1],\"slug\":[\"{slug}\",1],\"description\":[\"{description}\",1],\"display_type\":[\"{display_type}\",1],\"parent\":[\"{parent}\",1],\"thumbnail\":[\"{thumbnail}\",1]},\"mapping_selected_fields\":{\"term_id\":\"{term_id}\",\"name\":\"{name}\",\"slug\":\"{slug}\",\"description\":\"{description}\",\"display_type\":\"{display_type}\",\"parent\":\"{parent}\",\"thumbnail\":\"{thumbnail}\"}},\"meta_step_form_data\":{\"mapping_fields\":[],\"mapping_selected_fields\":[]},\"advanced_form_data\":{\"wt_iew_merge\":\"0\",\"wt_iew_batch_count\":10}}'),(11,'import','product','temp_product_1755986489.csv',1755986516,1,'Finished',207446,215539,'{\"post_type_form_data\":{\"item_type\":\"product\"},\"method_import_form_data\":{\"method_import\":\"new\",\"selected_template\":\"0\",\"wt_iew_file_from\":\"local\",\"wt_iew_local_file\":\"https:\\/\\/e-mag.md\\/wp-content\\/webtoffee_import\\/local_file_1755986486_product_export_2025-08-23-10-00-01.csv\",\"wt_iew_delimiter_preset\":\"comma\",\"wt_iew_delimiter\":\",\"},\"mapping_form_data\":{\"mapping_fields\":{\"post_title\":[\"{post_title}\",1],\"post_name\":[\"{post_name}\",1],\"ID\":[\"{ID}\",1],\"post_parent\":[\"{post_parent}\",1],\"post_status\":[\"{post_status}\",1],\"post_content\":[\"{post_content}\",1],\"post_excerpt\":[\"{post_excerpt}\",1],\"post_date\":[\"{post_date}\",1],\"post_password\":[\"{post_password}\",1],\"post_author\":[\"{post_author}\",1],\"menu_order\":[\"{menu_order}\",1],\"comment_status\":[\"{comment_status}\",1],\"sku\":[\"{sku}\",1],\"parent_sku\":[\"{parent_sku}\",1],\"children\":[\"{children}\",1],\"downloadable\":[\"{downloadable}\",1],\"virtual\":[\"{virtual}\",1],\"visibility\":[\"{visibility}\",1],\"purchase_note\":[\"{purchase_note}\",1],\"stock\":[\"{stock}\",1],\"stock_status\":[\"{stock_status}\",1],\"backorders\":[\"{backorders}\",1],\"sold_individually\":[\"{sold_individually}\",1],\"low_stock_amount\":[\"{low_stock_amount}\",1],\"manage_stock\":[\"{manage_stock}\",1],\"sale_price\":[\"{sale_price}\",1],\"regular_price\":[\"{regular_price}\",1],\"sale_price_dates_from\":[\"{sale_price_dates_from}\",1],\"sale_price_dates_to\":[\"{sale_price_dates_to}\",1],\"weight\":[\"{weight}\",1],\"length\":[\"{length}\",1],\"width\":[\"{width}\",1],\"height\":[\"{height}\",1],\"tax_status\":[\"{tax_status}\",1],\"tax_class\":[\"{tax_class}\",1],\"upsell_ids\":[\"{upsell_ids}\",1],\"crosssell_ids\":[\"{crosssell_ids}\",1],\"file_paths\":[\"\",0],\"downloadable_files\":[\"{downloadable_files}\",1],\"download_limit\":[\"{download_limit}\",1],\"download_expiry\":[\"{download_expiry}\",1],\"product_url\":[\"{product_url}\",1],\"button_text\":[\"{button_text}\",1],\"images\":[\"{images}\",1],\"product_page_url\":[\"{product_page_url}\",1],\"meta:total_sales\":[\"{meta:total_sales}\",1],\"meta:_global_unique_id\":[\"{meta:_global_unique_id}\",1],\"meta:_yoast_wpseo_focuskw\":[\"{meta:_yoast_wpseo_focuskw}\",1],\"meta:_yoast_wpseo_canonical\":[\"{meta:_yoast_wpseo_canonical}\",1],\"meta:_yoast_wpseo_bctitle\":[\"{meta:_yoast_wpseo_bctitle}\",1],\"meta:_yoast_wpseo_meta-robots-adv\":[\"{meta:_yoast_wpseo_meta-robots-adv}\",1],\"meta:_yoast_wpseo_is_cornerstone\":[\"{meta:_yoast_wpseo_is_cornerstone}\",1],\"meta:_yoast_wpseo_metadesc\":[\"{meta:_yoast_wpseo_metadesc}\",1],\"meta:_yoast_wpseo_linkdex\":[\"{meta:_yoast_wpseo_linkdex}\",1],\"meta:_yoast_wpseo_estimated-reading-time-minutes\":[\"{meta:_yoast_wpseo_estimated-reading-time-minutes}\",1],\"meta:_yoast_wpseo_content_score\":[\"{meta:_yoast_wpseo_content_score}\",1],\"meta:_yoast_wpseo_title\":[\"{meta:_yoast_wpseo_title}\",1],\"meta:_yoast_wpseo_metakeywords\":[\"{meta:_yoast_wpseo_metakeywords}\",1]},\"mapping_selected_fields\":{\"post_title\":\"{post_title}\",\"post_name\":\"{post_name}\",\"ID\":\"{ID}\",\"post_parent\":\"{post_parent}\",\"post_status\":\"{post_status}\",\"post_content\":\"{post_content}\",\"post_excerpt\":\"{post_excerpt}\",\"post_date\":\"{post_date}\",\"post_password\":\"{post_password}\",\"post_author\":\"{post_author}\",\"menu_order\":\"{menu_order}\",\"comment_status\":\"{comment_status}\",\"sku\":\"{sku}\",\"parent_sku\":\"{parent_sku}\",\"children\":\"{children}\",\"downloadable\":\"{downloadable}\",\"virtual\":\"{virtual}\",\"visibility\":\"{visibility}\",\"purchase_note\":\"{purchase_note}\",\"stock\":\"{stock}\",\"stock_status\":\"{stock_status}\",\"backorders\":\"{backorders}\",\"sold_individually\":\"{sold_individually}\",\"low_stock_amount\":\"{low_stock_amount}\",\"manage_stock\":\"{manage_stock}\",\"sale_price\":\"{sale_price}\",\"regular_price\":\"{regular_price}\",\"sale_price_dates_from\":\"{sale_price_dates_from}\",\"sale_price_dates_to\":\"{sale_price_dates_to}\",\"weight\":\"{weight}\",\"length\":\"{length}\",\"width\":\"{width}\",\"height\":\"{height}\",\"tax_status\":\"{tax_status}\",\"tax_class\":\"{tax_class}\",\"upsell_ids\":\"{upsell_ids}\",\"crosssell_ids\":\"{crosssell_ids}\",\"downloadable_files\":\"{downloadable_files}\",\"download_limit\":\"{download_limit}\",\"download_expiry\":\"{download_expiry}\",\"product_url\":\"{product_url}\",\"button_text\":\"{button_text}\",\"images\":\"{images}\",\"product_page_url\":\"{product_page_url}\",\"meta:total_sales\":\"{meta:total_sales}\",\"meta:_global_unique_id\":\"{meta:_global_unique_id}\",\"meta:_yoast_wpseo_focuskw\":\"{meta:_yoast_wpseo_focuskw}\",\"meta:_yoast_wpseo_canonical\":\"{meta:_yoast_wpseo_canonical}\",\"meta:_yoast_wpseo_bctitle\":\"{meta:_yoast_wpseo_bctitle}\",\"meta:_yoast_wpseo_meta-robots-adv\":\"{meta:_yoast_wpseo_meta-robots-adv}\",\"meta:_yoast_wpseo_is_cornerstone\":\"{meta:_yoast_wpseo_is_cornerstone}\",\"meta:_yoast_wpseo_metadesc\":\"{meta:_yoast_wpseo_metadesc}\",\"meta:_yoast_wpseo_linkdex\":\"{meta:_yoast_wpseo_linkdex}\",\"meta:_yoast_wpseo_estimated-reading-time-minutes\":\"{meta:_yoast_wpseo_estimated-reading-time-minutes}\",\"meta:_yoast_wpseo_content_score\":\"{meta:_yoast_wpseo_content_score}\",\"meta:_yoast_wpseo_title\":\"{meta:_yoast_wpseo_title}\",\"meta:_yoast_wpseo_metakeywords\":\"{meta:_yoast_wpseo_metakeywords}\"}},\"meta_step_form_data\":{\"mapping_fields\":{\"taxonomies\":{\"tax:product_brand\":[\"{tax:product_brand}\",1],\"tax:product_type\":[\"{tax:product_type}\",1],\"tax:product_visibility\":[\"{tax:product_visibility}\",1],\"tax:product_cat\":[\"{tax:product_cat}\",1],\"tax:product_tag\":[\"{tax:product_tag}\",1],\"tax:product_shipping_class\":[\"{tax:product_shipping_class}\",1]},\"attributes\":{\"attribute:pa_brand\":[\"{attribute:pa_brand}\",1],\"attribute_data:pa_brand\":[\"{attribute_data:pa_brand}\",1],\"attribute:pa_color\":[\"{attribute:pa_color}\",1],\"attribute_data:pa_color\":[\"{attribute_data:pa_color}\",1],\"attribute:pa_size\":[\"{attribute:pa_size}\",1],\"attribute_data:pa_size\":[\"{attribute_data:pa_size}\",1],\"attribute:pa_tipul-de-piatra\":[\"{attribute:pa_tipul-de-piatra}\",1],\"attribute_data:pa_tipul-de-piatra\":[\"{attribute_data:pa_tipul-de-piatra}\",1]}},\"mapping_selected_fields\":{\"taxonomies\":{\"tax:product_brand\":\"{tax:product_brand}\",\"tax:product_type\":\"{tax:product_type}\",\"tax:product_visibility\":\"{tax:product_visibility}\",\"tax:product_cat\":\"{tax:product_cat}\",\"tax:product_tag\":\"{tax:product_tag}\",\"tax:product_shipping_class\":\"{tax:product_shipping_class}\"},\"attributes\":{\"attribute:pa_brand\":\"{attribute:pa_brand}\",\"attribute_data:pa_brand\":\"{attribute_data:pa_brand}\",\"attribute:pa_color\":\"{attribute:pa_color}\",\"attribute_data:pa_color\":\"{attribute_data:pa_color}\",\"attribute:pa_size\":\"{attribute:pa_size}\",\"attribute_data:pa_size\":\"{attribute_data:pa_size}\",\"attribute:pa_tipul-de-piatra\":\"{attribute:pa_tipul-de-piatra}\",\"attribute_data:pa_tipul-de-piatra\":\"{attribute_data:pa_tipul-de-piatra}\"}}},\"advanced_form_data\":{\"wt_iew_skip_new\":\"0\",\"wt_iew_merge_with\":\"sku\",\"wt_iew_found_action\":\"update\",\"wt_iew_merge_empty_cells\":\"1\",\"wt_iew_batch_count\":10}}');

--
-- Table structure for table `wpwn_wt_iew_mapping_template`
--

CREATE TABLE `wpwn_wt_iew_mapping_template` (
  `id` int NOT NULL AUTO_INCREMENT,
  `template_type` varchar(255) COLLATE utf8mb4_unicode_520_ci NOT NULL,
  `item_type` varchar(255) COLLATE utf8mb4_unicode_520_ci NOT NULL,
  `name` varchar(255) COLLATE utf8mb4_unicode_520_ci NOT NULL,
  `data` longtext COLLATE utf8mb4_unicode_520_ci NOT NULL,
  PRIMARY KEY (`id`)
) ENGINE=InnoDB DEFAULT CHARSET=utf8mb4 COLLATE=utf8mb4_unicode_520_ci;

--
-- Dumping data for table `wpwn_wt_iew_mapping_template`
--


--
-- Table structure for table `wpwn_yoast_indexable`
--

CREATE TABLE `wpwn_yoast_indexable` (
  `id` int unsigned NOT NULL AUTO_INCREMENT,
  `permalink` longtext COLLATE utf8mb4_unicode_520_ci,
  `permalink_hash` varchar(40) COLLATE utf8mb4_unicode_520_ci DEFAULT NULL,
  `object_id` bigint DEFAULT NULL,
  `object_type` varchar(32) COLLATE utf8mb4_unicode_520_ci NOT NULL,
  `object_sub_type` varchar(32) COLLATE utf8mb4_unicode_520_ci DEFAULT NULL,
  `author_id` bigint DEFAULT NULL,
  `post_parent` bigint DEFAULT NULL,
  `title` text COLLATE utf8mb4_unicode_520_ci,
  `description` mediumtext COLLATE utf8mb4_unicode_520_ci,
  `breadcrumb_title` text COLLATE utf8mb4_unicode_520_ci,
  `post_status` varchar(20) COLLATE utf8mb4_unicode_520_ci DEFAULT NULL,
  `is_public` tinyint(1) DEFAULT NULL,
  `is_protected` tinyint(1) DEFAULT '0',
  `has_public_posts` tinyint(1) DEFAULT NULL,
  `number_of_pages` int unsigned DEFAULT NULL,
  `canonical` longtext COLLATE utf8mb4_unicode_520_ci,
  `primary_focus_keyword` varchar(191) COLLATE utf8mb4_unicode_520_ci DEFAULT NULL,
  `primary_focus_keyword_score` int DEFAULT NULL,
  `readability_score` int DEFAULT NULL,
  `is_cornerstone` tinyint(1) DEFAULT '0',
  `is_robots_noindex` tinyint(1) DEFAULT '0',
  `is_robots_nofollow` tinyint(1) DEFAULT '0',
  `is_robots_noarchive` tinyint(1) DEFAULT '0',
  `is_robots_noimageindex` tinyint(1) DEFAULT '0',
  `is_robots_nosnippet` tinyint(1) DEFAULT '0',
  `twitter_title` text COLLATE utf8mb4_unicode_520_ci,
  `twitter_image` longtext COLLATE utf8mb4_unicode_520_ci,
  `twitter_description` longtext COLLATE utf8mb4_unicode_520_ci,
  `twitter_image_id` varchar(191) COLLATE utf8mb4_unicode_520_ci DEFAULT NULL,
  `twitter_image_source` text COLLATE utf8mb4_unicode_520_ci,
  `open_graph_title` text COLLATE utf8mb4_unicode_520_ci,
  `open_graph_description` longtext COLLATE utf8mb4_unicode_520_ci,
  `open_graph_image` longtext COLLATE utf8mb4_unicode_520_ci,
  `open_graph_image_id` varchar(191) COLLATE utf8mb4_unicode_520_ci DEFAULT NULL,
  `open_graph_image_source` text COLLATE utf8mb4_unicode_520_ci,
  `open_graph_image_meta` mediumtext COLLATE utf8mb4_unicode_520_ci,
  `link_count` int DEFAULT NULL,
  `incoming_link_count` int DEFAULT NULL,
  `prominent_words_version` int unsigned DEFAULT NULL,
  `created_at` datetime DEFAULT NULL,
  `updated_at` timestamp NOT NULL DEFAULT CURRENT_TIMESTAMP ON UPDATE CURRENT_TIMESTAMP,
  `blog_id` bigint NOT NULL DEFAULT '1',
  `language` varchar(32) COLLATE utf8mb4_unicode_520_ci DEFAULT NULL,
  `region` varchar(32) COLLATE utf8mb4_unicode_520_ci DEFAULT NULL,
  `schema_page_type` varchar(64) COLLATE utf8mb4_unicode_520_ci DEFAULT NULL,
  `schema_article_type` varchar(64) COLLATE utf8mb4_unicode_520_ci DEFAULT NULL,
  `has_ancestors` tinyint(1) DEFAULT '0',
  `estimated_reading_time_minutes` int DEFAULT NULL,
  `version` int DEFAULT '1',
  `object_last_modified` datetime DEFAULT NULL,
  `object_published_at` datetime DEFAULT NULL,
  `inclusive_language_score` int DEFAULT NULL,
  PRIMARY KEY (`id`),
  KEY `object_type_and_sub_type` (`object_type`,`object_sub_type`),
  KEY `object_id_and_type` (`object_id`,`object_type`),
  KEY `permalink_hash_and_object_type` (`permalink_hash`,`object_type`),
  KEY `subpages` (`post_parent`,`object_type`,`post_status`,`object_id`),
  KEY `prominent_words` (`prominent_words_version`,`object_type`,`object_sub_type`,`post_status`),
  KEY `published_sitemap_index` (`object_published_at`,`is_robots_noindex`,`object_type`,`object_sub_type`)
) ENGINE=InnoDB AUTO_INCREMENT=504 DEFAULT CHARSET=utf8mb4 COLLATE=utf8mb4_unicode_520_ci;

--
-- Dumping data for table `wpwn_yoast_indexable`
--

INSERT INTO `wpwn_yoast_indexable` VALUES (1,NULL,NULL,NULL,'date-archive',NULL,NULL,NULL,'%%date%% %%page%% %%sep%% %%sitename%%','',NULL,NULL,0,0,NULL,NULL,NULL,NULL,NULL,NULL,0,1,0,0,0,0,NULL,NULL,NULL,NULL,NULL,NULL,NULL,NULL,NULL,NULL,NULL,NULL,NULL,NULL,'2025-08-23 21:56:35','2025-08-25 04:25:11',1,NULL,NULL,NULL,NULL,0,NULL,1,NULL,NULL,NULL),(2,NULL,NULL,NULL,'system-page','404',NULL,NULL,'Страница не найдена %%sep%% %%sitename%%',NULL,'',NULL,NULL,0,NULL,NULL,NULL,NULL,NULL,NULL,0,1,0,0,0,0,NULL,NULL,NULL,NULL,NULL,NULL,NULL,NULL,NULL,NULL,NULL,NULL,NULL,NULL,'2025-08-23 21:56:35','2025-08-24 21:15:44',1,NULL,NULL,NULL,NULL,0,NULL,1,NULL,NULL,NULL),(3,'https://e-mag.md/','17:f4b28c1e98aa4f9e5404cbf8026e0758',NULL,'home-page',NULL,NULL,NULL,'%%sitename%% %%page%% %%sep%% %%sitedesc%%','Piatra Naturala - Magazin online de Piatră Naturală. Plăci din piatră naturală, pietriș de marmură, prundiș de marmură albă, piatră neprelucrată, travertin, piatră bulgară cumpăra online cu Livrare în Chișinău și în toată Moldova.','Principală',NULL,NULL,0,NULL,NULL,NULL,NULL,NULL,NULL,0,0,0,0,0,0,NULL,NULL,NULL,NULL,NULL,'','','','0',NULL,NULL,NULL,6,NULL,'2025-08-23 21:56:35','2025-08-26 07:45:53',1,NULL,NULL,NULL,NULL,0,NULL,2,'2025-08-26 10:45:53',NULL,NULL),(4,'https://e-mag.md/shop/travertin-012/','36:d592296e609bdd22787a781e7f6eefc2',342,'post','product',1,0,NULL,NULL,'Travertin 012','publish',NULL,0,NULL,NULL,NULL,NULL,NULL,0,0,NULL,0,NULL,NULL,NULL,NULL,'https://e-mag.md/wp-content/uploads/2025/08/travertin-012.webp',NULL,'15651','featured-image',NULL,NULL,'https://e-mag.md/wp-content/uploads/2025/08/travertin-012.webp','15651','featured-image','{\"width\":600,\"height\":400,\"filesize\":72316,\"url\":\"https://e-mag.md/wp-content/uploads/2025/08/travertin-012.webp\",\"path\":\"/home/spacermd/public_html/e-mag.md/wp-content/uploads/2025/08/travertin-012.webp\",\"size\":\"full\",\"id\":15651,\"alt\":\"Travertin 012\",\"pixels\":240000,\"type\":\"image/webp\"}',0,NULL,NULL,'2025-08-23 22:01:57','2025-08-25 05:56:01',1,NULL,NULL,NULL,NULL,0,NULL,2,'2025-08-23 22:01:57','2022-06-30 13:29:19',0),(5,'https://e-mag.md/product-category/placa-din-piatra-naturala/placi-perete/','73:861c52ec1769b921bfa1d2b705a51ce5',78,'term','product_cat',NULL,NULL,NULL,NULL,'Placi perete',NULL,NULL,0,NULL,NULL,NULL,NULL,NULL,NULL,0,NULL,NULL,NULL,NULL,NULL,NULL,NULL,NULL,NULL,NULL,NULL,NULL,NULL,NULL,NULL,NULL,0,NULL,NULL,'2025-08-23 22:01:57','2025-08-25 04:28:54',1,NULL,NULL,NULL,NULL,0,NULL,2,'2025-08-25 07:28:54','2022-06-30 13:29:19',NULL),(6,'https://e-mag.md/product-category/placa-din-piatra-naturala/','60:352463e0daf6863447e8a631cd31315a',77,'term','product_cat',NULL,NULL,NULL,NULL,'PLACI DIN PIATRĂ NATURALĂ',NULL,NULL,0,NULL,NULL,NULL,NULL,NULL,NULL,0,NULL,NULL,NULL,NULL,NULL,NULL,NULL,NULL,NULL,NULL,NULL,NULL,NULL,NULL,NULL,NULL,0,NULL,NULL,'2025-08-23 22:01:57','2025-08-25 04:28:55',1,NULL,NULL,NULL,NULL,0,NULL,2,'2025-08-25 07:28:55','2022-06-30 13:29:19',NULL),(8,'https://e-mag.md/shop/travertin-010/','36:dd96ada4de6d471201055f80cbdfb94b',351,'post','product',1,0,NULL,NULL,'Travertin 010','publish',NULL,0,NULL,NULL,NULL,NULL,NULL,0,0,NULL,0,NULL,NULL,NULL,NULL,'https://e-mag.md/wp-content/uploads/2025/08/travertin-010.webp',NULL,'15653','featured-image',NULL,NULL,'https://e-mag.md/wp-content/uploads/2025/08/travertin-010.webp','15653','featured-image','{\"width\":600,\"height\":400,\"filesize\":66856,\"url\":\"https://e-mag.md/wp-content/uploads/2025/08/travertin-010.webp\",\"path\":\"/home/spacermd/public_html/e-mag.md/wp-content/uploads/2025/08/travertin-010.webp\",\"size\":\"full\",\"id\":15653,\"alt\":\"Travertin 010\",\"pixels\":240000,\"type\":\"image/webp\"}',0,NULL,NULL,'2025-08-23 22:01:57','2025-08-25 05:56:01',1,NULL,NULL,NULL,NULL,0,NULL,2,'2025-08-23 22:01:57','2022-07-02 14:22:21',0),(10,'https://e-mag.md/shop/travertin-009/','36:f37863a4c5b324e8ac6de2c08d585208',353,'post','product',1,0,NULL,NULL,'Travertin 009','publish',NULL,0,NULL,NULL,NULL,NULL,NULL,0,0,NULL,0,NULL,NULL,NULL,NULL,'https://e-mag.md/wp-content/uploads/2025/08/travertin-009.webp',NULL,'15655','featured-image',NULL,NULL,'https://e-mag.md/wp-content/uploads/2025/08/travertin-009.webp','15655','featured-image','{\"width\":600,\"height\":400,\"filesize\":67086,\"url\":\"https://e-mag.md/wp-content/uploads/2025/08/travertin-009.webp\",\"path\":\"/home/spacermd/public_html/e-mag.md/wp-content/uploads/2025/08/travertin-009.webp\",\"size\":\"full\",\"id\":15655,\"alt\":\"Travertin 009\",\"pixels\":240000,\"type\":\"image/webp\"}',0,NULL,NULL,'2025-08-23 22:01:57','2025-08-25 05:56:01',1,NULL,NULL,NULL,NULL,0,NULL,2,'2025-08-23 22:01:57','2022-07-02 14:28:03',0),(12,'https://e-mag.md/shop/travertin-008/','36:26d2dc891b25b6adee85988d854bde24',358,'post','product',1,0,NULL,NULL,'Travertin 008','publish',NULL,0,NULL,NULL,NULL,NULL,NULL,0,0,NULL,0,NULL,NULL,NULL,NULL,'https://e-mag.md/wp-content/uploads/2025/08/travertin-008.webp',NULL,'15657','featured-image',NULL,NULL,'https://e-mag.md/wp-content/uploads/2025/08/travertin-008.webp','15657','featured-image','{\"width\":600,\"height\":400,\"filesize\":67280,\"url\":\"https://e-mag.md/wp-content/uploads/2025/08/travertin-008.webp\",\"path\":\"/home/spacermd/public_html/e-mag.md/wp-content/uploads/2025/08/travertin-008.webp\",\"size\":\"full\",\"id\":15657,\"alt\":\"Travertin 008\",\"pixels\":240000,\"type\":\"image/webp\"}',0,NULL,NULL,'2025-08-23 22:01:58','2025-08-25 05:56:01',1,NULL,NULL,NULL,NULL,0,NULL,2,'2025-08-23 22:01:58','2022-07-02 14:33:14',0),(14,'https://e-mag.md/shop/travertin-007/','36:f5ba13e01d143b22ec2966e71f1d3f0f',360,'post','product',1,0,NULL,NULL,'Travertin 007','publish',NULL,0,NULL,NULL,NULL,NULL,NULL,0,0,NULL,0,NULL,NULL,NULL,NULL,'https://e-mag.md/wp-content/uploads/2025/08/travertin-007.webp',NULL,'15659','featured-image',NULL,NULL,'https://e-mag.md/wp-content/uploads/2025/08/travertin-007.webp','15659','featured-image','{\"width\":600,\"height\":400,\"filesize\":68072,\"url\":\"https://e-mag.md/wp-content/uploads/2025/08/travertin-007.webp\",\"path\":\"/home/spacermd/public_html/e-mag.md/wp-content/uploads/2025/08/travertin-007.webp\",\"size\":\"full\",\"id\":15659,\"alt\":\"Travertin 007\",\"pixels\":240000,\"type\":\"image/webp\"}',0,NULL,NULL,'2025-08-23 22:01:58','2025-08-25 05:56:01',1,NULL,NULL,NULL,NULL,0,NULL,2,'2025-08-23 22:01:58','2022-07-02 14:38:19',0),(16,'https://e-mag.md/shop/travertin-004/','36:8237c5b5d154817c390d13960893048a',366,'post','product',1,0,NULL,NULL,'Travertin 004','publish',NULL,0,NULL,NULL,NULL,NULL,NULL,0,0,NULL,0,NULL,NULL,NULL,NULL,'https://e-mag.md/wp-content/uploads/2025/08/travertin-004.webp',NULL,'15661','featured-image',NULL,NULL,'https://e-mag.md/wp-content/uploads/2025/08/travertin-004.webp','15661','featured-image','{\"width\":600,\"height\":400,\"filesize\":54178,\"url\":\"https://e-mag.md/wp-content/uploads/2025/08/travertin-004.webp\",\"path\":\"/home/spacermd/public_html/e-mag.md/wp-content/uploads/2025/08/travertin-004.webp\",\"size\":\"full\",\"id\":15661,\"alt\":\"Travertin 004\",\"pixels\":240000,\"type\":\"image/webp\"}',0,NULL,NULL,'2025-08-23 22:01:58','2025-08-25 05:56:01',1,NULL,NULL,NULL,NULL,0,NULL,2,'2025-08-23 22:01:58','2022-07-02 14:50:47',0),(18,'https://e-mag.md/shop/travertin-002/','36:7f3da7fcf9a189fc6556011e5c6bb4fb',370,'post','product',1,0,NULL,NULL,'Travertin 002','publish',NULL,0,NULL,NULL,NULL,NULL,NULL,0,0,NULL,0,NULL,NULL,NULL,NULL,'https://e-mag.md/wp-content/uploads/2025/08/travertin-002.webp',NULL,'15663','featured-image',NULL,NULL,'https://e-mag.md/wp-content/uploads/2025/08/travertin-002.webp','15663','featured-image','{\"width\":600,\"height\":400,\"filesize\":52546,\"url\":\"https://e-mag.md/wp-content/uploads/2025/08/travertin-002.webp\",\"path\":\"/home/spacermd/public_html/e-mag.md/wp-content/uploads/2025/08/travertin-002.webp\",\"size\":\"full\",\"id\":15663,\"alt\":\"Travertin 002\",\"pixels\":240000,\"type\":\"image/webp\"}',0,NULL,NULL,'2025-08-23 22:01:58','2025-08-25 05:56:01',1,NULL,NULL,NULL,NULL,0,NULL,2,'2025-08-23 22:01:58','2022-07-02 14:55:46',0),(20,'https://e-mag.md/shop/aur-50mm-x-lmm/','37:1eabb37ddfd070b4253900df73e5d8de',377,'post','product',1,0,NULL,NULL,'Aur 50mm x Lmm','publish',NULL,0,NULL,NULL,NULL,NULL,NULL,0,0,NULL,0,NULL,NULL,NULL,NULL,'https://e-mag.md/wp-content/uploads/2025/08/aur-50mm-x-lmm.webp',NULL,'15665','featured-image',NULL,NULL,'https://e-mag.md/wp-content/uploads/2025/08/aur-50mm-x-lmm.webp','15665','featured-image','{\"width\":600,\"height\":400,\"filesize\":62506,\"url\":\"https://e-mag.md/wp-content/uploads/2025/08/aur-50mm-x-lmm.webp\",\"path\":\"/home/spacermd/public_html/e-mag.md/wp-content/uploads/2025/08/aur-50mm-x-lmm.webp\",\"size\":\"full\",\"id\":15665,\"alt\":\"Aur 50mm X Lmm\",\"pixels\":240000,\"type\":\"image/webp\"}',0,NULL,NULL,'2025-08-23 22:01:58','2025-08-25 06:11:01',1,NULL,NULL,NULL,NULL,0,NULL,2,'2025-08-23 22:01:58','2022-07-02 15:05:32',0),(23,'https://e-mag.md/shop/aur-25mm-x-lmm/','37:e8933aed25ea3b139de8bc17dc4ab57c',380,'post','product',1,0,NULL,NULL,'Aur 25mm x Lmm','publish',NULL,0,NULL,NULL,NULL,NULL,NULL,0,0,NULL,0,NULL,NULL,NULL,NULL,'https://e-mag.md/wp-content/uploads/2025/08/aur-50mm-x-lmm-2.webp',NULL,'15666','featured-image',NULL,NULL,'https://e-mag.md/wp-content/uploads/2025/08/aur-50mm-x-lmm-2.webp','15666','featured-image','{\"width\":600,\"height\":400,\"filesize\":59502,\"url\":\"https://e-mag.md/wp-content/uploads/2025/08/aur-50mm-x-lmm-2.webp\",\"path\":\"/home/spacermd/public_html/e-mag.md/wp-content/uploads/2025/08/aur-50mm-x-lmm-2.webp\",\"size\":\"full\",\"id\":15666,\"alt\":\"Aur 50mm X Lmm 2\",\"pixels\":240000,\"type\":\"image/webp\"}',0,NULL,NULL,'2025-08-23 22:01:59','2025-08-25 06:11:01',1,NULL,NULL,NULL,NULL,0,NULL,2,'2025-08-23 22:01:59','2022-07-02 15:07:59',0),(25,'https://e-mag.md/shop/leopard-50mm-x-lmm/','41:1800bcc15c1a8bad2772deb3d63a83f9',386,'post','product',1,0,NULL,NULL,'Leopard 50mm x Lmm','publish',NULL,0,NULL,NULL,NULL,NULL,NULL,0,0,NULL,0,NULL,NULL,NULL,NULL,'https://e-mag.md/wp-content/uploads/2025/08/leopard-50mm-x-lmm-2.webp',NULL,'15670','featured-image',NULL,NULL,'https://e-mag.md/wp-content/uploads/2025/08/leopard-50mm-x-lmm-2.webp','15670','featured-image','{\"width\":600,\"height\":400,\"filesize\":56732,\"url\":\"https://e-mag.md/wp-content/uploads/2025/08/leopard-50mm-x-lmm-2.webp\",\"path\":\"/home/spacermd/public_html/e-mag.md/wp-content/uploads/2025/08/leopard-50mm-x-lmm-2.webp\",\"size\":\"full\",\"id\":15670,\"alt\":\"Leopard 50mm X Lmm 2\",\"pixels\":240000,\"type\":\"image/webp\"}',0,NULL,NULL,'2025-08-23 22:01:59','2025-08-25 06:11:01',1,NULL,NULL,NULL,NULL,0,NULL,2,'2025-08-23 22:01:59','2022-07-02 15:14:58',0),(28,'https://e-mag.md/shop/multicolor-25mm-x-lmm/','44:3b2f799bcfff512d4ef62a37c889fa6b',394,'post','product',1,0,NULL,NULL,'Multicolor 25mm x Lmm','publish',NULL,0,NULL,NULL,NULL,NULL,NULL,0,0,NULL,0,NULL,NULL,NULL,NULL,'https://e-mag.md/wp-content/uploads/2025/08/multicolor-25mm-x-lmm-2.webp',NULL,'15673','featured-image',NULL,NULL,'https://e-mag.md/wp-content/uploads/2025/08/multicolor-25mm-x-lmm-2.webp','15673','featured-image','{\"width\":600,\"height\":400,\"filesize\":46382,\"url\":\"https://e-mag.md/wp-content/uploads/2025/08/multicolor-25mm-x-lmm-2.webp\",\"path\":\"/home/spacermd/public_html/e-mag.md/wp-content/uploads/2025/08/multicolor-25mm-x-lmm-2.webp\",\"size\":\"full\",\"id\":15673,\"alt\":\"Multicolor 25mm X Lmm 2\",\"pixels\":240000,\"type\":\"image/webp\"}',0,NULL,NULL,'2025-08-23 22:02:00','2025-08-25 06:11:01',1,NULL,NULL,NULL,NULL,0,NULL,2,'2025-08-23 22:02:00','2022-07-02 15:26:07',0),(31,'https://e-mag.md/shop/silver-shine-50mm-x-lmm/','46:8add7542136d3a11dc65311a0e05dc57',405,'post','product',1,0,NULL,NULL,'Silver Shine 50mm x Lmm','publish',NULL,0,NULL,NULL,NULL,NULL,NULL,0,0,NULL,0,NULL,NULL,NULL,NULL,'https://e-mag.md/wp-content/uploads/2025/08/silver-shine-50mm-x-lmm.webp',NULL,'15676','featured-image',NULL,NULL,'https://e-mag.md/wp-content/uploads/2025/08/silver-shine-50mm-x-lmm.webp','15676','featured-image','{\"width\":600,\"height\":400,\"filesize\":69456,\"url\":\"https://e-mag.md/wp-content/uploads/2025/08/silver-shine-50mm-x-lmm.webp\",\"path\":\"/home/spacermd/public_html/e-mag.md/wp-content/uploads/2025/08/silver-shine-50mm-x-lmm.webp\",\"size\":\"full\",\"id\":15676,\"alt\":\"Silver Shine 50mm X Lmm\",\"pixels\":240000,\"type\":\"image/webp\"}',0,NULL,NULL,'2025-08-23 22:02:00','2025-08-25 06:11:01',1,NULL,NULL,NULL,NULL,0,NULL,2,'2025-08-23 22:02:00','2022-07-02 15:38:32',0),(34,'https://e-mag.md/shop/leopard-50mm-x-lmm-rupta/','47:9b57ccf44f836115475110ed1be3c459',418,'post','product',1,0,NULL,NULL,'Leopard 50mm x Lmm rupta','publish',NULL,0,NULL,NULL,NULL,NULL,NULL,0,0,NULL,0,NULL,NULL,NULL,NULL,'https://e-mag.md/wp-content/uploads/2025/08/leopard-50mm-x-lmm-rupta.webp',NULL,'15679','featured-image',NULL,NULL,'https://e-mag.md/wp-content/uploads/2025/08/leopard-50mm-x-lmm-rupta.webp','15679','featured-image','{\"width\":600,\"height\":400,\"filesize\":58336,\"url\":\"https://e-mag.md/wp-content/uploads/2025/08/leopard-50mm-x-lmm-rupta.webp\",\"path\":\"/home/spacermd/public_html/e-mag.md/wp-content/uploads/2025/08/leopard-50mm-x-lmm-rupta.webp\",\"size\":\"full\",\"id\":15679,\"alt\":\"Leopard 50mm X Lmm Rupta\",\"pixels\":240000,\"type\":\"image/webp\"}',0,NULL,NULL,'2025-08-23 22:02:01','2025-08-25 07:12:32',1,NULL,NULL,NULL,NULL,0,NULL,2,'2025-08-23 22:02:01','2022-07-02 15:53:24',0),(35,'https://e-mag.md/product-category/placa-din-piatra-naturala/placi-perete-fasonata/','82:416e04ad94e7c53f5bf10db3e0f01ec8',79,'term','product_cat',NULL,NULL,NULL,NULL,'Placi perete fasonată',NULL,NULL,0,NULL,NULL,NULL,NULL,NULL,NULL,0,NULL,NULL,NULL,NULL,NULL,NULL,NULL,NULL,NULL,NULL,NULL,NULL,NULL,NULL,NULL,NULL,0,NULL,NULL,'2025-08-23 22:02:01','2025-08-25 04:28:55',1,NULL,NULL,NULL,NULL,0,NULL,2,'2025-08-25 07:28:55','2022-07-02 15:50:22',NULL),(38,'https://e-mag.md/shop/maro-50mm-x-lmm-rupta/','44:08dd7e6e4f715a0bd8f441fdb4598958',421,'post','product',1,0,NULL,NULL,'Maro 50mm x Lmm rupta','publish',NULL,0,NULL,NULL,NULL,NULL,NULL,0,0,NULL,0,NULL,NULL,NULL,NULL,'https://e-mag.md/wp-content/uploads/2025/08/maro-50mm-x-lmm-rupta.webp',NULL,'15682','featured-image',NULL,NULL,'https://e-mag.md/wp-content/uploads/2025/08/maro-50mm-x-lmm-rupta.webp','15682','featured-image','{\"width\":600,\"height\":400,\"filesize\":64448,\"url\":\"https://e-mag.md/wp-content/uploads/2025/08/maro-50mm-x-lmm-rupta.webp\",\"path\":\"/home/spacermd/public_html/e-mag.md/wp-content/uploads/2025/08/maro-50mm-x-lmm-rupta.webp\",\"size\":\"full\",\"id\":15682,\"alt\":\"Maro 50mm X Lmm Rupta\",\"pixels\":240000,\"type\":\"image/webp\"}',0,NULL,NULL,'2025-08-23 22:02:01','2025-08-25 07:12:33',1,NULL,NULL,NULL,NULL,0,NULL,2,'2025-08-23 22:02:01','2022-07-02 15:56:21',0),(41,'https://e-mag.md/shop/multicolor-50mm-x-lmm-rupta/','50:6ba98c6ba58d907adf1da216f9b977c4',427,'post','product',1,0,NULL,NULL,'Multicolor 50mm x Lmm rupta','publish',NULL,0,NULL,NULL,NULL,NULL,NULL,0,0,NULL,0,NULL,NULL,NULL,NULL,'https://e-mag.md/wp-content/uploads/2025/08/multicolor-50mm-x-lmm-rupta.webp',NULL,'15685','featured-image',NULL,NULL,'https://e-mag.md/wp-content/uploads/2025/08/multicolor-50mm-x-lmm-rupta.webp','15685','featured-image','{\"width\":600,\"height\":400,\"filesize\":49928,\"url\":\"https://e-mag.md/wp-content/uploads/2025/08/multicolor-50mm-x-lmm-rupta.webp\",\"path\":\"/home/spacermd/public_html/e-mag.md/wp-content/uploads/2025/08/multicolor-50mm-x-lmm-rupta.webp\",\"size\":\"full\",\"id\":15685,\"alt\":\"Multicolor 50mm X Lmm Rupta\",\"pixels\":240000,\"type\":\"image/webp\"}',0,NULL,NULL,'2025-08-23 22:02:01','2025-08-25 07:12:33',1,NULL,NULL,NULL,NULL,0,NULL,2,'2025-08-23 22:02:01','2022-07-02 16:03:04',0),(44,'https://e-mag.md/shop/aur-50mm-x-lmm-rupta/','43:3e020fff9841331b5a12d90361838c67',430,'post','product',1,0,NULL,NULL,'Aur 50mm x Lmm rupta','publish',NULL,0,NULL,NULL,NULL,NULL,NULL,0,0,NULL,0,NULL,NULL,NULL,NULL,'https://e-mag.md/wp-content/uploads/2025/08/aur-50mm-x-lmm-rupta.webp',NULL,'15688','featured-image',NULL,NULL,'https://e-mag.md/wp-content/uploads/2025/08/aur-50mm-x-lmm-rupta.webp','15688','featured-image','{\"width\":600,\"height\":400,\"filesize\":58052,\"url\":\"https://e-mag.md/wp-content/uploads/2025/08/aur-50mm-x-lmm-rupta.webp\",\"path\":\"/home/spacermd/public_html/e-mag.md/wp-content/uploads/2025/08/aur-50mm-x-lmm-rupta.webp\",\"size\":\"full\",\"id\":15688,\"alt\":\"Aur 50mm X Lmm Rupta\",\"pixels\":240000,\"type\":\"image/webp\"}',0,NULL,NULL,'2025-08-23 22:02:01','2025-08-25 07:12:33',1,NULL,NULL,NULL,NULL,0,NULL,2,'2025-08-23 22:02:01','2022-07-02 16:06:11',0),(47,'https://e-mag.md/shop/aschii-negru/','35:50566e2cf2a6c26d63badcb1f7cf6a22',436,'post','product',1,0,NULL,NULL,'Pietriș decorativ Negru (20kg)','publish',NULL,0,NULL,NULL,NULL,NULL,NULL,0,0,NULL,0,NULL,NULL,NULL,NULL,'https://e-mag.md/wp-content/uploads/2025/08/pietris-decorativ-negru-20kg.webp',NULL,'15691','featured-image',NULL,NULL,'https://e-mag.md/wp-content/uploads/2025/08/pietris-decorativ-negru-20kg.webp','15691','featured-image','{\"width\":600,\"height\":400,\"filesize\":15144,\"url\":\"https://e-mag.md/wp-content/uploads/2025/08/pietris-decorativ-negru-20kg.webp\",\"path\":\"/home/spacermd/public_html/e-mag.md/wp-content/uploads/2025/08/pietris-decorativ-negru-20kg.webp\",\"size\":\"full\",\"id\":15691,\"alt\":\"Pietris Decorativ Negru 20kg\",\"pixels\":240000,\"type\":\"image/webp\"}',0,4,NULL,'2025-08-23 22:02:01','2025-08-25 07:12:33',1,NULL,NULL,NULL,NULL,0,NULL,2,'2025-08-23 22:02:02','2022-07-02 17:28:40',0),(48,'https://e-mag.md/product-category/pietricele-decorative/pietris-decorativ/','74:5692161128bcb427717ceb027dc9382c',76,'term','product_cat',NULL,NULL,NULL,NULL,'Pietriș decorativ',NULL,NULL,0,NULL,NULL,NULL,'Pietriș decorativ',57,60,0,NULL,NULL,NULL,NULL,NULL,NULL,NULL,NULL,NULL,NULL,NULL,NULL,NULL,NULL,NULL,NULL,0,1,2,'2025-08-23 22:02:01','2025-08-25 20:15:50',1,NULL,NULL,NULL,NULL,1,NULL,2,'2025-08-25 20:15:50','2022-07-02 17:28:40',NULL),(49,'https://e-mag.md/product-category/pietricele-decorative/','56:debf4648d1d4452622c59518404d95f4',75,'term','product_cat',NULL,NULL,NULL,NULL,'Pietricele Decorative',NULL,NULL,0,NULL,NULL,NULL,'Pietricele Decorative',57,60,0,NULL,NULL,NULL,NULL,NULL,NULL,NULL,NULL,NULL,NULL,NULL,NULL,NULL,NULL,NULL,NULL,0,NULL,2,'2025-08-23 22:02:02','2025-08-25 18:14:53',1,NULL,NULL,NULL,NULL,0,NULL,2,'2025-08-25 18:14:53','2022-07-02 17:28:40',NULL),(51,'https://e-mag.md/shop/aschii-rosu/','34:8fcab5d3700673b910a498553e89515c',440,'post','product',1,0,NULL,NULL,'Pietriș decorativ Roșu (20kg)','publish',NULL,0,NULL,NULL,NULL,NULL,NULL,90,0,NULL,0,NULL,NULL,NULL,NULL,'https://e-mag.md/wp-content/uploads/2025/08/pietris-decorativ-rosu.webp',NULL,'15693','featured-image',NULL,NULL,'https://e-mag.md/wp-content/uploads/2025/08/pietris-decorativ-rosu.webp','15693','featured-image','{\"width\":600,\"height\":400,\"filesize\":51566,\"url\":\"https://e-mag.md/wp-content/uploads/2025/08/pietris-decorativ-rosu.webp\",\"path\":\"/home/spacermd/public_html/e-mag.md/wp-content/uploads/2025/08/pietris-decorativ-rosu.webp\",\"size\":\"full\",\"id\":15693,\"alt\":\"\",\"pixels\":240000,\"type\":\"image/webp\"}',0,NULL,NULL,'2025-08-23 22:02:02','2025-08-25 07:12:33',1,NULL,NULL,NULL,NULL,0,1,2,'2025-08-23 22:02:02','2022-07-02 17:33:23',0),(53,'https://e-mag.md/shop/aschii-alb/','33:805b082d89708bcf19d04e5e9d1ab14a',442,'post','product',1,0,NULL,NULL,'Pietriș decorativ Alb (20kg)','publish',NULL,0,NULL,NULL,NULL,NULL,NULL,0,0,NULL,0,NULL,NULL,NULL,NULL,'https://e-mag.md/wp-content/uploads/2025/08/pietris-decorativ-alb-20kg.webp',NULL,'15695','featured-image',NULL,NULL,'https://e-mag.md/wp-content/uploads/2025/08/pietris-decorativ-alb-20kg.webp','15695','featured-image','{\"width\":600,\"height\":400,\"filesize\":5050,\"url\":\"https://e-mag.md/wp-content/uploads/2025/08/pietris-decorativ-alb-20kg.webp\",\"path\":\"/home/spacermd/public_html/e-mag.md/wp-content/uploads/2025/08/pietris-decorativ-alb-20kg.webp\",\"size\":\"full\",\"id\":15695,\"alt\":\"Pietris Decorativ Alb 20kg\",\"pixels\":240000,\"type\":\"image/webp\"}',0,NULL,NULL,'2025-08-23 22:02:02','2025-08-25 07:12:33',1,NULL,NULL,NULL,NULL,0,NULL,2,'2025-08-23 22:02:02','2022-07-02 17:36:36',0),(55,'https://e-mag.md/shop/aschii-piersic/','37:620961b523dc0bebd0086d0d3dd0a3eb',444,'post','product',1,0,NULL,NULL,'Pietriș decorativ Piersic (20kg)','publish',NULL,0,NULL,NULL,NULL,NULL,NULL,90,0,NULL,0,NULL,NULL,NULL,NULL,'https://e-mag.md/wp-content/uploads/2025/08/pietris-decorativ-piersic-20kg-1.webp',NULL,'15697','featured-image',NULL,NULL,'https://e-mag.md/wp-content/uploads/2025/08/pietris-decorativ-piersic-20kg-1.webp','15697','featured-image','{\"width\":600,\"height\":400,\"filesize\":112984,\"url\":\"https://e-mag.md/wp-content/uploads/2025/08/pietris-decorativ-piersic-20kg-1.webp\",\"path\":\"/home/spacermd/public_html/e-mag.md/wp-content/uploads/2025/08/pietris-decorativ-piersic-20kg-1.webp\",\"size\":\"full\",\"id\":15697,\"alt\":\"\",\"pixels\":240000,\"type\":\"image/webp\"}',0,NULL,NULL,'2025-08-23 22:02:02','2025-08-25 07:12:33',1,NULL,NULL,NULL,NULL,0,1,2,'2025-08-23 22:02:02','2022-07-02 17:39:14',0),(57,'https://e-mag.md/shop/aschii-multicolor/','40:6db9232f98b306375ec99af0c97f1d5c',446,'post','product',1,0,NULL,NULL,'Pietriș decorativ Multicolor (20kg)','publish',NULL,0,NULL,NULL,NULL,NULL,NULL,0,0,NULL,0,NULL,NULL,NULL,NULL,'https://e-mag.md/wp-content/uploads/2025/08/pietris-decorativ-multicolor-20kg.webp',NULL,'15699','featured-image',NULL,NULL,'https://e-mag.md/wp-content/uploads/2025/08/pietris-decorativ-multicolor-20kg.webp','15699','featured-image','{\"width\":600,\"height\":400,\"filesize\":59234,\"url\":\"https://e-mag.md/wp-content/uploads/2025/08/pietris-decorativ-multicolor-20kg.webp\",\"path\":\"/home/spacermd/public_html/e-mag.md/wp-content/uploads/2025/08/pietris-decorativ-multicolor-20kg.webp\",\"size\":\"full\",\"id\":15699,\"alt\":\"Pietris Decorativ Multicolor 20kg\",\"pixels\":240000,\"type\":\"image/webp\"}',0,NULL,NULL,'2025-08-23 22:02:04','2025-08-25 07:12:33',1,NULL,NULL,NULL,NULL,0,NULL,2,'2025-08-23 22:02:04','2022-07-02 17:42:12',0),(59,'https://e-mag.md/shop/aschii-maro/','34:0ceeac1c249c4a423f98b9913c98b5b2',448,'post','product',1,0,NULL,NULL,'Pietriș decorativ Maro (20kg)','publish',NULL,0,NULL,NULL,NULL,NULL,NULL,0,0,NULL,0,NULL,NULL,NULL,NULL,'https://e-mag.md/wp-content/uploads/2025/08/pietris-decorativ-maro-20kg.webp',NULL,'15701','featured-image',NULL,NULL,'https://e-mag.md/wp-content/uploads/2025/08/pietris-decorativ-maro-20kg.webp','15701','featured-image','{\"width\":600,\"height\":400,\"filesize\":60122,\"url\":\"https://e-mag.md/wp-content/uploads/2025/08/pietris-decorativ-maro-20kg.webp\",\"path\":\"/home/spacermd/public_html/e-mag.md/wp-content/uploads/2025/08/pietris-decorativ-maro-20kg.webp\",\"size\":\"full\",\"id\":15701,\"alt\":\"Pietris Decorativ Maro 20kg\",\"pixels\":240000,\"type\":\"image/webp\"}',0,NULL,NULL,'2025-08-23 22:02:04','2025-08-25 07:12:33',1,NULL,NULL,NULL,NULL,0,NULL,2,'2025-08-23 22:02:04','2022-07-02 17:46:29',0),(61,'https://e-mag.md/shop/pietris-decorativ-leopard/','48:6a4067305cf2b843e7a74999d02fd23a',450,'post','product',1,0,'%%title%% %%page%% %%sep%% Livrare în toată Moldova','Cumpărați online %%title%% și alte produse din piatră naturală la cel mai bun preț cu livrare.','Pietriș decorativ Leopard (20kg)','publish',NULL,0,NULL,NULL,NULL,NULL,NULL,0,0,NULL,0,NULL,NULL,NULL,NULL,'https://e-mag.md/wp-content/uploads/2025/08/pietris-decorativ-leopard-20kg.webp',NULL,'15703','featured-image',NULL,NULL,'https://e-mag.md/wp-content/uploads/2025/08/pietris-decorativ-leopard-20kg.webp','15703','featured-image','{\"width\":600,\"height\":400,\"filesize\":52294,\"url\":\"https://e-mag.md/wp-content/uploads/2025/08/pietris-decorativ-leopard-20kg.webp\",\"path\":\"/home/spacermd/public_html/e-mag.md/wp-content/uploads/2025/08/pietris-decorativ-leopard-20kg.webp\",\"size\":\"full\",\"id\":15703,\"alt\":\"Pietris Decorativ Leopard 20kg\",\"pixels\":240000,\"type\":\"image/webp\"}',0,NULL,NULL,'2025-08-23 22:02:04','2025-08-25 09:01:13',1,NULL,NULL,NULL,NULL,0,0,2,'2025-08-23 22:02:04','2022-07-02 17:48:47',0),(63,'https://e-mag.md/shop/aschii-cireasa/','37:4f867d3a9d69de535dae5b5412d435f4',452,'post','product',1,0,NULL,NULL,'Pietriș decorativ Cireașă (20kg)','publish',NULL,0,NULL,NULL,NULL,NULL,NULL,0,0,NULL,0,NULL,NULL,NULL,NULL,'https://e-mag.md/wp-content/uploads/2025/08/pietris-decorativ-cireasa-20kg.webp',NULL,'15705','featured-image',NULL,NULL,'https://e-mag.md/wp-content/uploads/2025/08/pietris-decorativ-cireasa-20kg.webp','15705','featured-image','{\"width\":600,\"height\":400,\"filesize\":54300,\"url\":\"https://e-mag.md/wp-content/uploads/2025/08/pietris-decorativ-cireasa-20kg.webp\",\"path\":\"/home/spacermd/public_html/e-mag.md/wp-content/uploads/2025/08/pietris-decorativ-cireasa-20kg.webp\",\"size\":\"full\",\"id\":15705,\"alt\":\"Pietris Decorativ Cireasa 20kg\",\"pixels\":240000,\"type\":\"image/webp\"}',0,NULL,NULL,'2025-08-23 22:02:04','2025-08-25 09:01:13',1,NULL,NULL,NULL,NULL,0,NULL,2,'2025-08-23 22:02:04','2022-07-02 17:52:39',0),(65,'https://e-mag.md/shop/aschii-de-marmura-alba/','45:44d90c28f45f65cef81934f3abd8a7d2',455,'post','product',1,0,NULL,NULL,'Pietriș decorativ de marmură Albă (20kg)','publish',NULL,0,NULL,NULL,NULL,NULL,NULL,0,0,NULL,0,NULL,NULL,NULL,NULL,'https://e-mag.md/wp-content/uploads/2025/08/pietris-decorativ-de-marmura-alba-20kg.webp',NULL,'15707','featured-image',NULL,NULL,'https://e-mag.md/wp-content/uploads/2025/08/pietris-decorativ-de-marmura-alba-20kg.webp','15707','featured-image','{\"width\":600,\"height\":400,\"filesize\":15618,\"url\":\"https://e-mag.md/wp-content/uploads/2025/08/pietris-decorativ-de-marmura-alba-20kg.webp\",\"path\":\"/home/spacermd/public_html/e-mag.md/wp-content/uploads/2025/08/pietris-decorativ-de-marmura-alba-20kg.webp\",\"size\":\"full\",\"id\":15707,\"alt\":\"Pietris Decorativ De Marmura Alba 20kg\",\"pixels\":240000,\"type\":\"image/webp\"}',0,NULL,NULL,'2025-08-23 22:02:05','2025-08-25 09:01:13',1,NULL,NULL,NULL,NULL,0,NULL,2,'2025-08-23 22:02:05','2022-07-02 17:55:17',0),(67,'https://e-mag.md/shop/pietre-decorative-moon-stone/','51:ab6052669e3cada59afd8725ee6160b4',457,'post','product',1,0,NULL,NULL,'Pietre Decorative Moon Stone','publish',NULL,0,NULL,NULL,NULL,NULL,NULL,0,0,NULL,0,NULL,NULL,NULL,NULL,'https://e-mag.md/wp-content/uploads/2025/08/pietre-decorative-moon-stone.webp',NULL,'15709','featured-image',NULL,NULL,'https://e-mag.md/wp-content/uploads/2025/08/pietre-decorative-moon-stone.webp','15709','featured-image','{\"width\":600,\"height\":400,\"filesize\":48616,\"url\":\"https://e-mag.md/wp-content/uploads/2025/08/pietre-decorative-moon-stone.webp\",\"path\":\"/home/spacermd/public_html/e-mag.md/wp-content/uploads/2025/08/pietre-decorative-moon-stone.webp\",\"size\":\"full\",\"id\":15709,\"alt\":\"Pietre Decorative Moon Stone\",\"pixels\":240000,\"type\":\"image/webp\"}',0,NULL,NULL,'2025-08-23 22:02:05','2025-08-25 09:01:13',1,NULL,NULL,NULL,NULL,0,NULL,2,'2025-08-23 22:02:05','2022-07-02 18:39:25',0),(68,'https://e-mag.md/product-category/pietricele-decorative/prundis-decorativ/','74:83198b1a49135a1d4c4af1d58d495a6f',81,'term','product_cat',NULL,NULL,NULL,NULL,'Prundiș decorativ',NULL,NULL,0,NULL,NULL,NULL,'Prundiș decorativ',57,60,0,NULL,NULL,NULL,NULL,NULL,NULL,NULL,NULL,NULL,NULL,NULL,NULL,NULL,NULL,NULL,NULL,0,NULL,2,'2025-08-23 22:02:05','2025-08-25 19:39:11',1,NULL,NULL,NULL,NULL,1,NULL,2,'2025-08-25 19:39:11','2022-07-02 18:39:25',NULL),(70,'https://e-mag.md/shop/pietre-decorative-wooden-stone/','53:8e21b325cb61a50e3f30528c93d35f54',459,'post','product',1,0,NULL,NULL,'Pietre Decorative Wooden Stone','publish',NULL,0,NULL,NULL,NULL,NULL,NULL,0,0,NULL,0,NULL,NULL,NULL,NULL,'https://e-mag.md/wp-content/uploads/2025/08/pietre-decorative-wooden-stone.webp',NULL,'15711','featured-image',NULL,NULL,'https://e-mag.md/wp-content/uploads/2025/08/pietre-decorative-wooden-stone.webp','15711','featured-image','{\"width\":600,\"height\":400,\"filesize\":58782,\"url\":\"https://e-mag.md/wp-content/uploads/2025/08/pietre-decorative-wooden-stone.webp\",\"path\":\"/home/spacermd/public_html/e-mag.md/wp-content/uploads/2025/08/pietre-decorative-wooden-stone.webp\",\"size\":\"full\",\"id\":15711,\"alt\":\"Pietre Decorative Wooden Stone\",\"pixels\":240000,\"type\":\"image/webp\"}',0,NULL,NULL,'2025-08-23 22:02:05','2025-08-25 09:01:13',1,NULL,NULL,NULL,NULL,0,NULL,2,'2025-08-23 22:02:05','2022-07-02 18:42:28',0),(72,'https://e-mag.md/shop/pietre-decorative-lava-red/','49:fd9bcf844e143cd5f0198dc219fd63e4',461,'post','product',1,0,NULL,NULL,'Pietre Decorative Lava Red','publish',NULL,0,NULL,NULL,NULL,NULL,NULL,0,0,NULL,0,NULL,NULL,NULL,NULL,'https://e-mag.md/wp-content/uploads/2025/08/pietre-decorative-lava-red.webp',NULL,'15713','featured-image',NULL,NULL,'https://e-mag.md/wp-content/uploads/2025/08/pietre-decorative-lava-red.webp','15713','featured-image','{\"width\":600,\"height\":400,\"filesize\":50172,\"url\":\"https://e-mag.md/wp-content/uploads/2025/08/pietre-decorative-lava-red.webp\",\"path\":\"/home/spacermd/public_html/e-mag.md/wp-content/uploads/2025/08/pietre-decorative-lava-red.webp\",\"size\":\"full\",\"id\":15713,\"alt\":\"Pietre Decorative Lava Red\",\"pixels\":240000,\"type\":\"image/webp\"}',0,NULL,NULL,'2025-08-23 22:02:05','2025-08-25 09:01:13',1,NULL,NULL,NULL,NULL,0,NULL,2,'2025-08-23 22:02:05','2022-07-02 18:44:48',0),(74,'https://e-mag.md/shop/pietre-decorative-spaghetti-green/','56:cc39a36bccd4e1b7174c27418cf3568f',463,'post','product',1,0,NULL,NULL,'Pietre Decorative Spaghetti Green','publish',NULL,0,NULL,NULL,NULL,NULL,NULL,0,0,NULL,0,NULL,NULL,NULL,NULL,'https://e-mag.md/wp-content/uploads/2025/08/pietre-decorative-spaghetti-green.webp',NULL,'15715','featured-image',NULL,NULL,'https://e-mag.md/wp-content/uploads/2025/08/pietre-decorative-spaghetti-green.webp','15715','featured-image','{\"width\":600,\"height\":400,\"filesize\":47728,\"url\":\"https://e-mag.md/wp-content/uploads/2025/08/pietre-decorative-spaghetti-green.webp\",\"path\":\"/home/spacermd/public_html/e-mag.md/wp-content/uploads/2025/08/pietre-decorative-spaghetti-green.webp\",\"size\":\"full\",\"id\":15715,\"alt\":\"Pietre Decorative Spaghetti Green\",\"pixels\":240000,\"type\":\"image/webp\"}',0,NULL,NULL,'2025-08-23 22:02:05','2025-08-25 09:01:13',1,NULL,NULL,NULL,NULL,0,NULL,2,'2025-08-23 22:02:05','2022-07-02 18:47:06',0),(76,'https://e-mag.md/shop/pietris-rotunjita-red-pebble/','51:36f29d9f97198d7256b02e4fbae5db98',467,'post','product',1,0,NULL,NULL,'Prundiș decorativ Red Pebble (20kg)','publish',NULL,0,NULL,NULL,NULL,NULL,NULL,0,0,NULL,0,NULL,NULL,NULL,NULL,'https://e-mag.md/wp-content/uploads/2025/08/prundis-decorativ-red-pebble-20kg.webp',NULL,'15717','featured-image',NULL,NULL,'https://e-mag.md/wp-content/uploads/2025/08/prundis-decorativ-red-pebble-20kg.webp','15717','featured-image','{\"width\":600,\"height\":400,\"filesize\":38178,\"url\":\"https://e-mag.md/wp-content/uploads/2025/08/prundis-decorativ-red-pebble-20kg.webp\",\"path\":\"/home/spacermd/public_html/e-mag.md/wp-content/uploads/2025/08/prundis-decorativ-red-pebble-20kg.webp\",\"size\":\"full\",\"id\":15717,\"alt\":\"Prundis Decorativ Red Pebble 20kg\",\"pixels\":240000,\"type\":\"image/webp\"}',0,2,NULL,'2025-08-23 22:02:06','2025-08-25 09:01:13',1,NULL,NULL,NULL,NULL,0,NULL,2,'2025-08-23 22:02:06','2022-07-02 18:53:24',0),(78,'https://e-mag.md/shop/pietris-rotunjita-inci/','45:75928e386c3bf6a1a290bcfc9f66902b',469,'post','product',1,0,NULL,NULL,'Prundiș decorativ Inci (20kg)','publish',NULL,0,NULL,NULL,NULL,NULL,NULL,0,0,NULL,0,NULL,NULL,NULL,NULL,'https://e-mag.md/wp-content/uploads/2025/08/prundis-decorativ-inci-20kg.webp',NULL,'15719','featured-image',NULL,NULL,'https://e-mag.md/wp-content/uploads/2025/08/prundis-decorativ-inci-20kg.webp','15719','featured-image','{\"width\":600,\"height\":400,\"filesize\":31942,\"url\":\"https://e-mag.md/wp-content/uploads/2025/08/prundis-decorativ-inci-20kg.webp\",\"path\":\"/home/spacermd/public_html/e-mag.md/wp-content/uploads/2025/08/prundis-decorativ-inci-20kg.webp\",\"size\":\"full\",\"id\":15719,\"alt\":\"Prundis Decorativ Inci 20kg\",\"pixels\":240000,\"type\":\"image/webp\"}',0,NULL,NULL,'2025-08-23 22:02:07','2025-08-25 09:01:13',1,NULL,NULL,NULL,NULL,0,NULL,2,'2025-08-23 22:02:07','2022-07-02 18:55:46',0),(80,'https://e-mag.md/shop/pietris-rotunjita-mixt/','45:41a75657cd175f03b9a22a598255d1fb',481,'post','product',1,0,NULL,NULL,'Prundiș decorativ Mixt (20kg)','publish',NULL,0,NULL,NULL,NULL,NULL,NULL,0,0,NULL,0,NULL,NULL,NULL,NULL,'https://e-mag.md/wp-content/uploads/2025/08/prundis-decorativ-mixt-20kg.webp',NULL,'15721','featured-image',NULL,NULL,'https://e-mag.md/wp-content/uploads/2025/08/prundis-decorativ-mixt-20kg.webp','15721','featured-image','{\"width\":600,\"height\":400,\"filesize\":35210,\"url\":\"https://e-mag.md/wp-content/uploads/2025/08/prundis-decorativ-mixt-20kg.webp\",\"path\":\"/home/spacermd/public_html/e-mag.md/wp-content/uploads/2025/08/prundis-decorativ-mixt-20kg.webp\",\"size\":\"full\",\"id\":15721,\"alt\":\"Prundis Decorativ Mixt 20kg\",\"pixels\":240000,\"type\":\"image/webp\"}',0,NULL,NULL,'2025-08-23 22:02:07','2025-08-25 09:01:13',1,NULL,NULL,NULL,NULL,0,NULL,2,'2025-08-23 22:02:07','2022-07-02 19:16:10',0),(82,'https://e-mag.md/shop/pietris-rotunjita-bazalt/','47:8d389c91e1c168f01f2d4801a06e59b0',483,'post','product',1,0,NULL,NULL,'Prundiș decorativ Bazalt (20kg)','publish',NULL,0,NULL,NULL,NULL,NULL,NULL,0,0,NULL,0,NULL,NULL,NULL,NULL,'https://e-mag.md/wp-content/uploads/2025/08/prundis-decorativ-bazalt-20kg.webp',NULL,'15723','featured-image',NULL,NULL,'https://e-mag.md/wp-content/uploads/2025/08/prundis-decorativ-bazalt-20kg.webp','15723','featured-image','{\"width\":600,\"height\":400,\"filesize\":32692,\"url\":\"https://e-mag.md/wp-content/uploads/2025/08/prundis-decorativ-bazalt-20kg.webp\",\"path\":\"/home/spacermd/public_html/e-mag.md/wp-content/uploads/2025/08/prundis-decorativ-bazalt-20kg.webp\",\"size\":\"full\",\"id\":15723,\"alt\":\"Prundis Decorativ Bazalt 20kg\",\"pixels\":240000,\"type\":\"image/webp\"}',0,2,NULL,'2025-08-23 22:02:07','2025-08-25 09:29:35',1,NULL,NULL,NULL,NULL,0,NULL,2,'2025-08-23 22:02:07','2022-07-02 19:19:04',0),(84,'https://e-mag.md/shop/pietre-decorative-riviera/','48:f83d1b8d03c5d5b5977cfc1b235af78f',485,'post','product',1,0,NULL,NULL,'Pietre Decorative Riviera','publish',NULL,0,NULL,NULL,NULL,NULL,NULL,0,0,NULL,0,NULL,NULL,NULL,NULL,'https://e-mag.md/wp-content/uploads/2025/08/pietre-decorative-riviera.webp',NULL,'15725','featured-image',NULL,NULL,'https://e-mag.md/wp-content/uploads/2025/08/pietre-decorative-riviera.webp','15725','featured-image','{\"width\":600,\"height\":400,\"filesize\":23954,\"url\":\"https://e-mag.md/wp-content/uploads/2025/08/pietre-decorative-riviera.webp\",\"path\":\"/home/spacermd/public_html/e-mag.md/wp-content/uploads/2025/08/pietre-decorative-riviera.webp\",\"size\":\"full\",\"id\":15725,\"alt\":\"Pietre Decorative Riviera\",\"pixels\":240000,\"type\":\"image/webp\"}',0,NULL,NULL,'2025-08-23 22:02:07','2025-08-25 09:29:35',1,NULL,NULL,NULL,NULL,0,NULL,2,'2025-08-23 22:02:07','2022-07-02 19:21:40',0),(86,'https://e-mag.md/shop/pietris-rotunjita-riviera/','48:ee5e21640ee5476703869037651bd5dd',487,'post','product',1,0,NULL,NULL,'Prundiș decorativ Riviera (20kg)','publish',NULL,0,NULL,NULL,NULL,NULL,NULL,0,0,NULL,0,NULL,NULL,NULL,NULL,'https://e-mag.md/wp-content/uploads/2025/08/prundis-decorativ-riviera-20kg.webp',NULL,'15727','featured-image',NULL,NULL,'https://e-mag.md/wp-content/uploads/2025/08/prundis-decorativ-riviera-20kg.webp','15727','featured-image','{\"width\":600,\"height\":400,\"filesize\":24372,\"url\":\"https://e-mag.md/wp-content/uploads/2025/08/prundis-decorativ-riviera-20kg.webp\",\"path\":\"/home/spacermd/public_html/e-mag.md/wp-content/uploads/2025/08/prundis-decorativ-riviera-20kg.webp\",\"size\":\"full\",\"id\":15727,\"alt\":\"Prundis Decorativ Riviera 20kg\",\"pixels\":240000,\"type\":\"image/webp\"}',0,2,NULL,'2025-08-23 22:02:08','2025-08-25 09:29:35',1,NULL,NULL,NULL,NULL,0,NULL,2,'2025-08-23 22:02:08','2022-07-02 19:25:01',0),(88,'https://e-mag.md/shop/pietris-rotunjita-nero/','45:88a3197bf110b306b5fc7f8af7747281',489,'post','product',1,0,NULL,NULL,'Prundiș decorativ Nero (20kg)','publish',NULL,0,NULL,NULL,NULL,NULL,NULL,0,0,NULL,0,NULL,NULL,NULL,NULL,'https://e-mag.md/wp-content/uploads/2025/08/prundis-decorativ-nero-20kg.webp',NULL,'15729','featured-image',NULL,NULL,'https://e-mag.md/wp-content/uploads/2025/08/prundis-decorativ-nero-20kg.webp','15729','featured-image','{\"width\":600,\"height\":400,\"filesize\":39976,\"url\":\"https://e-mag.md/wp-content/uploads/2025/08/prundis-decorativ-nero-20kg.webp\",\"path\":\"/home/spacermd/public_html/e-mag.md/wp-content/uploads/2025/08/prundis-decorativ-nero-20kg.webp\",\"size\":\"full\",\"id\":15729,\"alt\":\"Prundis Decorativ Nero 20kg\",\"pixels\":240000,\"type\":\"image/webp\"}',0,2,NULL,'2025-08-23 22:02:08','2025-08-25 09:29:35',1,NULL,NULL,NULL,NULL,0,NULL,2,'2025-08-23 22:02:08','2022-07-02 19:27:34',0),(90,'https://e-mag.md/shop/pietre-decorative-black-angel/','52:af916ad983038004f59419d92ccd5dc6',491,'post','product',1,0,NULL,NULL,'Pietre Decorative Black Angel','publish',NULL,0,NULL,NULL,NULL,NULL,NULL,0,0,NULL,0,NULL,NULL,NULL,NULL,'https://e-mag.md/wp-content/uploads/2025/08/pietre-decorative-black-angel.webp',NULL,'15731','featured-image',NULL,NULL,'https://e-mag.md/wp-content/uploads/2025/08/pietre-decorative-black-angel.webp','15731','featured-image','{\"width\":600,\"height\":400,\"filesize\":37294,\"url\":\"https://e-mag.md/wp-content/uploads/2025/08/pietre-decorative-black-angel.webp\",\"path\":\"/home/spacermd/public_html/e-mag.md/wp-content/uploads/2025/08/pietre-decorative-black-angel.webp\",\"size\":\"full\",\"id\":15731,\"alt\":\"Pietre Decorative Black Angel\",\"pixels\":240000,\"type\":\"image/webp\"}',0,NULL,NULL,'2025-08-23 22:02:08','2025-08-25 09:29:35',1,NULL,NULL,NULL,NULL,0,NULL,2,'2025-08-23 22:02:08','2022-07-02 19:30:52',0),(92,'https://e-mag.md/shop/pietris-rotunjita-black-angel/','52:9aef1efa6fe03601d21b46b5eccadc47',493,'post','product',1,0,NULL,NULL,'Prundiș decorativ Black Angel (20kg)','publish',NULL,0,NULL,NULL,NULL,NULL,NULL,0,0,NULL,0,NULL,NULL,NULL,NULL,'https://e-mag.md/wp-content/uploads/2025/08/prundis-decorativ-black-angel-20kg.webp',NULL,'15733','featured-image',NULL,NULL,'https://e-mag.md/wp-content/uploads/2025/08/prundis-decorativ-black-angel-20kg.webp','15733','featured-image','{\"width\":600,\"height\":400,\"filesize\":41374,\"url\":\"https://e-mag.md/wp-content/uploads/2025/08/prundis-decorativ-black-angel-20kg.webp\",\"path\":\"/home/spacermd/public_html/e-mag.md/wp-content/uploads/2025/08/prundis-decorativ-black-angel-20kg.webp\",\"size\":\"full\",\"id\":15733,\"alt\":\"Prundis Decorativ Black Angel 20kg\",\"pixels\":240000,\"type\":\"image/webp\"}',0,NULL,NULL,'2025-08-23 22:02:08','2025-08-25 09:29:35',1,NULL,NULL,NULL,NULL,0,NULL,2,'2025-08-23 22:02:08','2022-07-02 19:33:30',0),(94,'https://e-mag.md/shop/pietris-rotunjita-bordo/','46:fa1605b5272a6ed72cb3bd73dbddb1e2',495,'post','product',1,0,NULL,NULL,'Prundiș decorativ Bordo (20kg)','publish',NULL,0,NULL,NULL,NULL,NULL,NULL,0,0,NULL,0,NULL,NULL,NULL,NULL,'https://e-mag.md/wp-content/uploads/2025/08/prundis-decorativ-bordo-20kg.webp',NULL,'15735','featured-image',NULL,NULL,'https://e-mag.md/wp-content/uploads/2025/08/prundis-decorativ-bordo-20kg.webp','15735','featured-image','{\"width\":600,\"height\":400,\"filesize\":41828,\"url\":\"https://e-mag.md/wp-content/uploads/2025/08/prundis-decorativ-bordo-20kg.webp\",\"path\":\"/home/spacermd/public_html/e-mag.md/wp-content/uploads/2025/08/prundis-decorativ-bordo-20kg.webp\",\"size\":\"full\",\"id\":15735,\"alt\":\"Prundis Decorativ Bordo 20kg\",\"pixels\":240000,\"type\":\"image/webp\"}',0,NULL,NULL,'2025-08-23 22:02:08','2025-08-25 09:29:35',1,NULL,NULL,NULL,NULL,0,NULL,2,'2025-08-23 22:02:08','2022-07-02 19:36:13',0),(96,'https://e-mag.md/shop/pietris-rotunjita-green-angel/','52:3bdfc7c1139aac94db5f052882c39a90',497,'post','product',1,0,NULL,NULL,'Prundiș decorativ Green Angel (20kg)','publish',NULL,0,NULL,NULL,NULL,NULL,NULL,0,0,NULL,0,NULL,NULL,NULL,NULL,'https://e-mag.md/wp-content/uploads/2025/08/prundis-decorativ-green-angel-20kg.webp',NULL,'15737','featured-image',NULL,NULL,'https://e-mag.md/wp-content/uploads/2025/08/prundis-decorativ-green-angel-20kg.webp','15737','featured-image','{\"width\":600,\"height\":400,\"filesize\":50192,\"url\":\"https://e-mag.md/wp-content/uploads/2025/08/prundis-decorativ-green-angel-20kg.webp\",\"path\":\"/home/spacermd/public_html/e-mag.md/wp-content/uploads/2025/08/prundis-decorativ-green-angel-20kg.webp\",\"size\":\"full\",\"id\":15737,\"alt\":\"Prundis Decorativ Green Angel 20kg\",\"pixels\":240000,\"type\":\"image/webp\"}',0,NULL,NULL,'2025-08-23 22:02:09','2025-08-25 09:29:35',1,NULL,NULL,NULL,NULL,0,NULL,2,'2025-08-23 22:02:09','2022-07-02 19:38:54',0),(98,'https://e-mag.md/shop/pietre-decorative-rainbow/','48:8113543b7ef9ad4c6cca0597dcf6799c',499,'post','product',1,0,NULL,NULL,'Pietre Decorative Rainbow','publish',NULL,0,NULL,NULL,NULL,NULL,NULL,0,0,NULL,0,NULL,NULL,NULL,NULL,'https://e-mag.md/wp-content/uploads/2025/08/pietre-decorative-rainbow.webp',NULL,'15739','featured-image',NULL,NULL,'https://e-mag.md/wp-content/uploads/2025/08/pietre-decorative-rainbow.webp','15739','featured-image','{\"width\":600,\"height\":400,\"filesize\":36652,\"url\":\"https://e-mag.md/wp-content/uploads/2025/08/pietre-decorative-rainbow.webp\",\"path\":\"/home/spacermd/public_html/e-mag.md/wp-content/uploads/2025/08/pietre-decorative-rainbow.webp\",\"size\":\"full\",\"id\":15739,\"alt\":\"Pietre Decorative Rainbow\",\"pixels\":240000,\"type\":\"image/webp\"}',0,NULL,NULL,'2025-08-23 22:02:10','2025-08-25 09:29:35',1,NULL,NULL,NULL,NULL,0,NULL,2,'2025-08-23 22:02:10','2022-07-02 19:41:21',0),(100,'https://e-mag.md/shop/pietris-rotunjita-rainbow/','48:b6d71bbd016eb0a6a8dd24c30a94714e',501,'post','product',1,0,NULL,NULL,'Prundiș decorativ Rainbow (20kg)','publish',NULL,0,NULL,NULL,NULL,NULL,NULL,0,0,NULL,0,NULL,NULL,NULL,NULL,'https://e-mag.md/wp-content/uploads/2025/08/prundis-decorativ-rainbow-20kg.webp',NULL,'15741','featured-image',NULL,NULL,'https://e-mag.md/wp-content/uploads/2025/08/prundis-decorativ-rainbow-20kg.webp','15741','featured-image','{\"width\":600,\"height\":400,\"filesize\":35962,\"url\":\"https://e-mag.md/wp-content/uploads/2025/08/prundis-decorativ-rainbow-20kg.webp\",\"path\":\"/home/spacermd/public_html/e-mag.md/wp-content/uploads/2025/08/prundis-decorativ-rainbow-20kg.webp\",\"size\":\"full\",\"id\":15741,\"alt\":\"Prundis Decorativ Rainbow 20kg\",\"pixels\":240000,\"type\":\"image/webp\"}',0,NULL,NULL,'2025-08-23 22:02:10','2025-08-25 09:29:35',1,NULL,NULL,NULL,NULL,0,NULL,2,'2025-08-23 22:02:10','2022-07-02 19:44:09',0),(102,'https://e-mag.md/shop/pietris-plat-river-80-120mm-20kg/','55:5e9c07865f0475dbc30dbbdc56a87319',506,'post','product',1,0,NULL,NULL,'Prundiș decorativ Plat River 80-120mm (20kg)','publish',NULL,0,NULL,NULL,NULL,NULL,NULL,0,0,NULL,0,NULL,NULL,NULL,NULL,'https://e-mag.md/wp-content/uploads/2025/08/prundis-decorativ-plat-river-80-120mm-20kg.webp',NULL,'15743','featured-image',NULL,NULL,'https://e-mag.md/wp-content/uploads/2025/08/prundis-decorativ-plat-river-80-120mm-20kg.webp','15743','featured-image','{\"width\":600,\"height\":600,\"filesize\":65622,\"url\":\"https://e-mag.md/wp-content/uploads/2025/08/prundis-decorativ-plat-river-80-120mm-20kg.webp\",\"path\":\"/home/spacermd/public_html/e-mag.md/wp-content/uploads/2025/08/prundis-decorativ-plat-river-80-120mm-20kg.webp\",\"size\":\"full\",\"id\":15743,\"alt\":\"Prundis Decorativ Plat River 80 120mm 20kg\",\"pixels\":360000,\"type\":\"image/webp\"}',0,2,NULL,'2025-08-23 22:02:10','2025-08-25 09:29:35',1,NULL,NULL,NULL,NULL,0,NULL,2,'2025-08-23 22:02:10','2022-07-02 19:52:48',0),(106,'https://e-mag.md/shop/pietris-rotunjita-rainbow-40-80mm-20kg/','61:e38344bdbc687cac0380795005ea036a',509,'post','product',1,0,NULL,NULL,'Prundiș decorativ Rainbow 40-80mm (20kg)','publish',NULL,0,NULL,NULL,NULL,NULL,NULL,0,0,NULL,0,NULL,NULL,NULL,NULL,'https://e-mag.md/wp-content/uploads/2025/08/prundis-decorativ-rainbow-40-80mm-20kg.webp',NULL,'15747','featured-image',NULL,NULL,'https://e-mag.md/wp-content/uploads/2025/08/prundis-decorativ-rainbow-40-80mm-20kg.webp','15747','featured-image','{\"width\":600,\"height\":600,\"filesize\":67538,\"url\":\"https://e-mag.md/wp-content/uploads/2025/08/prundis-decorativ-rainbow-40-80mm-20kg.webp\",\"path\":\"/home/spacermd/public_html/e-mag.md/wp-content/uploads/2025/08/prundis-decorativ-rainbow-40-80mm-20kg.webp\",\"size\":\"full\",\"id\":15747,\"alt\":\"Prundis Decorativ Rainbow 40 80mm 20kg\",\"pixels\":360000,\"type\":\"image/webp\"}',0,NULL,NULL,'2025-08-23 22:02:10','2025-08-25 09:29:35',1,NULL,NULL,NULL,NULL,0,NULL,2,'2025-08-23 22:02:11','2022-07-02 19:57:37',0),(110,'https://e-mag.md/shop/pietris-rotunjita-de-marmura-forest-green-40-80mm-20kg/','77:360f1804ff4f4bb771e9c617dedb566c',512,'post','product',1,0,NULL,NULL,'Prundiș decorativ de marmură Forest Green 40-80mm (20kg)','publish',NULL,0,NULL,NULL,NULL,NULL,NULL,0,0,NULL,0,NULL,NULL,NULL,NULL,'https://e-mag.md/wp-content/uploads/2025/08/prundis-decorativ-de-marmura-forest-green-40-80mm-20kg.webp',NULL,'15751','featured-image',NULL,NULL,'https://e-mag.md/wp-content/uploads/2025/08/prundis-decorativ-de-marmura-forest-green-40-80mm-20kg.webp','15751','featured-image','{\"width\":600,\"height\":400,\"filesize\":32398,\"url\":\"https://e-mag.md/wp-content/uploads/2025/08/prundis-decorativ-de-marmura-forest-green-40-80mm-20kg.webp\",\"path\":\"/home/spacermd/public_html/e-mag.md/wp-content/uploads/2025/08/prundis-decorativ-de-marmura-forest-green-40-80mm-20kg.webp\",\"size\":\"full\",\"id\":15751,\"alt\":\"Prundis Decorativ De Marmura Forest Green 40 80mm 20kg\",\"pixels\":240000,\"type\":\"image/webp\"}',0,NULL,NULL,'2025-08-23 22:02:11','2025-08-25 09:29:35',1,NULL,NULL,NULL,NULL,0,NULL,2,'2025-08-23 22:02:11','2022-07-02 20:01:27',0),(112,'https://e-mag.md/shop/pietris-rotunjita-de-marmura-maro-40-80mm-20kg/','69:6196fc27ddeb573defaf8d6a1adf04cb',514,'post','product',1,0,NULL,NULL,'Prundiș decorativ de marmură Maro 40-80mm (20kg)','publish',NULL,0,NULL,NULL,NULL,'Prundiș decorativ de marmură',57,60,0,NULL,0,NULL,NULL,NULL,NULL,'https://e-mag.md/wp-content/uploads/2025/08/prundis-decorativ-de-marmura-maro-40-80mm-20kg.webp',NULL,'15753','featured-image',NULL,NULL,'https://e-mag.md/wp-content/uploads/2025/08/prundis-decorativ-de-marmura-maro-40-80mm-20kg.webp','15753','featured-image','{\"width\":600,\"height\":600,\"filesize\":60614,\"url\":\"https://e-mag.md/wp-content/uploads/2025/08/prundis-decorativ-de-marmura-maro-40-80mm-20kg.webp\",\"path\":\"/home/spacermd/public_html/e-mag.md/wp-content/uploads/2025/08/prundis-decorativ-de-marmura-maro-40-80mm-20kg.webp\",\"size\":\"full\",\"id\":15753,\"alt\":\"Prundis Decorativ De Marmura Maro 40 80mm 20kg\",\"pixels\":360000,\"type\":\"image/webp\"}',0,2,NULL,'2025-08-23 22:02:11','2025-08-25 09:29:35',1,NULL,NULL,NULL,NULL,0,1,2,'2025-08-23 22:02:11','2022-07-02 20:06:33',0),(116,'https://e-mag.md/shop/taiere-frontala-lemn-pietrificat/','55:ebdef689d8230d7704eaa235a2553ce4',560,'post','product',1,0,NULL,NULL,'Tăiere frontală Lemn Pietrificat','publish',NULL,0,NULL,NULL,NULL,NULL,NULL,0,0,NULL,0,NULL,NULL,NULL,NULL,'https://e-mag.md/wp-content/uploads/2025/08/taiere-frontala-lemn-pietrificat.webp',NULL,'15757','featured-image',NULL,NULL,'https://e-mag.md/wp-content/uploads/2025/08/taiere-frontala-lemn-pietrificat.webp','15757','featured-image','{\"width\":600,\"height\":400,\"filesize\":39356,\"url\":\"https://e-mag.md/wp-content/uploads/2025/08/taiere-frontala-lemn-pietrificat.webp\",\"path\":\"/home/spacermd/public_html/e-mag.md/wp-content/uploads/2025/08/taiere-frontala-lemn-pietrificat.webp\",\"size\":\"full\",\"id\":15757,\"alt\":\"Taiere Frontala Lemn Pietrificat\",\"pixels\":240000,\"type\":\"image/webp\"}',0,NULL,NULL,'2025-08-23 22:02:11','2025-08-25 09:57:51',1,NULL,NULL,NULL,NULL,0,NULL,2,'2025-08-23 22:02:11','2022-07-02 21:17:42',0),(117,'https://e-mag.md/product-category/taiere-frontala/','50:54d1c777fec6025069069d66ca08dd25',82,'term','product_cat',NULL,NULL,NULL,NULL,'Tăiere frontală',NULL,NULL,0,NULL,NULL,NULL,NULL,NULL,60,0,NULL,NULL,NULL,NULL,NULL,NULL,NULL,NULL,NULL,NULL,NULL,NULL,NULL,NULL,NULL,NULL,0,NULL,2,'2025-08-23 22:02:11','2025-08-26 07:47:22',1,NULL,NULL,NULL,NULL,0,NULL,2,'2025-08-26 07:47:22','2022-07-02 21:17:42',NULL),(119,'https://e-mag.md/shop/taiere-frontala-verde/','44:c653251e0ac37123eaa55f36316a3b5a',564,'post','product',1,0,NULL,NULL,'Tăiere frontală Verde','publish',NULL,0,NULL,NULL,NULL,NULL,NULL,0,0,NULL,0,NULL,NULL,NULL,NULL,'https://e-mag.md/wp-content/uploads/2025/08/taiere-frontala-verde.webp',NULL,'15759','featured-image',NULL,NULL,'https://e-mag.md/wp-content/uploads/2025/08/taiere-frontala-verde.webp','15759','featured-image','{\"width\":600,\"height\":400,\"filesize\":49062,\"url\":\"https://e-mag.md/wp-content/uploads/2025/08/taiere-frontala-verde.webp\",\"path\":\"/home/spacermd/public_html/e-mag.md/wp-content/uploads/2025/08/taiere-frontala-verde.webp\",\"size\":\"full\",\"id\":15759,\"alt\":\"Taiere Frontala Verde\",\"pixels\":240000,\"type\":\"image/webp\"}',0,NULL,NULL,'2025-08-23 22:02:11','2025-08-25 09:57:51',1,NULL,NULL,NULL,NULL,0,NULL,2,'2025-08-23 22:02:11','2022-07-02 21:22:13',0),(121,'https://e-mag.md/shop/taiere-frontala-aur/','42:e5ee73b8cae56fc4989f06e472aeec2a',566,'post','product',1,0,NULL,NULL,'Tăiere frontală Aur','publish',NULL,0,NULL,NULL,NULL,NULL,NULL,0,0,NULL,0,NULL,NULL,NULL,NULL,'https://e-mag.md/wp-content/uploads/2025/08/taiere-frontala-aur.webp',NULL,'15761','featured-image',NULL,NULL,'https://e-mag.md/wp-content/uploads/2025/08/taiere-frontala-aur.webp','15761','featured-image','{\"width\":600,\"height\":400,\"filesize\":36496,\"url\":\"https://e-mag.md/wp-content/uploads/2025/08/taiere-frontala-aur.webp\",\"path\":\"/home/spacermd/public_html/e-mag.md/wp-content/uploads/2025/08/taiere-frontala-aur.webp\",\"size\":\"full\",\"id\":15761,\"alt\":\"Taiere Frontala Aur\",\"pixels\":240000,\"type\":\"image/webp\"}',0,NULL,NULL,'2025-08-23 22:02:12','2025-08-25 09:57:51',1,NULL,NULL,NULL,NULL,0,NULL,2,'2025-08-23 22:02:12','2022-07-02 21:24:14',0),(123,'https://e-mag.md/shop/piersic/','30:36d8e3262085f27158242554ecafc925',568,'post','product',1,0,NULL,NULL,'Tăiere frontală Piersic','publish',NULL,0,NULL,NULL,NULL,NULL,NULL,0,0,NULL,0,NULL,NULL,NULL,NULL,'https://e-mag.md/wp-content/uploads/2025/08/taiere-frontala-piersic.webp',NULL,'15763','featured-image',NULL,NULL,'https://e-mag.md/wp-content/uploads/2025/08/taiere-frontala-piersic.webp','15763','featured-image','{\"width\":600,\"height\":400,\"filesize\":29480,\"url\":\"https://e-mag.md/wp-content/uploads/2025/08/taiere-frontala-piersic.webp\",\"path\":\"/home/spacermd/public_html/e-mag.md/wp-content/uploads/2025/08/taiere-frontala-piersic.webp\",\"size\":\"full\",\"id\":15763,\"alt\":\"Taiere Frontala Piersic\",\"pixels\":240000,\"type\":\"image/webp\"}',0,NULL,NULL,'2025-08-23 22:02:12','2025-08-25 09:57:51',1,NULL,NULL,NULL,NULL,0,NULL,2,'2025-08-23 22:02:12','2022-07-02 21:26:32',0),(125,'https://e-mag.md/shop/metallic/','31:f19604bf7bf6b414203e9b61e4242f6e',571,'post','product',1,0,NULL,NULL,'Tăiere frontală Metallic','publish',NULL,0,NULL,NULL,NULL,NULL,NULL,0,0,NULL,0,NULL,NULL,NULL,NULL,'https://e-mag.md/wp-content/uploads/2025/08/taiere-frontala-metallic.webp',NULL,'15765','featured-image',NULL,NULL,'https://e-mag.md/wp-content/uploads/2025/08/taiere-frontala-metallic.webp','15765','featured-image','{\"width\":600,\"height\":400,\"filesize\":51420,\"url\":\"https://e-mag.md/wp-content/uploads/2025/08/taiere-frontala-metallic.webp\",\"path\":\"/home/spacermd/public_html/e-mag.md/wp-content/uploads/2025/08/taiere-frontala-metallic.webp\",\"size\":\"full\",\"id\":15765,\"alt\":\"Taiere Frontala Metallic\",\"pixels\":240000,\"type\":\"image/webp\"}',0,NULL,NULL,'2025-08-23 22:02:13','2025-08-25 09:57:51',1,NULL,NULL,NULL,NULL,0,NULL,2,'2025-08-23 22:02:13','2022-07-02 21:31:27',0),(127,'https://e-mag.md/shop/taiere-frontala-leopard-2/','48:4e2a89651e9d703e81fa23690724a1c0',573,'post','product',1,0,NULL,NULL,'Tăiere frontală Leopard','publish',NULL,0,NULL,NULL,NULL,NULL,NULL,0,0,NULL,0,NULL,NULL,NULL,NULL,'https://e-mag.md/wp-content/uploads/2025/08/taiere-frontala-leopard.webp',NULL,'15767','featured-image',NULL,NULL,'https://e-mag.md/wp-content/uploads/2025/08/taiere-frontala-leopard.webp','15767','featured-image','{\"width\":600,\"height\":400,\"filesize\":60308,\"url\":\"https://e-mag.md/wp-content/uploads/2025/08/taiere-frontala-leopard.webp\",\"path\":\"/home/spacermd/public_html/e-mag.md/wp-content/uploads/2025/08/taiere-frontala-leopard.webp\",\"size\":\"full\",\"id\":15767,\"alt\":\"Taiere Frontala Leopard\",\"pixels\":240000,\"type\":\"image/webp\"}',0,NULL,NULL,'2025-08-23 22:02:13','2025-08-25 09:57:51',1,NULL,NULL,NULL,NULL,0,NULL,2,'2025-08-23 22:02:13','2022-07-02 21:33:03',0),(129,'https://e-mag.md/shop/piersic-2/','32:712fe4a2fd1599736afb7b44f4d28091',575,'post','product',1,0,NULL,NULL,'Piersic f2','publish',NULL,0,NULL,NULL,NULL,NULL,NULL,0,0,NULL,0,NULL,NULL,NULL,NULL,'https://e-mag.md/wp-content/uploads/2025/08/piersic-f2.webp',NULL,'15769','featured-image',NULL,NULL,'https://e-mag.md/wp-content/uploads/2025/08/piersic-f2.webp','15769','featured-image','{\"width\":600,\"height\":400,\"filesize\":39292,\"url\":\"https://e-mag.md/wp-content/uploads/2025/08/piersic-f2.webp\",\"path\":\"/home/spacermd/public_html/e-mag.md/wp-content/uploads/2025/08/piersic-f2.webp\",\"size\":\"full\",\"id\":15769,\"alt\":\"Piersic F2\",\"pixels\":240000,\"type\":\"image/webp\"}',0,NULL,NULL,'2025-08-23 22:02:13','2025-08-25 09:57:51',1,NULL,NULL,NULL,NULL,0,NULL,2,'2025-08-23 22:02:13','2022-07-02 23:48:22',0),(130,'https://e-mag.md/product-category/piatra-neprelucrata/fractiune-mica-f2/','72:d77b692f699465dc3b0de9ee6f39e2a6',83,'term','product_cat',NULL,NULL,NULL,NULL,'Fracțiune mică f2',NULL,NULL,0,NULL,NULL,NULL,NULL,NULL,60,0,NULL,NULL,NULL,NULL,NULL,NULL,NULL,NULL,NULL,NULL,NULL,NULL,NULL,NULL,NULL,NULL,0,NULL,2,'2025-08-23 22:02:13','2025-08-25 14:27:57',1,NULL,NULL,NULL,NULL,1,NULL,2,'2025-08-25 14:27:57','2022-07-02 23:48:22',NULL),(131,'https://e-mag.md/product-category/piatra-neprelucrata/','54:bc5eba02e0af6a1384c022c92b30ac07',74,'term','product_cat',NULL,NULL,NULL,NULL,'Piatră neprelucrată',NULL,NULL,0,NULL,NULL,NULL,'Piatră neprelucrată',57,60,0,NULL,NULL,NULL,NULL,NULL,NULL,NULL,NULL,NULL,NULL,NULL,NULL,NULL,NULL,NULL,NULL,0,NULL,2,'2025-08-23 22:02:13','2025-08-25 13:41:41',1,NULL,NULL,NULL,NULL,0,NULL,2,'2025-08-25 13:41:41','2022-07-02 23:48:22',NULL),(133,'https://e-mag.md/shop/aur/','26:91b41f890738761a5f809275efadd215',577,'post','product',1,0,NULL,NULL,'Aur f2','publish',NULL,0,NULL,NULL,NULL,NULL,NULL,0,0,NULL,0,NULL,NULL,NULL,NULL,'https://e-mag.md/wp-content/uploads/2025/08/aur-f2.webp',NULL,'15771','featured-image',NULL,NULL,'https://e-mag.md/wp-content/uploads/2025/08/aur-f2.webp','15771','featured-image','{\"width\":600,\"height\":400,\"filesize\":41164,\"url\":\"https://e-mag.md/wp-content/uploads/2025/08/aur-f2.webp\",\"path\":\"/home/spacermd/public_html/e-mag.md/wp-content/uploads/2025/08/aur-f2.webp\",\"size\":\"full\",\"id\":15771,\"alt\":\"Aur F2\",\"pixels\":240000,\"type\":\"image/webp\"}',0,NULL,NULL,'2025-08-23 22:02:14','2025-08-25 09:57:51',1,NULL,NULL,NULL,NULL,0,NULL,2,'2025-08-23 22:02:14','2022-07-02 23:52:21',0),(135,'https://e-mag.md/shop/verde/','28:4f7e2bc7187721d1bbd4a9373dbd205e',581,'post','product',1,0,NULL,NULL,'Verde f2','publish',NULL,0,NULL,NULL,NULL,NULL,NULL,0,0,NULL,0,NULL,NULL,NULL,NULL,'https://e-mag.md/wp-content/uploads/2025/08/verde-f2.webp',NULL,'15773','featured-image',NULL,NULL,'https://e-mag.md/wp-content/uploads/2025/08/verde-f2.webp','15773','featured-image','{\"width\":600,\"height\":400,\"filesize\":54938,\"url\":\"https://e-mag.md/wp-content/uploads/2025/08/verde-f2.webp\",\"path\":\"/home/spacermd/public_html/e-mag.md/wp-content/uploads/2025/08/verde-f2.webp\",\"size\":\"full\",\"id\":15773,\"alt\":\"Verde F2\",\"pixels\":240000,\"type\":\"image/webp\"}',0,NULL,NULL,'2025-08-23 22:02:14','2025-08-25 09:57:51',1,NULL,NULL,NULL,NULL,0,NULL,2,'2025-08-23 22:02:14','2022-07-02 23:55:04',0),(137,'https://e-mag.md/shop/gri/','26:11529862e1b9b78b148af2a5e64f9a82',584,'post','product',1,0,NULL,NULL,'Gri f2','publish',NULL,0,NULL,NULL,NULL,NULL,NULL,0,0,NULL,0,NULL,NULL,NULL,NULL,'https://e-mag.md/wp-content/uploads/2025/08/gri-f2.webp',NULL,'15775','featured-image',NULL,NULL,'https://e-mag.md/wp-content/uploads/2025/08/gri-f2.webp','15775','featured-image','{\"width\":600,\"height\":400,\"filesize\":49328,\"url\":\"https://e-mag.md/wp-content/uploads/2025/08/gri-f2.webp\",\"path\":\"/home/spacermd/public_html/e-mag.md/wp-content/uploads/2025/08/gri-f2.webp\",\"size\":\"full\",\"id\":15775,\"alt\":\"Gri F2\",\"pixels\":240000,\"type\":\"image/webp\"}',0,NULL,NULL,'2025-08-23 22:02:14','2025-08-25 09:57:51',1,NULL,NULL,NULL,NULL,0,NULL,2,'2025-08-23 22:02:14','2022-07-02 23:58:01',0),(139,'https://e-mag.md/shop/maro/','27:2960bc2fd604bb498e3d612c399c3027',586,'post','product',1,0,NULL,NULL,'Maro f2','publish',NULL,0,NULL,NULL,NULL,NULL,NULL,0,0,NULL,0,NULL,NULL,NULL,NULL,'https://e-mag.md/wp-content/uploads/2025/08/maro-f2.webp',NULL,'15777','featured-image',NULL,NULL,'https://e-mag.md/wp-content/uploads/2025/08/maro-f2.webp','15777','featured-image','{\"width\":600,\"height\":400,\"filesize\":37896,\"url\":\"https://e-mag.md/wp-content/uploads/2025/08/maro-f2.webp\",\"path\":\"/home/spacermd/public_html/e-mag.md/wp-content/uploads/2025/08/maro-f2.webp\",\"size\":\"full\",\"id\":15777,\"alt\":\"Maro F2\",\"pixels\":240000,\"type\":\"image/webp\"}',0,NULL,NULL,'2025-08-23 22:02:14','2025-08-25 09:57:51',1,NULL,NULL,NULL,NULL,0,NULL,2,'2025-08-23 22:02:14','2022-07-03 00:00:27',0),(141,'https://e-mag.md/shop/saramel/','30:5a84bb724ea2ee52a13728708738bfec',588,'post','product',1,0,NULL,NULL,'Caramel f2','publish',NULL,0,NULL,NULL,NULL,NULL,NULL,60,0,NULL,0,NULL,NULL,NULL,NULL,'https://e-mag.md/wp-content/uploads/2025/08/caramel-f2.webp',NULL,'15779','featured-image',NULL,NULL,'https://e-mag.md/wp-content/uploads/2025/08/caramel-f2.webp','15779','featured-image','{\"width\":600,\"height\":400,\"filesize\":43108,\"url\":\"https://e-mag.md/wp-content/uploads/2025/08/caramel-f2.webp\",\"path\":\"/home/spacermd/public_html/e-mag.md/wp-content/uploads/2025/08/caramel-f2.webp\",\"size\":\"full\",\"id\":15779,\"alt\":\"Saramel F2\",\"pixels\":240000,\"type\":\"image/webp\"}',0,NULL,NULL,'2025-08-23 22:02:15','2025-08-25 09:57:51',1,NULL,NULL,NULL,NULL,0,1,2,'2025-08-23 22:02:15','2022-07-03 00:02:54',0),(143,'https://e-mag.md/shop/tassos-marmura-alba-3-cm/','47:c7f28fbaad669e4fb5c35d54f9ffa466',592,'post','product',1,0,NULL,NULL,'Tassos Marmură Albă 3 cm','publish',NULL,0,NULL,NULL,NULL,NULL,NULL,0,0,NULL,0,NULL,NULL,NULL,NULL,'https://e-mag.md/wp-content/uploads/2025/08/tassos-marmura-alba-3-cm.webp',NULL,'15781','featured-image',NULL,NULL,'https://e-mag.md/wp-content/uploads/2025/08/tassos-marmura-alba-3-cm.webp','15781','featured-image','{\"width\":600,\"height\":400,\"filesize\":8610,\"url\":\"https://e-mag.md/wp-content/uploads/2025/08/tassos-marmura-alba-3-cm.webp\",\"path\":\"/home/spacermd/public_html/e-mag.md/wp-content/uploads/2025/08/tassos-marmura-alba-3-cm.webp\",\"size\":\"full\",\"id\":15781,\"alt\":\"Tassos Marmura Alba 3 Cm\",\"pixels\":240000,\"type\":\"image/webp\"}',0,NULL,NULL,'2025-08-23 22:02:15','2025-08-25 09:57:51',1,NULL,NULL,NULL,NULL,0,NULL,2,'2025-08-23 22:02:15','2022-07-03 00:28:13',0),(145,'https://e-mag.md/shop/travertin-scoarta-de-stejar-5-cm-taiat/','61:3340cacea1ff207a6b3a3f1454c9e6d0',596,'post','product',1,0,NULL,NULL,'Travertin Scoarță de Stejar 5 cm Tăiat','publish',NULL,0,NULL,NULL,NULL,NULL,NULL,0,0,NULL,0,NULL,NULL,NULL,NULL,'https://e-mag.md/wp-content/uploads/2025/08/travertin-scoarta-de-stejar-5-cm-taiat.webp',NULL,'15783','featured-image',NULL,NULL,'https://e-mag.md/wp-content/uploads/2025/08/travertin-scoarta-de-stejar-5-cm-taiat.webp','15783','featured-image','{\"width\":600,\"height\":400,\"filesize\":72862,\"url\":\"https://e-mag.md/wp-content/uploads/2025/08/travertin-scoarta-de-stejar-5-cm-taiat.webp\",\"path\":\"/home/spacermd/public_html/e-mag.md/wp-content/uploads/2025/08/travertin-scoarta-de-stejar-5-cm-taiat.webp\",\"size\":\"full\",\"id\":15783,\"alt\":\"Travertin Scoarta De Stejar 5 Cm Taiat\",\"pixels\":240000,\"type\":\"image/webp\"}',0,NULL,NULL,'2025-08-23 22:02:15','2025-08-25 10:10:19',1,NULL,NULL,NULL,NULL,0,NULL,2,'2025-08-23 22:02:15','2022-07-03 00:33:27',0),(147,'https://e-mag.md/shop/travertin-maro-5-cm/','42:eb3c3d8c49d2158e7a44fc8f0ad998db',604,'post','product',1,0,NULL,NULL,'Travertin Maro 5 cm','publish',NULL,0,NULL,NULL,NULL,NULL,NULL,0,0,NULL,0,NULL,NULL,NULL,NULL,'https://e-mag.md/wp-content/uploads/2025/08/travertin-maro-5-cm.webp',NULL,'15785','featured-image',NULL,NULL,'https://e-mag.md/wp-content/uploads/2025/08/travertin-maro-5-cm.webp','15785','featured-image','{\"width\":600,\"height\":400,\"filesize\":49978,\"url\":\"https://e-mag.md/wp-content/uploads/2025/08/travertin-maro-5-cm.webp\",\"path\":\"/home/spacermd/public_html/e-mag.md/wp-content/uploads/2025/08/travertin-maro-5-cm.webp\",\"size\":\"full\",\"id\":15785,\"alt\":\"Travertin Maro 5 Cm\",\"pixels\":240000,\"type\":\"image/webp\"}',0,NULL,NULL,'2025-08-23 22:02:17','2025-08-25 10:10:19',1,NULL,NULL,NULL,NULL,0,NULL,2,'2025-08-23 22:02:17','2022-07-03 00:43:36',0),(149,'https://e-mag.md/shop/travertin-rosu-5-cm/','42:8059455c418b38cdaa47d413e6cf53b6',606,'post','product',1,0,NULL,NULL,'Travertin Roșu 5 cm','publish',NULL,0,NULL,NULL,NULL,NULL,NULL,0,0,NULL,0,NULL,NULL,NULL,NULL,'https://e-mag.md/wp-content/uploads/2025/08/travertin-rosu-5-cm.webp',NULL,'15787','featured-image',NULL,NULL,'https://e-mag.md/wp-content/uploads/2025/08/travertin-rosu-5-cm.webp','15787','featured-image','{\"width\":600,\"height\":400,\"filesize\":32642,\"url\":\"https://e-mag.md/wp-content/uploads/2025/08/travertin-rosu-5-cm.webp\",\"path\":\"/home/spacermd/public_html/e-mag.md/wp-content/uploads/2025/08/travertin-rosu-5-cm.webp\",\"size\":\"full\",\"id\":15787,\"alt\":\"Travertin Rosu 5 Cm\",\"pixels\":240000,\"type\":\"image/webp\"}',0,NULL,NULL,'2025-08-23 22:02:18','2025-08-25 10:10:19',1,NULL,NULL,NULL,NULL,0,NULL,2,'2025-08-23 22:02:18','2022-07-03 00:46:18',0),(151,'https://e-mag.md/shop/aur-alb-10-cm/','36:a83f423de891bbdc463ec4d39c8135bf',614,'post','product',1,0,NULL,NULL,'Aur Alb 10 cm','publish',NULL,0,NULL,NULL,NULL,NULL,NULL,0,0,NULL,0,NULL,NULL,NULL,NULL,'https://e-mag.md/wp-content/uploads/2025/08/aur-alb-10-cm.webp',NULL,'15789','featured-image',NULL,NULL,'https://e-mag.md/wp-content/uploads/2025/08/aur-alb-10-cm.webp','15789','featured-image','{\"width\":600,\"height\":400,\"filesize\":33362,\"url\":\"https://e-mag.md/wp-content/uploads/2025/08/aur-alb-10-cm.webp\",\"path\":\"/home/spacermd/public_html/e-mag.md/wp-content/uploads/2025/08/aur-alb-10-cm.webp\",\"size\":\"full\",\"id\":15789,\"alt\":\"Aur Alb 10 Cm\",\"pixels\":240000,\"type\":\"image/webp\"}',0,NULL,NULL,'2025-08-23 22:02:18','2025-08-25 10:10:19',1,NULL,NULL,NULL,NULL,0,NULL,2,'2025-08-23 22:02:18','2022-07-03 00:52:18',0),(153,'https://e-mag.md/shop/mozaic-multicolor-5x5-cm/','47:ae61c8fa32f2af417d51b4abd82e2a29',616,'post','product',1,0,NULL,NULL,'Multicolor Mozaic 5&#215;5 cm','publish',NULL,0,NULL,NULL,NULL,NULL,NULL,0,0,NULL,0,NULL,NULL,NULL,NULL,'https://e-mag.md/wp-content/uploads/2025/08/multicolor-mozaic-5x5-cm.webp',NULL,'15791','featured-image',NULL,NULL,'https://e-mag.md/wp-content/uploads/2025/08/multicolor-mozaic-5x5-cm.webp','15791','featured-image','{\"width\":600,\"height\":400,\"filesize\":35994,\"url\":\"https://e-mag.md/wp-content/uploads/2025/08/multicolor-mozaic-5x5-cm.webp\",\"path\":\"/home/spacermd/public_html/e-mag.md/wp-content/uploads/2025/08/multicolor-mozaic-5x5-cm.webp\",\"size\":\"full\",\"id\":15791,\"alt\":\"Multicolor Mozaic 5x5 Cm\",\"pixels\":240000,\"type\":\"image/webp\"}',0,NULL,NULL,'2025-08-23 22:02:18','2025-08-25 10:10:19',1,NULL,NULL,NULL,NULL,0,NULL,2,'2025-08-23 22:02:18','2022-07-03 00:54:34',0),(154,'https://e-mag.md/product-category/mozaic/','41:74c980bca54bd1d8131676ca036b95db',72,'term','product_cat',NULL,NULL,'Mozaic %%sep%% %%sitename%%','Cumpărați Mozaic pe stone.md la cel mai bun preț cu livrare la Chisinau si în toate Moldova','Mozaic',NULL,NULL,0,NULL,NULL,NULL,'mozaic',57,60,0,NULL,NULL,NULL,NULL,NULL,NULL,NULL,NULL,NULL,NULL,NULL,NULL,NULL,NULL,NULL,NULL,0,NULL,2,'2025-08-23 22:02:18','2025-08-25 13:09:55',1,NULL,NULL,NULL,NULL,0,NULL,2,'2025-08-25 13:09:55','2022-07-03 00:54:34',NULL),(156,'https://e-mag.md/shop/mozaic-verde-5x5-cm/','42:f5dd2e240e0bbe94cfdee4eade576212',619,'post','product',1,0,NULL,NULL,'Verde Mozaic 5&#215;5 cm','publish',NULL,0,NULL,NULL,NULL,NULL,NULL,0,0,NULL,0,NULL,NULL,NULL,NULL,'https://e-mag.md/wp-content/uploads/2025/08/verde-mozaic-5x5-cm.webp',NULL,'15793','featured-image',NULL,NULL,'https://e-mag.md/wp-content/uploads/2025/08/verde-mozaic-5x5-cm.webp','15793','featured-image','{\"width\":600,\"height\":400,\"filesize\":36660,\"url\":\"https://e-mag.md/wp-content/uploads/2025/08/verde-mozaic-5x5-cm.webp\",\"path\":\"/home/spacermd/public_html/e-mag.md/wp-content/uploads/2025/08/verde-mozaic-5x5-cm.webp\",\"size\":\"full\",\"id\":15793,\"alt\":\"Verde Mozaic 5x5 Cm\",\"pixels\":240000,\"type\":\"image/webp\"}',0,NULL,NULL,'2025-08-23 22:02:18','2025-08-25 10:10:19',1,NULL,NULL,NULL,NULL,0,NULL,2,'2025-08-23 22:02:18','2022-07-03 00:57:26',0),(158,'https://e-mag.md/shop/mozaic-aur-5x5-cm/','40:3760e5c5dfcd4e63142877545c4867b1',626,'post','product',1,0,NULL,NULL,'Aur Mozaic 5&#215;5 cm','publish',NULL,0,NULL,NULL,NULL,NULL,NULL,0,0,NULL,0,NULL,NULL,NULL,NULL,'https://e-mag.md/wp-content/uploads/2025/08/aur-mozaic-5x5-cm.webp',NULL,'15795','featured-image',NULL,NULL,'https://e-mag.md/wp-content/uploads/2025/08/aur-mozaic-5x5-cm.webp','15795','featured-image','{\"width\":600,\"height\":400,\"filesize\":38880,\"url\":\"https://e-mag.md/wp-content/uploads/2025/08/aur-mozaic-5x5-cm.webp\",\"path\":\"/home/spacermd/public_html/e-mag.md/wp-content/uploads/2025/08/aur-mozaic-5x5-cm.webp\",\"size\":\"full\",\"id\":15795,\"alt\":\"Aur Mozaic 5x5 Cm\",\"pixels\":240000,\"type\":\"image/webp\"}',0,NULL,NULL,'2025-08-23 22:02:18','2025-08-25 10:10:19',1,NULL,NULL,NULL,NULL,0,NULL,2,'2025-08-23 22:02:18','2022-07-03 01:08:14',0),(160,'https://e-mag.md/shop/gri-5-cm-rupta/','37:4b9d25beb937a303aaa522b08869efc9',630,'post','product',1,0,NULL,NULL,'Gri 5 cm rupta','publish',NULL,0,NULL,NULL,NULL,NULL,NULL,0,0,NULL,0,NULL,NULL,NULL,NULL,'https://e-mag.md/wp-content/uploads/2025/08/gri-5-cm-rupta.webp',NULL,'15797','featured-image',NULL,NULL,'https://e-mag.md/wp-content/uploads/2025/08/gri-5-cm-rupta.webp','15797','featured-image','{\"width\":600,\"height\":400,\"filesize\":44748,\"url\":\"https://e-mag.md/wp-content/uploads/2025/08/gri-5-cm-rupta.webp\",\"path\":\"/home/spacermd/public_html/e-mag.md/wp-content/uploads/2025/08/gri-5-cm-rupta.webp\",\"size\":\"full\",\"id\":15797,\"alt\":\"Gri 5 Cm Rupta\",\"pixels\":240000,\"type\":\"image/webp\"}',0,NULL,NULL,'2025-08-23 22:02:19','2025-08-25 10:25:14',1,NULL,NULL,NULL,NULL,0,NULL,2,'2025-08-23 22:02:19','2022-07-03 01:12:41',0),(162,'https://e-mag.md/shop/aur-alb-5-cm-rupta/','41:ecd12bd479574161a5ab51602b33df8d',632,'post','product',1,0,NULL,NULL,'Aur Alb 5 cm rupta','publish',NULL,0,NULL,NULL,NULL,NULL,NULL,0,0,NULL,0,NULL,NULL,NULL,NULL,'https://e-mag.md/wp-content/uploads/2025/08/aur-alb-5-cm-rupta.webp',NULL,'15799','featured-image',NULL,NULL,'https://e-mag.md/wp-content/uploads/2025/08/aur-alb-5-cm-rupta.webp','15799','featured-image','{\"width\":600,\"height\":400,\"filesize\":45796,\"url\":\"https://e-mag.md/wp-content/uploads/2025/08/aur-alb-5-cm-rupta.webp\",\"path\":\"/home/spacermd/public_html/e-mag.md/wp-content/uploads/2025/08/aur-alb-5-cm-rupta.webp\",\"size\":\"full\",\"id\":15799,\"alt\":\"Aur Alb 5 Cm Rupta\",\"pixels\":240000,\"type\":\"image/webp\"}',0,NULL,NULL,'2025-08-23 22:02:19','2025-08-25 10:25:14',1,NULL,NULL,NULL,NULL,0,NULL,2,'2025-08-23 22:02:19','2022-07-03 01:15:30',0),(164,'https://e-mag.md/shop/metalic-10-cm/','36:f3c4c527f150f1d06996986d733c4f55',634,'post','product',1,0,NULL,NULL,'Metalic 10 cm','publish',NULL,0,NULL,NULL,NULL,NULL,NULL,0,0,NULL,0,NULL,NULL,NULL,NULL,'https://e-mag.md/wp-content/uploads/2025/08/metalic-10-cm.webp',NULL,'15801','featured-image',NULL,NULL,'https://e-mag.md/wp-content/uploads/2025/08/metalic-10-cm.webp','15801','featured-image','{\"width\":600,\"height\":400,\"filesize\":48980,\"url\":\"https://e-mag.md/wp-content/uploads/2025/08/metalic-10-cm.webp\",\"path\":\"/home/spacermd/public_html/e-mag.md/wp-content/uploads/2025/08/metalic-10-cm.webp\",\"size\":\"full\",\"id\":15801,\"alt\":\"Metalic 10 Cm\",\"pixels\":240000,\"type\":\"image/webp\"}',0,NULL,NULL,'2025-08-23 22:02:19','2025-08-25 10:25:14',1,NULL,NULL,NULL,NULL,0,NULL,2,'2025-08-23 22:02:19','2022-07-03 01:18:44',0),(166,'https://e-mag.md/shop/metalic-5-cm/','35:3ba3010babf90bdc19ec3938ef813d41',636,'post','product',1,0,NULL,NULL,'Metalic 50mm x Lmm','publish',NULL,0,NULL,NULL,NULL,NULL,NULL,0,0,NULL,0,NULL,NULL,NULL,NULL,'https://e-mag.md/wp-content/uploads/2025/08/metalic-50mm-x-lmm.webp',NULL,'15803','featured-image',NULL,NULL,'https://e-mag.md/wp-content/uploads/2025/08/metalic-50mm-x-lmm.webp','15803','featured-image','{\"width\":600,\"height\":400,\"filesize\":21728,\"url\":\"https://e-mag.md/wp-content/uploads/2025/08/metalic-50mm-x-lmm.webp\",\"path\":\"/home/spacermd/public_html/e-mag.md/wp-content/uploads/2025/08/metalic-50mm-x-lmm.webp\",\"size\":\"full\",\"id\":15803,\"alt\":\"Metalic 50mm X Lmm\",\"pixels\":240000,\"type\":\"image/webp\"}',0,NULL,NULL,'2025-08-23 22:02:19','2025-08-25 10:25:14',1,NULL,NULL,NULL,NULL,0,NULL,2,'2025-08-23 22:02:19','2022-07-03 01:20:59',0),(168,'https://e-mag.md/shop/zlato-5-cm-tesitura/','42:dd013c2d0fe5dfda6cab1ab7f0016626',638,'post','product',1,0,NULL,NULL,'Zlato 50mm x Lmm teşitură','publish',NULL,0,NULL,NULL,NULL,NULL,NULL,0,0,NULL,0,NULL,NULL,NULL,NULL,'https://e-mag.md/wp-content/uploads/2025/08/zlato-50mm-x-lmm-tesitura.webp',NULL,'15805','featured-image',NULL,NULL,'https://e-mag.md/wp-content/uploads/2025/08/zlato-50mm-x-lmm-tesitura.webp','15805','featured-image','{\"width\":600,\"height\":400,\"filesize\":39624,\"url\":\"https://e-mag.md/wp-content/uploads/2025/08/zlato-50mm-x-lmm-tesitura.webp\",\"path\":\"/home/spacermd/public_html/e-mag.md/wp-content/uploads/2025/08/zlato-50mm-x-lmm-tesitura.webp\",\"size\":\"full\",\"id\":15805,\"alt\":\"Zlato 50mm X Lmm Tesitura\",\"pixels\":240000,\"type\":\"image/webp\"}',0,NULL,NULL,'2025-08-23 22:02:21','2025-08-25 10:25:14',1,NULL,NULL,NULL,NULL,0,NULL,2,'2025-08-23 22:02:21','2022-07-03 01:23:07',0),(169,'https://e-mag.md/product-category/placa-din-piatra-naturala/placi-perete-tesitura/','82:a59ef4f81db146e409cda2b241b3bf77',80,'term','product_cat',NULL,NULL,NULL,NULL,'Placi perete teșitură',NULL,NULL,0,NULL,NULL,NULL,NULL,NULL,NULL,0,NULL,NULL,NULL,NULL,NULL,NULL,NULL,NULL,NULL,NULL,NULL,NULL,NULL,NULL,NULL,NULL,0,NULL,NULL,'2025-08-23 22:02:21','2025-08-25 04:28:49',1,NULL,NULL,NULL,NULL,0,NULL,2,'2025-08-25 07:28:49','2022-07-03 01:10:42',NULL),(171,'https://e-mag.md/shop/cosauti-25-cm/','36:a09f87373aa9d89fde530399be57134a',640,'post','product',1,0,NULL,NULL,'Cosauti 2,5 cm','publish',NULL,0,NULL,NULL,NULL,NULL,NULL,0,0,NULL,0,NULL,NULL,NULL,NULL,'https://e-mag.md/wp-content/uploads/2025/08/cosauti-25-cm.webp',NULL,'15807','featured-image',NULL,NULL,'https://e-mag.md/wp-content/uploads/2025/08/cosauti-25-cm.webp','15807','featured-image','{\"width\":600,\"height\":400,\"filesize\":25734,\"url\":\"https://e-mag.md/wp-content/uploads/2025/08/cosauti-25-cm.webp\",\"path\":\"/home/spacermd/public_html/e-mag.md/wp-content/uploads/2025/08/cosauti-25-cm.webp\",\"size\":\"full\",\"id\":15807,\"alt\":\"Cosauti 25 Cm\",\"pixels\":240000,\"type\":\"image/webp\"}',0,NULL,NULL,'2025-08-23 22:02:21','2025-08-25 10:25:14',1,NULL,NULL,NULL,NULL,0,NULL,2,'2025-08-23 22:02:21','2022-07-03 01:25:15',0),(173,'https://e-mag.md/shop/golden-25-cm/','35:5ba448ee833d08af3deb73e9cc99679f',642,'post','product',1,0,NULL,NULL,'Golden 2,5 cm','publish',NULL,0,NULL,NULL,NULL,NULL,NULL,0,0,NULL,0,NULL,NULL,NULL,NULL,'https://e-mag.md/wp-content/uploads/2025/08/golden-25-cm.webp',NULL,'15809','featured-image',NULL,NULL,'https://e-mag.md/wp-content/uploads/2025/08/golden-25-cm.webp','15809','featured-image','{\"width\":600,\"height\":400,\"filesize\":37538,\"url\":\"https://e-mag.md/wp-content/uploads/2025/08/golden-25-cm.webp\",\"path\":\"/home/spacermd/public_html/e-mag.md/wp-content/uploads/2025/08/golden-25-cm.webp\",\"size\":\"full\",\"id\":15809,\"alt\":\"Golden 25 Cm\",\"pixels\":240000,\"type\":\"image/webp\"}',0,NULL,NULL,'2025-08-23 22:02:21','2025-08-25 10:25:14',1,NULL,NULL,NULL,NULL,0,NULL,2,'2025-08-23 22:02:21','2022-07-03 01:30:35',0),(175,'https://e-mag.md/shop/cavala-25-cm/','35:2e92b643b142890f39b10953c559ed07',644,'post','product',1,0,NULL,NULL,'Cavala 2,5 cm','publish',NULL,0,NULL,NULL,NULL,NULL,NULL,0,0,NULL,0,NULL,NULL,NULL,NULL,'https://e-mag.md/wp-content/uploads/2025/08/cavala-25-cm.webp',NULL,'15811','featured-image',NULL,NULL,'https://e-mag.md/wp-content/uploads/2025/08/cavala-25-cm.webp','15811','featured-image','{\"width\":600,\"height\":400,\"filesize\":33856,\"url\":\"https://e-mag.md/wp-content/uploads/2025/08/cavala-25-cm.webp\",\"path\":\"/home/spacermd/public_html/e-mag.md/wp-content/uploads/2025/08/cavala-25-cm.webp\",\"size\":\"full\",\"id\":15811,\"alt\":\"Cavala 25 Cm\",\"pixels\":240000,\"type\":\"image/webp\"}',0,NULL,NULL,'2025-08-23 22:02:21','2025-08-25 10:25:14',1,NULL,NULL,NULL,NULL,0,NULL,2,'2025-08-23 22:02:21','2022-07-03 01:32:57',0),(177,'https://e-mag.md/shop/aschii-verde/','35:189ed6fcf6e0149b42961574fe52cc4d',657,'post','product',1,0,NULL,NULL,'Pietriș decorativ Verde (20kg)','publish',NULL,0,NULL,NULL,NULL,NULL,NULL,0,0,NULL,0,NULL,NULL,NULL,NULL,'https://e-mag.md/wp-content/uploads/2025/08/pietris-decorativ-verde-20kg.webp',NULL,'15813','featured-image',NULL,NULL,'https://e-mag.md/wp-content/uploads/2025/08/pietris-decorativ-verde-20kg.webp','15813','featured-image','{\"width\":600,\"height\":400,\"filesize\":37050,\"url\":\"https://e-mag.md/wp-content/uploads/2025/08/pietris-decorativ-verde-20kg.webp\",\"path\":\"/home/spacermd/public_html/e-mag.md/wp-content/uploads/2025/08/pietris-decorativ-verde-20kg.webp\",\"size\":\"full\",\"id\":15813,\"alt\":\"Pietris Decorativ Verde 20kg\",\"pixels\":240000,\"type\":\"image/webp\"}',0,2,NULL,'2025-08-23 22:02:22','2025-08-25 10:25:14',1,NULL,NULL,NULL,NULL,0,NULL,2,'2025-08-23 22:02:22','2022-07-03 02:02:49',0),(179,'https://e-mag.md/shop/aschii-travertin-rosu/','44:4ae462c0b8767f67c5767610abb94118',659,'post','product',1,0,NULL,NULL,'Pietriș decorativ Travertin Rosu (20kg)','publish',NULL,0,NULL,NULL,NULL,NULL,NULL,0,0,NULL,0,NULL,NULL,NULL,NULL,'https://e-mag.md/wp-content/uploads/2025/08/pietris-decorativ-travertin-rosu-20kg.webp',NULL,'15815','featured-image',NULL,NULL,'https://e-mag.md/wp-content/uploads/2025/08/pietris-decorativ-travertin-rosu-20kg.webp','15815','featured-image','{\"width\":600,\"height\":400,\"filesize\":56296,\"url\":\"https://e-mag.md/wp-content/uploads/2025/08/pietris-decorativ-travertin-rosu-20kg.webp\",\"path\":\"/home/spacermd/public_html/e-mag.md/wp-content/uploads/2025/08/pietris-decorativ-travertin-rosu-20kg.webp\",\"size\":\"full\",\"id\":15815,\"alt\":\"Pietris Decorativ Travertin Rosu 20kg\",\"pixels\":240000,\"type\":\"image/webp\"}',0,NULL,NULL,'2025-08-23 22:02:22','2025-08-25 10:25:14',1,NULL,NULL,NULL,NULL,0,NULL,2,'2025-08-23 22:02:22','2022-07-03 02:04:59',0),(181,'https://e-mag.md/shop/gresie-luga/','34:1fa8e59f7d84fff7a03bc435d63bd3f4',662,'post','product',1,0,NULL,NULL,'Gresie Luga','publish',NULL,0,NULL,NULL,NULL,NULL,NULL,0,0,NULL,0,NULL,NULL,NULL,NULL,'https://e-mag.md/wp-content/uploads/2025/08/gresie-luga.webp',NULL,'15817','featured-image',NULL,NULL,'https://e-mag.md/wp-content/uploads/2025/08/gresie-luga.webp','15817','featured-image','{\"width\":600,\"height\":400,\"filesize\":43056,\"url\":\"https://e-mag.md/wp-content/uploads/2025/08/gresie-luga.webp\",\"path\":\"/home/spacermd/public_html/e-mag.md/wp-content/uploads/2025/08/gresie-luga.webp\",\"size\":\"full\",\"id\":15817,\"alt\":\"Gresie Luga\",\"pixels\":240000,\"type\":\"image/webp\"}',0,NULL,NULL,'2025-08-23 22:02:22','2025-08-25 10:25:14',1,NULL,NULL,NULL,NULL,0,NULL,2,'2025-08-23 22:02:22','2022-07-03 02:12:59',0),(183,'https://e-mag.md/shop/pietris-rotunjit-de-marmura-verde-10-20mm/','64:f742d5f34247f2bdad0cdea57a45734b',667,'post','product',1,0,NULL,NULL,'Prundiș decorativ de marmură Verde 10-20mm (20kg)','publish',NULL,0,NULL,NULL,NULL,NULL,NULL,60,0,NULL,0,NULL,NULL,NULL,NULL,'https://e-mag.md/wp-content/uploads/2025/08/prundis-decorativ-de-marmura-verde-10-20mm.webp',NULL,'15819','featured-image',NULL,NULL,'https://e-mag.md/wp-content/uploads/2025/08/prundis-decorativ-de-marmura-verde-10-20mm.webp','15819','featured-image','{\"width\":600,\"height\":600,\"filesize\":81058,\"url\":\"https://e-mag.md/wp-content/uploads/2025/08/prundis-decorativ-de-marmura-verde-10-20mm.webp\",\"path\":\"/home/spacermd/public_html/e-mag.md/wp-content/uploads/2025/08/prundis-decorativ-de-marmura-verde-10-20mm.webp\",\"size\":\"full\",\"id\":15819,\"alt\":\"Prundis Decorativ De Marmura Verde 10 20mm\",\"pixels\":360000,\"type\":\"image/webp\"}',0,2,NULL,'2025-08-23 22:02:22','2025-08-25 10:25:14',1,NULL,NULL,NULL,NULL,0,1,2,'2025-08-23 22:02:22','2022-07-06 02:20:52',0),(186,'https://e-mag.md/shop/pietris-rotunjit-de-marmura-verde-20-40mm/','64:814f6781da2bb8f59aea21965737f953',668,'post','product',1,0,NULL,NULL,'Prundiș decorativ de marmură Verde 20-40mm (20kg)','publish',NULL,0,NULL,NULL,NULL,NULL,NULL,0,0,NULL,0,NULL,NULL,NULL,NULL,'https://e-mag.md/wp-content/uploads/2025/08/prundis-decorativ-de-marmura-verde-20-40mm.webp',NULL,'15822','featured-image',NULL,NULL,'https://e-mag.md/wp-content/uploads/2025/08/prundis-decorativ-de-marmura-verde-20-40mm.webp','15822','featured-image','{\"width\":600,\"height\":600,\"filesize\":64488,\"url\":\"https://e-mag.md/wp-content/uploads/2025/08/prundis-decorativ-de-marmura-verde-20-40mm.webp\",\"path\":\"/home/spacermd/public_html/e-mag.md/wp-content/uploads/2025/08/prundis-decorativ-de-marmura-verde-20-40mm.webp\",\"size\":\"full\",\"id\":15822,\"alt\":\"Prundis Decorativ De Marmura Verde 20 40mm\",\"pixels\":360000,\"type\":\"image/webp\"}',0,NULL,NULL,'2025-08-23 22:02:22','2025-08-25 10:40:16',1,NULL,NULL,NULL,NULL,0,NULL,2,'2025-08-23 22:02:22','2022-07-06 02:23:15',0),(190,'https://e-mag.md/shop/prundis-decorativ-de-marmura-verde-80-120mm-20kg/','71:6cce90022b95fb262154d9f57fd7962f',669,'post','product',1,0,'%%title%%',NULL,'Prundiș decorativ de marmură Verde 80-120mm (20kg)','publish',NULL,0,NULL,NULL,NULL,'prundiș decorativ',60,60,0,NULL,0,NULL,NULL,NULL,NULL,'https://e-mag.md/wp-content/uploads/2025/08/prundis-decorativ-de-marmura-verde-80-120mm.webp',NULL,'15826','featured-image',NULL,NULL,'https://e-mag.md/wp-content/uploads/2025/08/prundis-decorativ-de-marmura-verde-80-120mm.webp','15826','featured-image','{\"width\":600,\"height\":600,\"filesize\":77534,\"url\":\"https://e-mag.md/wp-content/uploads/2025/08/prundis-decorativ-de-marmura-verde-80-120mm.webp\",\"path\":\"/home/spacermd/public_html/e-mag.md/wp-content/uploads/2025/08/prundis-decorativ-de-marmura-verde-80-120mm.webp\",\"size\":\"full\",\"id\":15826,\"alt\":\"Prundis Decorativ De Marmura Verde 80 120mm\",\"pixels\":360000,\"type\":\"image/webp\"}',0,NULL,NULL,'2025-08-23 22:02:23','2025-08-25 10:40:16',1,NULL,NULL,NULL,NULL,0,1,2,'2025-08-23 22:02:23','2022-07-06 02:25:45',0),(195,'https://e-mag.md/shop/pietris-rotunjit-de-marmura-alba-20-40mm/','63:e399b29ccd1763113aedebc71c9d99ab',672,'post','product',1,0,NULL,NULL,'Prundiș decorativ de marmură Alba 20-40mm (20kg)','publish',NULL,0,NULL,NULL,NULL,NULL,NULL,0,0,NULL,0,NULL,NULL,NULL,NULL,'https://e-mag.md/wp-content/uploads/2025/08/prundis-decorativ-de-marmura-alba-20-40mm.webp',NULL,'15831','featured-image',NULL,NULL,'https://e-mag.md/wp-content/uploads/2025/08/prundis-decorativ-de-marmura-alba-20-40mm.webp','15831','featured-image','{\"width\":600,\"height\":600,\"filesize\":55288,\"url\":\"https://e-mag.md/wp-content/uploads/2025/08/prundis-decorativ-de-marmura-alba-20-40mm.webp\",\"path\":\"/home/spacermd/public_html/e-mag.md/wp-content/uploads/2025/08/prundis-decorativ-de-marmura-alba-20-40mm.webp\",\"size\":\"full\",\"id\":15831,\"alt\":\"Prundis Decorativ De Marmura Alba 20 40mm\",\"pixels\":360000,\"type\":\"image/webp\"}',0,4,NULL,'2025-08-23 22:02:24','2025-08-25 10:25:14',1,NULL,NULL,NULL,NULL,0,NULL,2,'2025-08-23 22:02:24','2022-07-05 02:31:06',0),(198,'https://e-mag.md/shop/prundis-decorativ-de-marmura-roz-80-120mm/','64:fbd86605d5488532bcd473a24031a0e6',9638,'post','product',1,0,NULL,NULL,'Prundiș decorativ de marmură Roz 80-120mm (20kg)','publish',NULL,0,NULL,NULL,NULL,NULL,NULL,0,0,NULL,0,NULL,NULL,NULL,NULL,'https://e-mag.md/wp-content/uploads/2025/08/prundis-decorativ-de-marmura-roz-80-120mm-20kg.webp',NULL,'15834','featured-image',NULL,NULL,'https://e-mag.md/wp-content/uploads/2025/08/prundis-decorativ-de-marmura-roz-80-120mm-20kg.webp','15834','featured-image','{\"width\":600,\"height\":600,\"filesize\":64132,\"url\":\"https://e-mag.md/wp-content/uploads/2025/08/prundis-decorativ-de-marmura-roz-80-120mm-20kg.webp\",\"path\":\"/home/spacermd/public_html/e-mag.md/wp-content/uploads/2025/08/prundis-decorativ-de-marmura-roz-80-120mm-20kg.webp\",\"size\":\"full\",\"id\":15834,\"alt\":\"Prundis Decorativ De Marmura Roz 80 120mm 20kg\",\"pixels\":360000,\"type\":\"image/webp\"}',0,NULL,NULL,'2025-08-23 22:02:24','2025-08-25 10:40:16',1,NULL,NULL,NULL,NULL,0,NULL,2,'2025-08-23 22:02:24','2023-03-16 15:59:27',0),(202,'https://e-mag.md/shop/piatra-decorativa-de-marmura-rosie-80-120mm-20kg/','71:4001878a3604e683b8a60e59b0a7e622',9639,'post','product',1,0,NULL,NULL,'Prundiș decorativ de marmură Rosie 80-120mm (20kg)','publish',NULL,0,NULL,NULL,NULL,NULL,NULL,0,0,NULL,0,NULL,NULL,NULL,NULL,'https://e-mag.md/wp-content/uploads/2025/08/prundis-decorativ-de-marmura-rosie-80-120mm-20kg.webp',NULL,'15838','featured-image',NULL,NULL,'https://e-mag.md/wp-content/uploads/2025/08/prundis-decorativ-de-marmura-rosie-80-120mm-20kg.webp','15838','featured-image','{\"width\":600,\"height\":600,\"filesize\":73924,\"url\":\"https://e-mag.md/wp-content/uploads/2025/08/prundis-decorativ-de-marmura-rosie-80-120mm-20kg.webp\",\"path\":\"/home/spacermd/public_html/e-mag.md/wp-content/uploads/2025/08/prundis-decorativ-de-marmura-rosie-80-120mm-20kg.webp\",\"size\":\"full\",\"id\":15838,\"alt\":\"Prundis Decorativ De Marmura Rosie 80 120mm 20kg\",\"pixels\":360000,\"type\":\"image/webp\"}',0,NULL,NULL,'2025-08-23 22:02:25','2025-08-25 10:40:16',1,NULL,NULL,NULL,NULL,0,NULL,2,'2025-08-23 22:02:25','2023-03-16 15:59:27',0),(207,'https://e-mag.md/shop/piatra-decorativa-de-marmura-roz-20-40mm-20kg/','68:f2fb0cc99ebaf25726c781bad1ba3bb8',9640,'post','product',1,0,NULL,NULL,'Prundiș decorativ de marmură Roz 20-40mm (20kg)','publish',NULL,0,NULL,NULL,NULL,NULL,NULL,0,0,NULL,0,NULL,NULL,NULL,NULL,'https://e-mag.md/wp-content/uploads/2025/08/prundis-decorativ-de-marmura-roz-20-40mm-20kg.webp',NULL,'15843','featured-image',NULL,NULL,'https://e-mag.md/wp-content/uploads/2025/08/prundis-decorativ-de-marmura-roz-20-40mm-20kg.webp','15843','featured-image','{\"width\":600,\"height\":600,\"filesize\":71724,\"url\":\"https://e-mag.md/wp-content/uploads/2025/08/prundis-decorativ-de-marmura-roz-20-40mm-20kg.webp\",\"path\":\"/home/spacermd/public_html/e-mag.md/wp-content/uploads/2025/08/prundis-decorativ-de-marmura-roz-20-40mm-20kg.webp\",\"size\":\"full\",\"id\":15843,\"alt\":\"Prundis Decorativ De Marmura Roz 20 40mm 20kg\",\"pixels\":360000,\"type\":\"image/webp\"}',0,NULL,NULL,'2025-08-23 22:02:25','2025-08-25 10:40:16',1,NULL,NULL,NULL,NULL,0,NULL,2,'2025-08-23 22:02:25','2023-03-16 15:59:27',0),(211,'https://e-mag.md/shop/piatra-decorativa-de-marmura-rosie-20-40mm-20kg/','70:f8332c4cb436cf8be6443b999aef2997',9641,'post','product',1,0,NULL,NULL,'Prundiș decorativ de marmură Rosie 20-40mm (20kg)','publish',NULL,0,NULL,NULL,NULL,NULL,NULL,0,0,NULL,0,NULL,NULL,NULL,NULL,'https://e-mag.md/wp-content/uploads/2025/08/prundis-decorativ-de-marmura-rosie-20-40mm-20kg.webp',NULL,'15847','featured-image',NULL,NULL,'https://e-mag.md/wp-content/uploads/2025/08/prundis-decorativ-de-marmura-rosie-20-40mm-20kg.webp','15847','featured-image','{\"width\":600,\"height\":600,\"filesize\":70434,\"url\":\"https://e-mag.md/wp-content/uploads/2025/08/prundis-decorativ-de-marmura-rosie-20-40mm-20kg.webp\",\"path\":\"/home/spacermd/public_html/e-mag.md/wp-content/uploads/2025/08/prundis-decorativ-de-marmura-rosie-20-40mm-20kg.webp\",\"size\":\"full\",\"id\":15847,\"alt\":\"Prundis Decorativ De Marmura Rosie 20 40mm 20kg\",\"pixels\":360000,\"type\":\"image/webp\"}',0,2,NULL,'2025-08-23 22:02:25','2025-08-25 10:40:16',1,NULL,NULL,NULL,NULL,0,NULL,2,'2025-08-23 22:02:25','2023-03-16 15:59:27',0),(215,'https://e-mag.md/shop/piatra-decorativa-de-marmura-roz-10-20mm-20kg/','68:cecaef4b77c317a181b136400c30743f',9642,'post','product',1,0,NULL,NULL,'Prundiș decorativ de marmură Roz 10-20mm (20kg)','publish',NULL,0,NULL,NULL,NULL,NULL,NULL,0,0,NULL,0,NULL,NULL,NULL,NULL,'https://e-mag.md/wp-content/uploads/2025/08/prundis-decorativ-de-marmura-roz-10-20mm-20kg.webp',NULL,'15851','featured-image',NULL,NULL,'https://e-mag.md/wp-content/uploads/2025/08/prundis-decorativ-de-marmura-roz-10-20mm-20kg.webp','15851','featured-image','{\"width\":600,\"height\":600,\"filesize\":74372,\"url\":\"https://e-mag.md/wp-content/uploads/2025/08/prundis-decorativ-de-marmura-roz-10-20mm-20kg.webp\",\"path\":\"/home/spacermd/public_html/e-mag.md/wp-content/uploads/2025/08/prundis-decorativ-de-marmura-roz-10-20mm-20kg.webp\",\"size\":\"full\",\"id\":15851,\"alt\":\"Prundis Decorativ De Marmura Roz 10 20mm 20kg\",\"pixels\":360000,\"type\":\"image/webp\"}',0,2,NULL,'2025-08-23 22:02:25','2025-08-25 10:40:16',1,NULL,NULL,NULL,NULL,0,NULL,2,'2025-08-23 22:02:25','2023-03-16 15:59:27',0),(218,'https://e-mag.md/shop/piatra-decorativa-de-marmura-rosie-10-20mm-20kg/','70:2d2d0fcc1cf148ddd30bbf4aac9590bb',9643,'post','product',1,0,NULL,NULL,'Prundiș decorativ de marmură Rosie 10-20mm (20kg)','publish',NULL,0,NULL,NULL,NULL,NULL,NULL,0,0,NULL,0,NULL,NULL,NULL,NULL,'https://e-mag.md/wp-content/uploads/2025/08/prundis-decorativ-de-marmura-rosie-10-20mm-20kg.webp',NULL,'15854','featured-image',NULL,NULL,'https://e-mag.md/wp-content/uploads/2025/08/prundis-decorativ-de-marmura-rosie-10-20mm-20kg.webp','15854','featured-image','{\"width\":600,\"height\":600,\"filesize\":78870,\"url\":\"https://e-mag.md/wp-content/uploads/2025/08/prundis-decorativ-de-marmura-rosie-10-20mm-20kg.webp\",\"path\":\"/home/spacermd/public_html/e-mag.md/wp-content/uploads/2025/08/prundis-decorativ-de-marmura-rosie-10-20mm-20kg.webp\",\"size\":\"full\",\"id\":15854,\"alt\":\"Prundis Decorativ De Marmura Rosie 10 20mm 20kg\",\"pixels\":360000,\"type\":\"image/webp\"}',0,4,NULL,'2025-08-23 22:02:25','2025-08-25 10:40:16',1,NULL,NULL,NULL,NULL,0,NULL,2,'2025-08-23 22:02:26','2023-03-16 15:59:27',0),(223,'https://e-mag.md/shop/travertin-011/','36:978a4613af2aaf650a623bcc21c7e924',10337,'post','product',1,0,NULL,NULL,'Travertin 011','publish',NULL,0,NULL,NULL,NULL,NULL,NULL,0,0,NULL,0,NULL,NULL,NULL,NULL,'https://e-mag.md/wp-content/uploads/2025/08/travertin-011.webp',NULL,'15859','featured-image',NULL,NULL,'https://e-mag.md/wp-content/uploads/2025/08/travertin-011.webp','15859','featured-image','{\"width\":600,\"height\":400,\"filesize\":56766,\"url\":\"https://e-mag.md/wp-content/uploads/2025/08/travertin-011.webp\",\"path\":\"/home/spacermd/public_html/e-mag.md/wp-content/uploads/2025/08/travertin-011.webp\",\"size\":\"full\",\"id\":15859,\"alt\":\"Travertin 011\",\"pixels\":240000,\"type\":\"image/webp\"}',0,NULL,NULL,'2025-08-23 22:02:26','2025-08-25 05:56:01',1,NULL,NULL,NULL,NULL,0,NULL,2,'2025-08-23 22:02:26','2022-07-02 14:10:24',0),(225,'https://e-mag.md/shop/travertin-006/','36:dcc75cf8bf9f6e29412ec69715900763',10343,'post','product',1,0,NULL,NULL,'Travertin 006','publish',NULL,0,NULL,NULL,NULL,NULL,NULL,0,0,NULL,0,NULL,NULL,NULL,NULL,'https://e-mag.md/wp-content/uploads/2025/08/travertin-006.webp',NULL,'15861','featured-image',NULL,NULL,'https://e-mag.md/wp-content/uploads/2025/08/travertin-006.webp','15861','featured-image','{\"width\":600,\"height\":400,\"filesize\":72014,\"url\":\"https://e-mag.md/wp-content/uploads/2025/08/travertin-006.webp\",\"path\":\"/home/spacermd/public_html/e-mag.md/wp-content/uploads/2025/08/travertin-006.webp\",\"size\":\"full\",\"id\":15861,\"alt\":\"Travertin 006\",\"pixels\":240000,\"type\":\"image/webp\"}',0,NULL,NULL,'2025-08-23 22:02:26','2025-08-25 05:56:01',1,NULL,NULL,NULL,NULL,0,NULL,2,'2025-08-23 22:02:26','2022-07-02 14:45:02',0),(227,'https://e-mag.md/shop/travertin-005/','36:fb2a664605beed355839131b44b2e83a',10345,'post','product',1,0,NULL,NULL,'Travertin 005','publish',NULL,0,NULL,NULL,NULL,NULL,NULL,0,0,NULL,0,NULL,NULL,NULL,NULL,'https://e-mag.md/wp-content/uploads/2025/08/travertin-005.webp',NULL,'15863','featured-image',NULL,NULL,'https://e-mag.md/wp-content/uploads/2025/08/travertin-005.webp','15863','featured-image','{\"width\":600,\"height\":400,\"filesize\":59706,\"url\":\"https://e-mag.md/wp-content/uploads/2025/08/travertin-005.webp\",\"path\":\"/home/spacermd/public_html/e-mag.md/wp-content/uploads/2025/08/travertin-005.webp\",\"size\":\"full\",\"id\":15863,\"alt\":\"Travertin 005\",\"pixels\":240000,\"type\":\"image/webp\"}',0,NULL,NULL,'2025-08-23 22:02:26','2025-08-25 05:56:01',1,NULL,NULL,NULL,NULL,0,NULL,2,'2025-08-23 22:02:26','2022-07-02 14:47:22',0),(229,'https://e-mag.md/shop/travertin-003/','36:0e7167910b24745235a872f8693a9113',10348,'post','product',1,0,NULL,NULL,'Travertin 003','publish',NULL,0,NULL,NULL,NULL,NULL,NULL,0,0,NULL,0,NULL,NULL,NULL,NULL,'https://e-mag.md/wp-content/uploads/2025/08/travertin-003.webp',NULL,'15865','featured-image',NULL,NULL,'https://e-mag.md/wp-content/uploads/2025/08/travertin-003.webp','15865','featured-image','{\"width\":600,\"height\":400,\"filesize\":78770,\"url\":\"https://e-mag.md/wp-content/uploads/2025/08/travertin-003.webp\",\"path\":\"/home/spacermd/public_html/e-mag.md/wp-content/uploads/2025/08/travertin-003.webp\",\"size\":\"full\",\"id\":15865,\"alt\":\"Travertin 003\",\"pixels\":240000,\"type\":\"image/webp\"}',0,NULL,NULL,'2025-08-23 22:02:28','2025-08-25 05:56:01',1,NULL,NULL,NULL,NULL,0,NULL,2,'2025-08-23 22:02:28','2022-07-02 14:53:31',0),(231,'https://e-mag.md/shop/golden-50mm-x-lmm/','40:d33c7d4e1d1e5c2e768d2cad98a65acc',10352,'post','product',1,0,NULL,NULL,'Golden 50mm x Lmm','publish',NULL,0,NULL,NULL,NULL,NULL,NULL,60,0,NULL,0,NULL,NULL,NULL,NULL,'https://e-mag.md/wp-content/uploads/2025/08/golden-50mm-x-lmm.webp',NULL,'15867','featured-image',NULL,NULL,'https://e-mag.md/wp-content/uploads/2025/08/golden-50mm-x-lmm.webp','15867','featured-image','{\"width\":600,\"height\":400,\"filesize\":61844,\"url\":\"https://e-mag.md/wp-content/uploads/2025/08/golden-50mm-x-lmm.webp\",\"path\":\"/home/spacermd/public_html/e-mag.md/wp-content/uploads/2025/08/golden-50mm-x-lmm.webp\",\"size\":\"full\",\"id\":15867,\"alt\":\"Golden 50mm X Lmm\",\"pixels\":240000,\"type\":\"image/webp\"}',0,NULL,NULL,'2025-08-23 22:02:28','2025-08-25 06:11:01',1,NULL,NULL,NULL,NULL,0,1,2,'2025-08-23 22:02:28','2022-07-02 15:01:40',0),(234,'https://e-mag.md/shop/leopard-25mm-x-lmm/','41:fc7ed1b9b6feda7b10710f6f235abc64',10356,'post','product',1,0,NULL,NULL,'Leopard 25mm x Lmm','publish',NULL,0,NULL,NULL,NULL,NULL,NULL,0,0,NULL,0,NULL,NULL,NULL,NULL,'https://e-mag.md/wp-content/uploads/2025/08/leopard-50mm-x-lmm.webp',NULL,'15671','featured-image',NULL,NULL,'https://e-mag.md/wp-content/uploads/2025/08/leopard-50mm-x-lmm.webp','15671','featured-image','{\"width\":600,\"height\":400,\"filesize\":57388,\"url\":\"https://e-mag.md/wp-content/uploads/2025/08/leopard-50mm-x-lmm.webp\",\"path\":\"/home/spacermd/public_html/e-mag.md/wp-content/uploads/2025/08/leopard-50mm-x-lmm.webp\",\"size\":\"full\",\"id\":15671,\"alt\":\"Leopard 50mm X Lmm\",\"pixels\":240000,\"type\":\"image/webp\"}',0,NULL,NULL,'2025-08-23 22:02:28','2025-08-25 06:11:01',1,NULL,NULL,NULL,NULL,1,NULL,2,'2025-08-23 22:02:28','2022-07-02 15:12:28',0),(235,'https://e-mag.md/shop/multicolor-50mm-x-lmm/','44:adcf8b832f5d2651e2500eb6fe5e4c31',10361,'post','product',1,0,NULL,NULL,'Multicolor 50mm x Lmm','publish',NULL,0,NULL,NULL,NULL,NULL,NULL,0,0,NULL,0,NULL,NULL,NULL,NULL,'https://e-mag.md/wp-content/uploads/2025/08/multicolor-25mm-x-lmm.webp',NULL,'15674','featured-image',NULL,NULL,'https://e-mag.md/wp-content/uploads/2025/08/multicolor-25mm-x-lmm.webp','15674','featured-image','{\"width\":600,\"height\":400,\"filesize\":42422,\"url\":\"https://e-mag.md/wp-content/uploads/2025/08/multicolor-25mm-x-lmm.webp\",\"path\":\"/home/spacermd/public_html/e-mag.md/wp-content/uploads/2025/08/multicolor-25mm-x-lmm.webp\",\"size\":\"full\",\"id\":15674,\"alt\":\"Multicolor 25mm X Lmm\",\"pixels\":240000,\"type\":\"image/webp\"}',0,NULL,NULL,'2025-08-23 22:02:29','2025-08-25 06:11:01',1,NULL,NULL,NULL,NULL,1,NULL,2,'2025-08-23 22:02:29','2022-07-02 15:24:04',0),(236,'https://e-mag.md/shop/piersic-50mm-x-lmm/','41:6fe084cdfe088c2638874076c2c751a4',10365,'post','product',1,0,NULL,NULL,'Piersic 50mm x Lmm','publish',NULL,0,NULL,NULL,NULL,NULL,NULL,0,0,NULL,0,NULL,NULL,NULL,NULL,'https://e-mag.md/wp-content/uploads/2025/08/piersic-25mm-x-lmm.webp',NULL,'15872','featured-image',NULL,NULL,'https://e-mag.md/wp-content/uploads/2025/08/piersic-25mm-x-lmm.webp','15872','featured-image','{\"width\":600,\"height\":400,\"filesize\":39494,\"url\":\"https://e-mag.md/wp-content/uploads/2025/08/piersic-25mm-x-lmm.webp\",\"path\":\"/home/spacermd/public_html/e-mag.md/wp-content/uploads/2025/08/piersic-25mm-x-lmm.webp\",\"size\":\"full\",\"id\":15872,\"alt\":\"Piersic 25mm X Lmm\",\"pixels\":240000,\"type\":\"image/webp\"}',0,NULL,NULL,'2025-08-23 22:02:29','2025-08-25 06:11:01',1,NULL,NULL,NULL,NULL,0,NULL,2,'2025-08-23 22:02:29','2022-07-02 15:31:53',0),(239,'https://e-mag.md/shop/silver-grey-50mm-x-lmm/','45:f09a60d5aa54d9c0ad27d58ba48b08bf',10370,'post','product',1,0,NULL,NULL,'Silver Grey 50mm x Lmm','publish',NULL,0,NULL,NULL,NULL,NULL,NULL,0,0,NULL,0,NULL,NULL,NULL,NULL,'https://e-mag.md/wp-content/uploads/2025/08/silver-grey-50mm-x-lmm.webp',NULL,'15875','featured-image',NULL,NULL,'https://e-mag.md/wp-content/uploads/2025/08/silver-grey-50mm-x-lmm.webp','15875','featured-image','{\"width\":600,\"height\":400,\"filesize\":64032,\"url\":\"https://e-mag.md/wp-content/uploads/2025/08/silver-grey-50mm-x-lmm.webp\",\"path\":\"/home/spacermd/public_html/e-mag.md/wp-content/uploads/2025/08/silver-grey-50mm-x-lmm.webp\",\"size\":\"full\",\"id\":15875,\"alt\":\"Silver Grey 50mm X Lmm\",\"pixels\":240000,\"type\":\"image/webp\"}',0,NULL,NULL,'2025-08-23 22:02:29','2025-08-25 06:11:01',1,NULL,NULL,NULL,NULL,0,NULL,2,'2025-08-23 22:02:29','2022-07-02 15:41:52',0),(242,'https://e-mag.md/shop/verde-25mm-x-lmm/','39:7f226e10e5d30b3e8f240cbcf036707d',10373,'post','product',1,0,NULL,NULL,'Verde 25mm x Lmm','publish',NULL,0,NULL,NULL,NULL,NULL,NULL,0,0,NULL,0,NULL,NULL,NULL,NULL,'https://e-mag.md/wp-content/uploads/2025/08/verde-25mm-x-lmm-2.webp',NULL,'15878','featured-image',NULL,NULL,'https://e-mag.md/wp-content/uploads/2025/08/verde-25mm-x-lmm-2.webp','15878','featured-image','{\"width\":600,\"height\":400,\"filesize\":58000,\"url\":\"https://e-mag.md/wp-content/uploads/2025/08/verde-25mm-x-lmm-2.webp\",\"path\":\"/home/spacermd/public_html/e-mag.md/wp-content/uploads/2025/08/verde-25mm-x-lmm-2.webp\",\"size\":\"full\",\"id\":15878,\"alt\":\"Verde 25mm X Lmm 2\",\"pixels\":240000,\"type\":\"image/webp\"}',0,NULL,NULL,'2025-08-23 22:02:29','2025-08-25 07:12:32',1,NULL,NULL,NULL,NULL,0,NULL,2,'2025-08-23 22:02:29','2022-07-02 15:46:07',0),(245,'https://e-mag.md/shop/piersic-50mm-x-lmm-rupta/','47:6748cf90cb130c1b525740f1b407c7df',10375,'post','product',1,0,NULL,NULL,'Piersic 50mm x Lmm rupta','publish',NULL,0,NULL,NULL,NULL,NULL,NULL,0,0,NULL,0,NULL,NULL,NULL,NULL,'https://e-mag.md/wp-content/uploads/2025/08/piersic-50mm-x-lmm-rupta.webp',NULL,'15881','featured-image',NULL,NULL,'https://e-mag.md/wp-content/uploads/2025/08/piersic-50mm-x-lmm-rupta.webp','15881','featured-image','{\"width\":600,\"height\":400,\"filesize\":50868,\"url\":\"https://e-mag.md/wp-content/uploads/2025/08/piersic-50mm-x-lmm-rupta.webp\",\"path\":\"/home/spacermd/public_html/e-mag.md/wp-content/uploads/2025/08/piersic-50mm-x-lmm-rupta.webp\",\"size\":\"full\",\"id\":15881,\"alt\":\"Piersic 50mm X Lmm Rupta\",\"pixels\":240000,\"type\":\"image/webp\"}',0,NULL,NULL,'2025-08-23 22:02:29','2025-08-25 07:12:32',1,NULL,NULL,NULL,NULL,0,NULL,2,'2025-08-23 22:02:29','2022-07-02 15:50:22',0),(248,'https://e-mag.md/shop/verde-50mm-x-lmm-rupta/','45:94c6e342eec22a9d723f1697fb8d92a3',10379,'post','product',1,0,NULL,NULL,'Verde 50mm x Lmm rupta','publish',NULL,0,NULL,NULL,NULL,NULL,NULL,0,0,NULL,0,NULL,NULL,NULL,NULL,'https://e-mag.md/wp-content/uploads/2025/08/verde-50mm-x-lmm-rupta.webp',NULL,'15884','featured-image',NULL,NULL,'https://e-mag.md/wp-content/uploads/2025/08/verde-50mm-x-lmm-rupta.webp','15884','featured-image','{\"width\":600,\"height\":400,\"filesize\":51858,\"url\":\"https://e-mag.md/wp-content/uploads/2025/08/verde-50mm-x-lmm-rupta.webp\",\"path\":\"/home/spacermd/public_html/e-mag.md/wp-content/uploads/2025/08/verde-50mm-x-lmm-rupta.webp\",\"size\":\"full\",\"id\":15884,\"alt\":\"Verde 50mm X Lmm Rupta\",\"pixels\":240000,\"type\":\"image/webp\"}',0,NULL,NULL,'2025-08-23 22:02:30','2025-08-25 07:12:33',1,NULL,NULL,NULL,NULL,0,NULL,2,'2025-08-23 22:02:30','2022-07-02 15:58:59',0),(251,'https://e-mag.md/shop/aschii-galben/','36:847766dd9767b1a2943f38142d9f0dd6',10384,'post','product',1,0,NULL,NULL,'Pietriș decorativ Galben (20kg)','publish',NULL,0,NULL,NULL,NULL,NULL,NULL,0,0,NULL,0,NULL,NULL,NULL,NULL,'https://e-mag.md/wp-content/uploads/2025/08/pietris-decorativ-galben-20kg.webp',NULL,'15887','featured-image',NULL,NULL,'https://e-mag.md/wp-content/uploads/2025/08/pietris-decorativ-galben-20kg.webp','15887','featured-image','{\"width\":600,\"height\":400,\"filesize\":11750,\"url\":\"https://e-mag.md/wp-content/uploads/2025/08/pietris-decorativ-galben-20kg.webp\",\"path\":\"/home/spacermd/public_html/e-mag.md/wp-content/uploads/2025/08/pietris-decorativ-galben-20kg.webp\",\"size\":\"full\",\"id\":15887,\"alt\":\"Pietris Decorativ Galben 20kg\",\"pixels\":240000,\"type\":\"image/webp\"}',0,2,NULL,'2025-08-23 22:02:30','2025-08-25 07:12:33',1,NULL,NULL,NULL,NULL,0,NULL,2,'2025-08-23 22:02:30','2022-07-02 17:30:45',0),(253,'https://e-mag.md/shop/pietre-decorative-spaghetti-red/','54:bf1dc6d935d34e152dd08ef484b159f7',10398,'post','product',1,0,NULL,NULL,'Pietre Decorative Spaghetti Red','publish',NULL,0,NULL,NULL,NULL,NULL,NULL,0,0,NULL,0,NULL,NULL,NULL,NULL,'https://e-mag.md/wp-content/uploads/2025/08/pietre-decorative-spaghetti-red.webp',NULL,'15889','featured-image',NULL,NULL,'https://e-mag.md/wp-content/uploads/2025/08/pietre-decorative-spaghetti-red.webp','15889','featured-image','{\"width\":600,\"height\":400,\"filesize\":53838,\"url\":\"https://e-mag.md/wp-content/uploads/2025/08/pietre-decorative-spaghetti-red.webp\",\"path\":\"/home/spacermd/public_html/e-mag.md/wp-content/uploads/2025/08/pietre-decorative-spaghetti-red.webp\",\"size\":\"full\",\"id\":15889,\"alt\":\"Pietre Decorative Spaghetti Red\",\"pixels\":240000,\"type\":\"image/webp\"}',0,NULL,NULL,'2025-08-23 22:02:31','2025-08-25 09:01:13',1,NULL,NULL,NULL,NULL,0,NULL,2,'2025-08-23 22:02:31','2022-07-02 18:49:54',0),(255,'https://e-mag.md/shop/pietre-decorative-firde/','46:4a0ab442b4b5566a2bc45d40e1286eed',10402,'post','product',1,0,NULL,NULL,'Pietre Decorative Firde','publish',NULL,0,NULL,NULL,NULL,NULL,NULL,0,0,NULL,0,NULL,NULL,NULL,NULL,'https://e-mag.md/wp-content/uploads/2025/08/pietre-decorative-firde.webp',NULL,'15891','featured-image',NULL,NULL,'https://e-mag.md/wp-content/uploads/2025/08/pietre-decorative-firde.webp','15891','featured-image','{\"width\":600,\"height\":400,\"filesize\":32802,\"url\":\"https://e-mag.md/wp-content/uploads/2025/08/pietre-decorative-firde.webp\",\"path\":\"/home/spacermd/public_html/e-mag.md/wp-content/uploads/2025/08/pietre-decorative-firde.webp\",\"size\":\"full\",\"id\":15891,\"alt\":\"Pietre Decorative Firde\",\"pixels\":240000,\"type\":\"image/webp\"}',0,NULL,NULL,'2025-08-23 22:02:32','2025-08-25 09:01:13',1,NULL,NULL,NULL,NULL,0,NULL,2,'2025-08-23 22:02:32','2022-07-02 18:59:59',0),(259,'https://e-mag.md/shop/pietris-rotunjita-firde/','46:997f3744f513af1fc3ec8ac30a181449',10406,'post','product',1,0,NULL,NULL,'Prundiș decorativ Firde (20kg)','publish',NULL,0,NULL,NULL,NULL,NULL,NULL,0,0,NULL,0,NULL,NULL,NULL,NULL,'https://e-mag.md/wp-content/uploads/2025/08/prundis-decorativ-firde-20kg.webp',NULL,'15895','featured-image',NULL,NULL,'https://e-mag.md/wp-content/uploads/2025/08/prundis-decorativ-firde-20kg.webp','15895','featured-image','{\"width\":600,\"height\":400,\"filesize\":33412,\"url\":\"https://e-mag.md/wp-content/uploads/2025/08/prundis-decorativ-firde-20kg.webp\",\"path\":\"/home/spacermd/public_html/e-mag.md/wp-content/uploads/2025/08/prundis-decorativ-firde-20kg.webp\",\"size\":\"full\",\"id\":15895,\"alt\":\"Prundis Decorativ Firde 20kg\",\"pixels\":240000,\"type\":\"image/webp\"}',0,NULL,NULL,'2025-08-23 22:02:32','2025-08-25 09:01:13',1,NULL,NULL,NULL,NULL,0,NULL,2,'2025-08-23 22:02:32','2022-07-02 19:03:45',0),(261,'https://e-mag.md/shop/pietre-decorative-sherry/','47:ffbe6a00be41d57ea6e3fbd57ba48e27',10408,'post','product',1,0,NULL,NULL,'Pietre Decorative Sherry','publish',NULL,0,NULL,NULL,NULL,NULL,NULL,0,0,NULL,0,NULL,NULL,NULL,NULL,'https://e-mag.md/wp-content/uploads/2025/08/pietre-decorative-sherry.webp',NULL,'15897','featured-image',NULL,NULL,'https://e-mag.md/wp-content/uploads/2025/08/pietre-decorative-sherry.webp','15897','featured-image','{\"width\":600,\"height\":400,\"filesize\":41190,\"url\":\"https://e-mag.md/wp-content/uploads/2025/08/pietre-decorative-sherry.webp\",\"path\":\"/home/spacermd/public_html/e-mag.md/wp-content/uploads/2025/08/pietre-decorative-sherry.webp\",\"size\":\"full\",\"id\":15897,\"alt\":\"Pietre Decorative Sherry\",\"pixels\":240000,\"type\":\"image/webp\"}',0,NULL,NULL,'2025-08-23 22:02:32','2025-08-25 09:01:13',1,NULL,NULL,NULL,NULL,0,NULL,2,'2025-08-23 22:02:32','2022-07-02 19:10:18',0),(263,'https://e-mag.md/shop/pietris-rotunjita-sherry/','47:75acdb739c9a4fac95f5a348a847fef8',10410,'post','product',1,0,NULL,NULL,'Prundiș decorativ Sherry (20kg)','publish',NULL,0,NULL,NULL,NULL,NULL,NULL,0,0,NULL,0,NULL,NULL,NULL,NULL,'https://e-mag.md/wp-content/uploads/2025/08/prundis-decorativ-sherry-20kg.webp',NULL,'15899','featured-image',NULL,NULL,'https://e-mag.md/wp-content/uploads/2025/08/prundis-decorativ-sherry-20kg.webp','15899','featured-image','{\"width\":600,\"height\":400,\"filesize\":43588,\"url\":\"https://e-mag.md/wp-content/uploads/2025/08/prundis-decorativ-sherry-20kg.webp\",\"path\":\"/home/spacermd/public_html/e-mag.md/wp-content/uploads/2025/08/prundis-decorativ-sherry-20kg.webp\",\"size\":\"full\",\"id\":15899,\"alt\":\"Prundis Decorativ Sherry 20kg\",\"pixels\":240000,\"type\":\"image/webp\"}',0,NULL,NULL,'2025-08-23 22:02:32','2025-08-25 09:01:13',1,NULL,NULL,NULL,NULL,0,NULL,2,'2025-08-23 22:02:32','2022-07-02 19:12:55',0),(265,'https://e-mag.md/shop/pietris-mustar-40-80mm-20kg/','50:c65c52ae7c08946ffc1bc2dc9f9e11c1',10423,'post','product',1,0,NULL,NULL,'Prundiș decorativ Muştar 40-80mm (20kg)','publish',NULL,0,NULL,NULL,NULL,NULL,NULL,0,0,NULL,0,NULL,NULL,NULL,NULL,'https://e-mag.md/wp-content/uploads/2025/08/prundis-decorativ-mustar-40-80mm-20kg.webp',NULL,'15901','featured-image',NULL,NULL,'https://e-mag.md/wp-content/uploads/2025/08/prundis-decorativ-mustar-40-80mm-20kg.webp','15901','featured-image','{\"width\":600,\"height\":600,\"filesize\":61128,\"url\":\"https://e-mag.md/wp-content/uploads/2025/08/prundis-decorativ-mustar-40-80mm-20kg.webp\",\"path\":\"/home/spacermd/public_html/e-mag.md/wp-content/uploads/2025/08/prundis-decorativ-mustar-40-80mm-20kg.webp\",\"size\":\"full\",\"id\":15901,\"alt\":\"Prundis Decorativ Mustar 40 80mm 20kg\",\"pixels\":360000,\"type\":\"image/webp\"}',0,NULL,NULL,'2025-08-23 22:02:32','2025-08-25 09:29:35',1,NULL,NULL,NULL,NULL,0,NULL,2,'2025-08-23 22:02:32','2022-07-02 19:47:18',0),(269,'https://e-mag.md/shop/taiere-frontala-cavala/','45:0f0c4a2c04fe8f15ed56f35c2c1d5952',10430,'post','product',1,0,NULL,NULL,'Tăiere frontală Cavala','publish',NULL,0,NULL,NULL,NULL,NULL,NULL,0,0,NULL,0,NULL,NULL,NULL,NULL,'https://e-mag.md/wp-content/uploads/2025/08/taiere-frontala-cavala.webp',NULL,'15905','featured-image',NULL,NULL,'https://e-mag.md/wp-content/uploads/2025/08/taiere-frontala-cavala.webp','15905','featured-image','{\"width\":600,\"height\":400,\"filesize\":52674,\"url\":\"https://e-mag.md/wp-content/uploads/2025/08/taiere-frontala-cavala.webp\",\"path\":\"/home/spacermd/public_html/e-mag.md/wp-content/uploads/2025/08/taiere-frontala-cavala.webp\",\"size\":\"full\",\"id\":15905,\"alt\":\"Taiere Frontala Cavala\",\"pixels\":240000,\"type\":\"image/webp\"}',0,NULL,NULL,'2025-08-23 22:02:33','2025-08-25 09:57:51',1,NULL,NULL,NULL,NULL,0,NULL,2,'2025-08-23 22:02:33','2022-07-02 21:20:11',0),(271,'https://e-mag.md/shop/tassos-marmura-alba-5-cm-rupta/','53:ce765dd6d40193999b84152d5bdfc72c',10443,'post','product',1,0,NULL,NULL,'Tassos Marmură Albă 5 cm rupta','publish',NULL,0,NULL,NULL,NULL,NULL,NULL,0,0,NULL,0,NULL,NULL,NULL,NULL,'https://e-mag.md/wp-content/uploads/2025/08/tassos-marmura-alba-5-cm-rupta.webp',NULL,'15907','featured-image',NULL,NULL,'https://e-mag.md/wp-content/uploads/2025/08/tassos-marmura-alba-5-cm-rupta.webp','15907','featured-image','{\"width\":600,\"height\":400,\"filesize\":9134,\"url\":\"https://e-mag.md/wp-content/uploads/2025/08/tassos-marmura-alba-5-cm-rupta.webp\",\"path\":\"/home/spacermd/public_html/e-mag.md/wp-content/uploads/2025/08/tassos-marmura-alba-5-cm-rupta.webp\",\"size\":\"full\",\"id\":15907,\"alt\":\"Tassos Marmura Alba 5 Cm Rupta\",\"pixels\":240000,\"type\":\"image/webp\"}',0,2,NULL,'2025-08-23 22:02:33','2025-08-25 09:57:51',1,NULL,NULL,NULL,NULL,0,NULL,2,'2025-08-23 22:02:33','2022-07-03 00:25:22',0),(273,'https://e-mag.md/shop/travertin-antracit-5-cm-rupta/','52:a61a566de440e78921a35c98436ce0ef',10446,'post','product',1,0,NULL,NULL,'Travertin Antracit 50mm x Lmm rupta','publish',NULL,0,NULL,NULL,NULL,NULL,NULL,0,0,NULL,0,NULL,NULL,NULL,NULL,'https://e-mag.md/wp-content/uploads/2025/08/travertin-antracit-50mm-x-lmm-rupta.webp',NULL,'15909','featured-image',NULL,NULL,'https://e-mag.md/wp-content/uploads/2025/08/travertin-antracit-50mm-x-lmm-rupta.webp','15909','featured-image','{\"width\":600,\"height\":400,\"filesize\":43518,\"url\":\"https://e-mag.md/wp-content/uploads/2025/08/travertin-antracit-50mm-x-lmm-rupta.webp\",\"path\":\"/home/spacermd/public_html/e-mag.md/wp-content/uploads/2025/08/travertin-antracit-50mm-x-lmm-rupta.webp\",\"size\":\"full\",\"id\":15909,\"alt\":\"Travertin Antracit 50mm X Lmm Rupta\",\"pixels\":240000,\"type\":\"image/webp\"}',0,NULL,NULL,'2025-08-23 22:02:33','2025-08-25 10:10:19',1,NULL,NULL,NULL,NULL,0,NULL,2,'2025-08-23 22:02:33','2022-07-03 00:30:30',0),(275,'https://e-mag.md/shop/travertin-roz-5-cm-taiat/','47:e3aab7a82eb61fb0231586f82d9337b2',10449,'post','product',1,0,NULL,NULL,'Travertin Roz 5 cm Tăiat','publish',NULL,0,NULL,NULL,NULL,NULL,NULL,0,0,NULL,0,NULL,NULL,NULL,NULL,'https://e-mag.md/wp-content/uploads/2025/08/travertin-roz-5-cm-taiat.webp',NULL,'15911','featured-image',NULL,NULL,'https://e-mag.md/wp-content/uploads/2025/08/travertin-roz-5-cm-taiat.webp','15911','featured-image','{\"width\":600,\"height\":400,\"filesize\":60092,\"url\":\"https://e-mag.md/wp-content/uploads/2025/08/travertin-roz-5-cm-taiat.webp\",\"path\":\"/home/spacermd/public_html/e-mag.md/wp-content/uploads/2025/08/travertin-roz-5-cm-taiat.webp\",\"size\":\"full\",\"id\":15911,\"alt\":\"Travertin Roz 5 Cm Taiat\",\"pixels\":240000,\"type\":\"image/webp\"}',0,NULL,NULL,'2025-08-23 22:02:33','2025-08-25 10:10:19',1,NULL,NULL,NULL,NULL,0,NULL,2,'2025-08-23 22:02:33','2022-07-03 00:35:51',0),(277,'https://e-mag.md/shop/travertin-cappuccino-5-cm-taiat/','54:2572ead2a974508d8111831799dd46e6',10451,'post','product',1,0,NULL,NULL,'Travertin Cappuccino 5 cm Tăiat','publish',NULL,0,NULL,NULL,NULL,NULL,NULL,0,0,NULL,0,NULL,NULL,NULL,NULL,'https://e-mag.md/wp-content/uploads/2025/08/travertin-cappuccino-5-cm-taiat.webp',NULL,'15913','featured-image',NULL,NULL,'https://e-mag.md/wp-content/uploads/2025/08/travertin-cappuccino-5-cm-taiat.webp','15913','featured-image','{\"width\":600,\"height\":400,\"filesize\":37652,\"url\":\"https://e-mag.md/wp-content/uploads/2025/08/travertin-cappuccino-5-cm-taiat.webp\",\"path\":\"/home/spacermd/public_html/e-mag.md/wp-content/uploads/2025/08/travertin-cappuccino-5-cm-taiat.webp\",\"size\":\"full\",\"id\":15913,\"alt\":\"Travertin Cappuccino 5 Cm Taiat\",\"pixels\":240000,\"type\":\"image/webp\"}',0,NULL,NULL,'2025-08-23 22:02:35','2025-08-25 10:10:19',1,NULL,NULL,NULL,NULL,0,NULL,2,'2025-08-23 22:02:35','2022-07-03 00:38:55',0),(279,'https://e-mag.md/shop/travertin-roz-5-cm/','41:eb7995726c079cadd46cf42f62bbc8cf',10453,'post','product',1,0,NULL,NULL,'Travertin Roz 5 cm','publish',NULL,0,NULL,NULL,NULL,NULL,NULL,0,0,NULL,0,NULL,NULL,NULL,NULL,'https://e-mag.md/wp-content/uploads/2025/08/travertin-roz-5-cm.webp',NULL,'15915','featured-image',NULL,NULL,'https://e-mag.md/wp-content/uploads/2025/08/travertin-roz-5-cm.webp','15915','featured-image','{\"width\":600,\"height\":400,\"filesize\":41610,\"url\":\"https://e-mag.md/wp-content/uploads/2025/08/travertin-roz-5-cm.webp\",\"path\":\"/home/spacermd/public_html/e-mag.md/wp-content/uploads/2025/08/travertin-roz-5-cm.webp\",\"size\":\"full\",\"id\":15915,\"alt\":\"Travertin Roz 5 Cm\",\"pixels\":240000,\"type\":\"image/webp\"}',0,NULL,NULL,'2025-08-23 22:02:35','2025-08-25 10:10:19',1,NULL,NULL,NULL,NULL,0,NULL,2,'2025-08-23 22:02:35','2022-07-03 00:41:46',0),(281,'https://e-mag.md/shop/aur-alb-10-cm-rupta/','42:1c8180d233754b737aa24b893d4555ff',10457,'post','product',1,0,NULL,NULL,'Aur Alb 10 cm rupta','publish',NULL,0,NULL,NULL,NULL,NULL,NULL,0,0,NULL,0,NULL,NULL,NULL,NULL,'https://e-mag.md/wp-content/uploads/2025/08/aur-alb-10-cm-rupta.webp',NULL,'15917','featured-image',NULL,NULL,'https://e-mag.md/wp-content/uploads/2025/08/aur-alb-10-cm-rupta.webp','15917','featured-image','{\"width\":600,\"height\":400,\"filesize\":32704,\"url\":\"https://e-mag.md/wp-content/uploads/2025/08/aur-alb-10-cm-rupta.webp\",\"path\":\"/home/spacermd/public_html/e-mag.md/wp-content/uploads/2025/08/aur-alb-10-cm-rupta.webp\",\"size\":\"full\",\"id\":15917,\"alt\":\"Aur Alb 10 Cm Rupta\",\"pixels\":240000,\"type\":\"image/webp\"}',0,NULL,NULL,'2025-08-23 22:02:35','2025-08-25 10:10:19',1,NULL,NULL,NULL,NULL,0,NULL,2,'2025-08-23 22:02:35','2022-07-03 00:50:22',0),(284,'https://e-mag.md/shop/mozaic-leopard-5x5-cm/','44:721602d2d4ee484dd37c9bf7faec6978',10463,'post','product',1,0,NULL,NULL,'Leopard Mozaic 5&#215;5 cm','publish',NULL,0,NULL,NULL,NULL,NULL,NULL,0,0,NULL,0,NULL,NULL,NULL,NULL,'https://e-mag.md/wp-content/uploads/2025/08/leopard-mozaic-5x5-cm.webp',NULL,'15920','featured-image',NULL,NULL,'https://e-mag.md/wp-content/uploads/2025/08/leopard-mozaic-5x5-cm.webp','15920','featured-image','{\"width\":600,\"height\":400,\"filesize\":34392,\"url\":\"https://e-mag.md/wp-content/uploads/2025/08/leopard-mozaic-5x5-cm.webp\",\"path\":\"/home/spacermd/public_html/e-mag.md/wp-content/uploads/2025/08/leopard-mozaic-5x5-cm.webp\",\"size\":\"full\",\"id\":15920,\"alt\":\"Leopard Mozaic 5x5 Cm\",\"pixels\":240000,\"type\":\"image/webp\"}',0,NULL,NULL,'2025-08-23 22:02:35','2025-08-25 10:10:19',1,NULL,NULL,NULL,NULL,0,NULL,2,'2025-08-23 22:02:35','2022-07-03 01:01:32',0),(286,'https://e-mag.md/shop/mozaic-maro-5x5-cm/','41:8ddf3b17d6c20d7db45ba8f758e52f52',10466,'post','product',1,0,NULL,NULL,'Maro Mozaic 5&#215;5 cm','publish',NULL,0,NULL,NULL,NULL,NULL,NULL,0,0,NULL,0,NULL,NULL,NULL,NULL,'https://e-mag.md/wp-content/uploads/2025/08/maro-mozaic-5x5-cm.webp',NULL,'15922','featured-image',NULL,NULL,'https://e-mag.md/wp-content/uploads/2025/08/maro-mozaic-5x5-cm.webp','15922','featured-image','{\"width\":600,\"height\":400,\"filesize\":42422,\"url\":\"https://e-mag.md/wp-content/uploads/2025/08/maro-mozaic-5x5-cm.webp\",\"path\":\"/home/spacermd/public_html/e-mag.md/wp-content/uploads/2025/08/maro-mozaic-5x5-cm.webp\",\"size\":\"full\",\"id\":15922,\"alt\":\"Maro Mozaic 5x5 Cm\",\"pixels\":240000,\"type\":\"image/webp\"}',0,NULL,NULL,'2025-08-23 22:02:36','2025-08-25 10:10:19',1,NULL,NULL,NULL,NULL,0,NULL,2,'2025-08-23 22:02:36','2022-07-03 01:05:43',0),(288,'https://e-mag.md/shop/metalic-5-cm-tesitura/','44:b52413cae0175c84e64ac8fb96f9cc55',10469,'post','product',1,0,NULL,NULL,'Metalic 50mm x Lmm teșitură','publish',NULL,0,NULL,NULL,NULL,NULL,NULL,0,0,NULL,0,NULL,NULL,NULL,NULL,'https://e-mag.md/wp-content/uploads/2025/08/metalic-50mm-x-lmm-tesitura.webp',NULL,'15924','featured-image',NULL,NULL,'https://e-mag.md/wp-content/uploads/2025/08/metalic-50mm-x-lmm-tesitura.webp','15924','featured-image','{\"width\":600,\"height\":400,\"filesize\":44364,\"url\":\"https://e-mag.md/wp-content/uploads/2025/08/metalic-50mm-x-lmm-tesitura.webp\",\"path\":\"/home/spacermd/public_html/e-mag.md/wp-content/uploads/2025/08/metalic-50mm-x-lmm-tesitura.webp\",\"size\":\"full\",\"id\":15924,\"alt\":\"Metalic 50mm X Lmm Tesitura\",\"pixels\":240000,\"type\":\"image/webp\"}',0,NULL,NULL,'2025-08-23 22:02:36','2025-08-25 10:10:19',1,NULL,NULL,NULL,NULL,0,NULL,2,'2025-08-23 22:02:36','2022-07-03 01:10:42',0),(290,'https://e-mag.md/shop/pietris-rotunjit-de-marmura-alba-10-20mm/','63:233227e79f829afd398ba8215dd1cb86',10486,'post','product',1,0,NULL,NULL,'Prundiș decorativ de marmură Alba 10-20mm (20kg)','publish',NULL,0,NULL,NULL,NULL,'Prundiș decorativ de marmură Alba',55,90,0,NULL,0,NULL,NULL,NULL,NULL,'https://e-mag.md/wp-content/uploads/2025/08/prundis-decorativ-de-marmura-alba-10-20mm.webp',NULL,'15926','featured-image',NULL,NULL,'https://e-mag.md/wp-content/uploads/2025/08/prundis-decorativ-de-marmura-alba-10-20mm.webp','15926','featured-image','{\"width\":600,\"height\":600,\"filesize\":55798,\"url\":\"https://e-mag.md/wp-content/uploads/2025/08/prundis-decorativ-de-marmura-alba-10-20mm.webp\",\"path\":\"/home/spacermd/public_html/e-mag.md/wp-content/uploads/2025/08/prundis-decorativ-de-marmura-alba-10-20mm.webp\",\"size\":\"full\",\"id\":15926,\"alt\":\"Prundis Decorativ De Marmura Alba 10 20mm\",\"pixels\":360000,\"type\":\"image/webp\"}',0,6,NULL,'2025-08-23 22:02:36','2025-08-25 10:25:14',1,NULL,NULL,NULL,NULL,0,1,2,'2025-08-23 22:02:36','2022-07-05 02:28:48',0),(295,'https://e-mag.md/shop/pietris-rotunjit-de-marmura-alba-80-120mm/','64:a06d1d43217d4e5f22a8f51a01c91f02',10489,'post','product',1,0,NULL,NULL,'Prundiș decorativ de marmură Alba 80-120mm (20kg)','publish',NULL,0,NULL,NULL,NULL,NULL,NULL,0,0,NULL,0,NULL,NULL,NULL,NULL,'https://e-mag.md/wp-content/uploads/2025/08/prundis-decorativ-de-marmura-alba-80-120mm.webp',NULL,'15931','featured-image',NULL,NULL,'https://e-mag.md/wp-content/uploads/2025/08/prundis-decorativ-de-marmura-alba-80-120mm.webp','15931','featured-image','{\"width\":600,\"height\":600,\"filesize\":51988,\"url\":\"https://e-mag.md/wp-content/uploads/2025/08/prundis-decorativ-de-marmura-alba-80-120mm.webp\",\"path\":\"/home/spacermd/public_html/e-mag.md/wp-content/uploads/2025/08/prundis-decorativ-de-marmura-alba-80-120mm.webp\",\"size\":\"full\",\"id\":15931,\"alt\":\"Prundis Decorativ De Marmura Alba 80 120mm\",\"pixels\":360000,\"type\":\"image/webp\"}',0,4,NULL,'2025-08-23 22:02:36','2025-08-25 10:25:14',1,NULL,NULL,NULL,NULL,0,NULL,2,'2025-08-23 22:02:36','2022-07-05 02:33:11',0),(300,'https://e-mag.md/shop/verde-50mm-x-lmm-rupta-stoc/','50:6809121c5c914d696bffe900bf008452',11120,'post','product',1,0,NULL,NULL,'Verde 50mm x Lmm rupta (stoc 3м²)','publish',NULL,0,NULL,NULL,NULL,NULL,NULL,0,0,NULL,0,NULL,NULL,NULL,NULL,'https://e-mag.md/wp-content/uploads/2025/08/verde-50mm-x-lmm-rupta.webp',NULL,'15884','featured-image',NULL,NULL,'https://e-mag.md/wp-content/uploads/2025/08/verde-50mm-x-lmm-rupta.webp','15884','featured-image','{\"width\":600,\"height\":400,\"filesize\":51858,\"url\":\"https://e-mag.md/wp-content/uploads/2025/08/verde-50mm-x-lmm-rupta.webp\",\"path\":\"/home/spacermd/public_html/e-mag.md/wp-content/uploads/2025/08/verde-50mm-x-lmm-rupta.webp\",\"size\":\"full\",\"id\":15884,\"alt\":\"Verde 50mm X Lmm Rupta\",\"pixels\":240000,\"type\":\"image/webp\"}',0,NULL,NULL,'2025-08-23 22:02:37','2025-08-25 04:28:55',1,NULL,NULL,NULL,NULL,1,NULL,2,'2025-08-25 07:28:55','2023-05-06 20:12:05',0),(301,'https://e-mag.md/shop/aur-alb-10-cm-stoc/','41:0c8b847aeb8bb9d63e9c4844457e5301',11153,'post','product',1,0,NULL,NULL,'Aur Alb 100 mm* L mm (stoc 7м²)','publish',NULL,0,NULL,NULL,NULL,NULL,NULL,0,0,NULL,0,NULL,NULL,NULL,NULL,'https://e-mag.md/wp-content/uploads/2025/08/aur-alb-10-cm.webp',NULL,'15789','featured-image',NULL,NULL,'https://e-mag.md/wp-content/uploads/2025/08/aur-alb-10-cm.webp','15789','featured-image','{\"width\":600,\"height\":400,\"filesize\":33362,\"url\":\"https://e-mag.md/wp-content/uploads/2025/08/aur-alb-10-cm.webp\",\"path\":\"/home/spacermd/public_html/e-mag.md/wp-content/uploads/2025/08/aur-alb-10-cm.webp\",\"size\":\"full\",\"id\":15789,\"alt\":\"Aur Alb 10 Cm\",\"pixels\":240000,\"type\":\"image/webp\"}',0,NULL,NULL,'2025-08-23 22:02:37','2025-08-25 04:28:48',1,NULL,NULL,NULL,NULL,1,NULL,2,'2025-08-25 07:28:48','2023-05-09 17:07:34',0),(302,'https://e-mag.md/shop/travertin-scoarta-de-stejar-5-cm-taiat-stoc/','66:4b08fc8ada6e4e4c90f79744e47c8f69',11160,'post','product',1,0,NULL,NULL,'Travertin Scoarță de Stejar 50mm x Lmm Tăiat (stoc 18м²)','publish',NULL,0,NULL,NULL,NULL,NULL,NULL,0,0,NULL,0,NULL,NULL,NULL,NULL,'https://e-mag.md/wp-content/uploads/2025/08/travertin-scoarta-de-stejar-5-cm-taiat.webp',NULL,'15783','featured-image',NULL,NULL,'https://e-mag.md/wp-content/uploads/2025/08/travertin-scoarta-de-stejar-5-cm-taiat.webp','15783','featured-image','{\"width\":600,\"height\":400,\"filesize\":72862,\"url\":\"https://e-mag.md/wp-content/uploads/2025/08/travertin-scoarta-de-stejar-5-cm-taiat.webp\",\"path\":\"/home/spacermd/public_html/e-mag.md/wp-content/uploads/2025/08/travertin-scoarta-de-stejar-5-cm-taiat.webp\",\"size\":\"full\",\"id\":15783,\"alt\":\"Travertin Scoarta De Stejar 5 Cm Taiat\",\"pixels\":240000,\"type\":\"image/webp\"}',0,NULL,NULL,'2025-08-23 22:02:39','2025-08-25 04:28:54',1,NULL,NULL,NULL,NULL,1,NULL,2,'2025-08-25 07:28:54','2023-05-09 18:20:27',0),(303,'https://e-mag.md/shop/ocean-50mm-x-lmm-stoc/','44:25cb75e0a6b0bf458a95b7abc0513259',11162,'post','product',1,0,NULL,NULL,'Ocean 50mm x Lmm (stoc 16м²)','publish',NULL,0,NULL,NULL,NULL,NULL,NULL,0,0,NULL,0,NULL,NULL,NULL,NULL,'https://e-mag.md/wp-content/uploads/2025/08/ocean-50mm-x-lmm.webp',NULL,'15938','featured-image',NULL,NULL,'https://e-mag.md/wp-content/uploads/2025/08/ocean-50mm-x-lmm.webp','15938','featured-image','{\"width\":600,\"height\":400,\"filesize\":54926,\"url\":\"https://e-mag.md/wp-content/uploads/2025/08/ocean-50mm-x-lmm.webp\",\"path\":\"/home/spacermd/public_html/e-mag.md/wp-content/uploads/2025/08/ocean-50mm-x-lmm.webp\",\"size\":\"full\",\"id\":15938,\"alt\":\"Ocean 50mm X Lmm\",\"pixels\":240000,\"type\":\"image/webp\"}',0,NULL,NULL,'2025-08-23 22:02:39','2025-08-25 04:28:54',1,NULL,NULL,NULL,NULL,1,NULL,2,'2025-08-25 07:28:54','2023-05-09 18:24:46',0),(306,'https://e-mag.md/shop/silver-shine-50mm-x-lmm-stoc/','51:07e1f5232fc9bba1212a241055b29b91',11164,'post','product',1,0,NULL,NULL,'Silver Shine 50mm x Lmm (stoc 22м²)','publish',NULL,0,NULL,NULL,NULL,NULL,NULL,0,0,NULL,0,NULL,NULL,NULL,NULL,'https://e-mag.md/wp-content/uploads/2025/08/silver-shine-50mm-x-lmm.webp',NULL,'15676','featured-image',NULL,NULL,'https://e-mag.md/wp-content/uploads/2025/08/silver-shine-50mm-x-lmm.webp','15676','featured-image','{\"width\":600,\"height\":400,\"filesize\":69456,\"url\":\"https://e-mag.md/wp-content/uploads/2025/08/silver-shine-50mm-x-lmm.webp\",\"path\":\"/home/spacermd/public_html/e-mag.md/wp-content/uploads/2025/08/silver-shine-50mm-x-lmm.webp\",\"size\":\"full\",\"id\":15676,\"alt\":\"Silver Shine 50mm X Lmm\",\"pixels\":240000,\"type\":\"image/webp\"}',0,NULL,NULL,'2025-08-23 22:02:39','2025-08-25 04:28:53',1,NULL,NULL,NULL,NULL,1,NULL,2,'2025-08-25 07:28:53','2023-05-09 18:28:01',0),(307,'https://e-mag.md/shop/metalic-10-cm-stoc/','41:1c035a857bcef1e2285a0bbb0762bad9',11166,'post','product',1,0,NULL,NULL,'Metalic 100 mm x L mm (stoc 10м²)','publish',NULL,0,NULL,NULL,NULL,NULL,NULL,0,0,NULL,0,NULL,NULL,NULL,NULL,'https://e-mag.md/wp-content/uploads/2025/08/metalic-10-cm.webp',NULL,'15801','featured-image',NULL,NULL,'https://e-mag.md/wp-content/uploads/2025/08/metalic-10-cm.webp','15801','featured-image','{\"width\":600,\"height\":400,\"filesize\":48980,\"url\":\"https://e-mag.md/wp-content/uploads/2025/08/metalic-10-cm.webp\",\"path\":\"/home/spacermd/public_html/e-mag.md/wp-content/uploads/2025/08/metalic-10-cm.webp\",\"size\":\"full\",\"id\":15801,\"alt\":\"Metalic 10 Cm\",\"pixels\":240000,\"type\":\"image/webp\"}',0,NULL,NULL,'2025-08-23 22:02:39','2025-08-25 04:28:53',1,NULL,NULL,NULL,NULL,1,NULL,2,'2025-08-25 07:28:53','2023-05-09 18:33:20',0),(308,'https://e-mag.md/shop/travertin-maro-5-cm-stoc/','47:ca53e7519abceff18b5afc0a1b921841',11169,'post','product',1,0,NULL,NULL,'Travertin Maro 50mm x Lmm (stoc 9м²)','publish',NULL,0,NULL,NULL,NULL,NULL,NULL,0,0,NULL,0,NULL,NULL,NULL,NULL,'https://e-mag.md/wp-content/uploads/2025/08/travertin-maro-5-cm.webp',NULL,'15785','featured-image',NULL,NULL,'https://e-mag.md/wp-content/uploads/2025/08/travertin-maro-5-cm.webp','15785','featured-image','{\"width\":600,\"height\":400,\"filesize\":49978,\"url\":\"https://e-mag.md/wp-content/uploads/2025/08/travertin-maro-5-cm.webp\",\"path\":\"/home/spacermd/public_html/e-mag.md/wp-content/uploads/2025/08/travertin-maro-5-cm.webp\",\"size\":\"full\",\"id\":15785,\"alt\":\"Travertin Maro 5 Cm\",\"pixels\":240000,\"type\":\"image/webp\"}',0,NULL,NULL,'2025-08-23 22:02:40','2025-08-25 04:28:52',1,NULL,NULL,NULL,NULL,1,NULL,2,'2025-08-25 07:28:52','2023-05-09 19:10:14',0),(309,'https://e-mag.md/shop/maro-50mm-x-lmm-stoc/','43:b7fe4b9cb4c0ebe99eadea093edc3e16',11171,'post','product',1,0,NULL,NULL,'Maro 50mm x Lmm (stoc 3м²)','publish',NULL,0,NULL,NULL,NULL,NULL,NULL,0,0,NULL,0,NULL,NULL,NULL,NULL,'https://e-mag.md/wp-content/uploads/2025/08/maro-50mm-x-lmm.webp',NULL,'15944','featured-image',NULL,NULL,'https://e-mag.md/wp-content/uploads/2025/08/maro-50mm-x-lmm.webp','15944','featured-image','{\"width\":600,\"height\":400,\"filesize\":68034,\"url\":\"https://e-mag.md/wp-content/uploads/2025/08/maro-50mm-x-lmm.webp\",\"path\":\"/home/spacermd/public_html/e-mag.md/wp-content/uploads/2025/08/maro-50mm-x-lmm.webp\",\"size\":\"full\",\"id\":15944,\"alt\":\"Maro 50mm X Lmm\",\"pixels\":240000,\"type\":\"image/webp\"}',0,NULL,NULL,'2025-08-23 22:02:40','2025-08-25 04:28:47',1,NULL,NULL,NULL,NULL,1,NULL,2,'2025-08-25 07:28:47','2023-05-09 19:16:40',0),(312,'https://e-mag.md/shop/aur-50mm-x-lmm-stoc/','42:2b8ac72e6cb3399b55eb042bc17e56ce',11173,'post','product',1,0,NULL,NULL,'Aur 50mm x Lmm (stoc 18м²)','publish',NULL,0,NULL,NULL,NULL,NULL,NULL,0,0,NULL,0,NULL,NULL,NULL,NULL,'https://e-mag.md/wp-content/uploads/2025/08/aur-50mm-x-lmm.webp',NULL,'15665','featured-image',NULL,NULL,'https://e-mag.md/wp-content/uploads/2025/08/aur-50mm-x-lmm.webp','15665','featured-image','{\"width\":600,\"height\":400,\"filesize\":62506,\"url\":\"https://e-mag.md/wp-content/uploads/2025/08/aur-50mm-x-lmm.webp\",\"path\":\"/home/spacermd/public_html/e-mag.md/wp-content/uploads/2025/08/aur-50mm-x-lmm.webp\",\"size\":\"full\",\"id\":15665,\"alt\":\"Aur 50mm X Lmm\",\"pixels\":240000,\"type\":\"image/webp\"}',0,NULL,NULL,'2025-08-23 22:02:40','2025-08-25 04:28:51',1,NULL,NULL,NULL,NULL,1,NULL,2,'2025-08-25 07:28:51','2023-05-09 19:19:28',0),(313,'https://e-mag.md/shop/raja-50mm-x-lmm-stoc/','43:47e1ec7d891d7696994caea366c4d525',11175,'post','product',1,0,NULL,NULL,'Raja 50mm x Lmm (stoc 36м²)','publish',NULL,0,NULL,NULL,NULL,NULL,NULL,60,0,NULL,0,NULL,NULL,NULL,NULL,'https://e-mag.md/wp-content/uploads/2025/08/raja-50mm-x-lmm.webp',NULL,'15948','featured-image',NULL,NULL,'https://e-mag.md/wp-content/uploads/2025/08/raja-50mm-x-lmm.webp','15948','featured-image','{\"width\":600,\"height\":400,\"filesize\":28940,\"url\":\"https://e-mag.md/wp-content/uploads/2025/08/raja-50mm-x-lmm.webp\",\"path\":\"/home/spacermd/public_html/e-mag.md/wp-content/uploads/2025/08/raja-50mm-x-lmm.webp\",\"size\":\"full\",\"id\":15948,\"alt\":\"Raja 50mm X Lmm\",\"pixels\":240000,\"type\":\"image/webp\"}',0,NULL,NULL,'2025-08-23 22:02:40','2025-08-25 04:28:50',1,NULL,NULL,NULL,NULL,1,1,2,'2025-08-25 07:28:50','2023-05-09 19:22:18',0),(316,'https://e-mag.md/shop/gri-5-cm-rupta-stoc/','42:d8aa7c6407ae0fad8def4cb02f2e8e9e',11178,'post','product',1,0,NULL,NULL,'Gri 50 mm x L mm rupta (stoc 2м²)','publish',NULL,0,NULL,NULL,NULL,NULL,NULL,0,0,NULL,0,NULL,NULL,NULL,NULL,'https://e-mag.md/wp-content/uploads/2025/08/gri-5-cm-rupta.webp',NULL,'15797','featured-image',NULL,NULL,'https://e-mag.md/wp-content/uploads/2025/08/gri-5-cm-rupta.webp','15797','featured-image','{\"width\":600,\"height\":400,\"filesize\":44748,\"url\":\"https://e-mag.md/wp-content/uploads/2025/08/gri-5-cm-rupta.webp\",\"path\":\"/home/spacermd/public_html/e-mag.md/wp-content/uploads/2025/08/gri-5-cm-rupta.webp\",\"size\":\"full\",\"id\":15797,\"alt\":\"Gri 5 Cm Rupta\",\"pixels\":240000,\"type\":\"image/webp\"}',0,NULL,NULL,'2025-08-23 22:02:41','2025-08-25 04:28:47',1,NULL,NULL,NULL,NULL,1,NULL,2,'2025-08-25 07:28:47','2023-05-09 19:32:32',0),(317,'https://e-mag.md/shop/zlato-5-cm-tesitura-stoc/','47:23e895b0dfbab5e4cfa8a8ccd51a30f6',11195,'post','product',1,0,NULL,NULL,'Zlato 50mm x Lmm teşitură (stoc 15m²)','publish',NULL,0,NULL,NULL,NULL,NULL,NULL,0,0,NULL,0,NULL,NULL,NULL,NULL,'https://e-mag.md/wp-content/uploads/2025/08/zlato-50mm-x-lmm-tesitura.webp',NULL,'15805','featured-image',NULL,NULL,'https://e-mag.md/wp-content/uploads/2025/08/zlato-50mm-x-lmm-tesitura.webp','15805','featured-image','{\"width\":600,\"height\":400,\"filesize\":39624,\"url\":\"https://e-mag.md/wp-content/uploads/2025/08/zlato-50mm-x-lmm-tesitura.webp\",\"path\":\"/home/spacermd/public_html/e-mag.md/wp-content/uploads/2025/08/zlato-50mm-x-lmm-tesitura.webp\",\"size\":\"full\",\"id\":15805,\"alt\":\"Zlato 50mm X Lmm Tesitura\",\"pixels\":240000,\"type\":\"image/webp\"}',0,NULL,NULL,'2025-08-23 22:02:41','2025-08-25 04:28:46',1,NULL,NULL,NULL,NULL,1,NULL,2,'2025-08-25 07:28:46','2023-05-10 21:36:40',0),(318,'https://e-mag.md/shop/travertin-antracit-5-cm-rupta-stoc/','57:479bbe0d87a2c5fb79b3a23feb3cad6a',11197,'post','product',1,0,NULL,NULL,'Travertin Antracit 50mm x Lmm rupta (stoc 13m²)','publish',NULL,0,NULL,NULL,NULL,NULL,NULL,0,0,NULL,0,NULL,NULL,NULL,NULL,'https://e-mag.md/wp-content/uploads/2025/08/travertin-antracit-50mm-x-lmm-rupta.webp',NULL,'15909','featured-image',NULL,NULL,'https://e-mag.md/wp-content/uploads/2025/08/travertin-antracit-50mm-x-lmm-rupta.webp','15909','featured-image','{\"width\":600,\"height\":400,\"filesize\":43518,\"url\":\"https://e-mag.md/wp-content/uploads/2025/08/travertin-antracit-50mm-x-lmm-rupta.webp\",\"path\":\"/home/spacermd/public_html/e-mag.md/wp-content/uploads/2025/08/travertin-antracit-50mm-x-lmm-rupta.webp\",\"size\":\"full\",\"id\":15909,\"alt\":\"Travertin Antracit 50mm X Lmm Rupta\",\"pixels\":240000,\"type\":\"image/webp\"}',0,NULL,NULL,'2025-08-23 22:02:42','2025-08-25 04:28:50',1,NULL,NULL,NULL,NULL,1,NULL,2,'2025-08-25 07:28:50','2023-05-10 21:45:14',0),(319,'https://e-mag.md/shop/metalic-50mm-x-lmm-tesitura-stoc/','55:7b076da31546a8dd63890fa9877976c3',11202,'post','product',1,0,NULL,NULL,'Metalic 50mm x Lmm teșitură (stoc 4,5m²)','publish',NULL,0,NULL,NULL,NULL,NULL,NULL,0,0,NULL,0,NULL,NULL,NULL,NULL,'https://e-mag.md/wp-content/uploads/2025/08/metalic-50mm-x-lmm-tesitura.webp',NULL,'15924','featured-image',NULL,NULL,'https://e-mag.md/wp-content/uploads/2025/08/metalic-50mm-x-lmm-tesitura.webp','15924','featured-image','{\"width\":600,\"height\":400,\"filesize\":44364,\"url\":\"https://e-mag.md/wp-content/uploads/2025/08/metalic-50mm-x-lmm-tesitura.webp\",\"path\":\"/home/spacermd/public_html/e-mag.md/wp-content/uploads/2025/08/metalic-50mm-x-lmm-tesitura.webp\",\"size\":\"full\",\"id\":15924,\"alt\":\"Metalic 50mm X Lmm Tesitura\",\"pixels\":240000,\"type\":\"image/webp\"}',0,NULL,NULL,'2025-08-23 22:02:42','2025-08-25 04:28:49',1,NULL,NULL,NULL,NULL,1,NULL,2,'2025-08-25 07:28:49','2023-05-10 21:57:04',0),(320,'https://e-mag.md/shop/metalic-50mm-x-lmm-stoc/','46:6e03975d6ac1b0fb9f6ac7578521fdc4',11205,'post','product',1,0,NULL,NULL,'Metalic 50mm x Lmm (stoc 20m²)','publish',NULL,0,NULL,NULL,NULL,NULL,NULL,0,0,NULL,0,NULL,NULL,NULL,NULL,'https://e-mag.md/wp-content/uploads/2025/08/metalic-50mm-x-lmm.webp',NULL,'15803','featured-image',NULL,NULL,'https://e-mag.md/wp-content/uploads/2025/08/metalic-50mm-x-lmm.webp','15803','featured-image','{\"width\":600,\"height\":400,\"filesize\":21728,\"url\":\"https://e-mag.md/wp-content/uploads/2025/08/metalic-50mm-x-lmm.webp\",\"path\":\"/home/spacermd/public_html/e-mag.md/wp-content/uploads/2025/08/metalic-50mm-x-lmm.webp\",\"size\":\"full\",\"id\":15803,\"alt\":\"Metalic 50mm X Lmm\",\"pixels\":240000,\"type\":\"image/webp\"}',0,NULL,NULL,'2025-08-23 22:02:43','2025-08-25 04:28:49',1,NULL,NULL,NULL,NULL,1,NULL,2,'2025-08-25 07:28:49','2023-05-10 22:05:09',0),(321,'https://e-mag.md/?post_type=product&p=11224','43:873b315c9741c3c30913bd598b085ecf',11224,'post','product',1,0,NULL,NULL,'Anthro','draft',0,0,NULL,NULL,NULL,NULL,NULL,0,0,NULL,0,NULL,NULL,NULL,NULL,'https://e-mag.md/wp-content/uploads/2025/08/anthro.webp',NULL,'15956','featured-image',NULL,NULL,'https://e-mag.md/wp-content/uploads/2025/08/anthro.webp','15956','featured-image','{\"width\":600,\"height\":400,\"filesize\":59700,\"url\":\"https://e-mag.md/wp-content/uploads/2025/08/anthro.webp\",\"path\":\"/home/spacermd/public_html/e-mag.md/wp-content/uploads/2025/08/anthro.webp\",\"size\":\"full\",\"id\":15956,\"alt\":\"Anthro\",\"pixels\":240000,\"type\":\"image/webp\"}',NULL,NULL,NULL,'2025-08-23 22:02:43','2025-08-25 05:41:01',1,NULL,NULL,NULL,NULL,0,NULL,2,'2025-08-23 22:02:43','2023-05-14 16:17:05',0),(322,'https://e-mag.md/product-category/piatra-artificiala/','53:c21e859a407f308acec8a49f46af8b37',73,'term','product_cat',NULL,NULL,NULL,NULL,'Piatră artificială',NULL,NULL,0,NULL,NULL,NULL,NULL,NULL,NULL,0,NULL,NULL,NULL,NULL,NULL,NULL,NULL,NULL,NULL,NULL,NULL,NULL,NULL,NULL,NULL,NULL,0,NULL,NULL,'2025-08-23 22:02:43','2025-08-25 04:33:27',1,NULL,NULL,NULL,NULL,0,NULL,2,'2025-08-25 04:33:27',NULL,NULL),(327,'https://e-mag.md/?post_type=product&p=11226','43:84dd2748a4bd8a7b73936ff9703fc795',11226,'post','product',1,0,NULL,NULL,'Belgian Brick 02','draft',0,0,NULL,NULL,NULL,NULL,NULL,0,0,NULL,0,NULL,NULL,NULL,NULL,'https://e-mag.md/wp-content/uploads/2025/08/belgian-brick-02.webp',NULL,'15961','featured-image',NULL,NULL,'https://e-mag.md/wp-content/uploads/2025/08/belgian-brick-02.webp','15961','featured-image','{\"width\":600,\"height\":400,\"filesize\":71950,\"url\":\"https://e-mag.md/wp-content/uploads/2025/08/belgian-brick-02.webp\",\"path\":\"/home/spacermd/public_html/e-mag.md/wp-content/uploads/2025/08/belgian-brick-02.webp\",\"size\":\"full\",\"id\":15961,\"alt\":\"Belgian Brick 02\",\"pixels\":240000,\"type\":\"image/webp\"}',NULL,NULL,NULL,'2025-08-23 22:02:43','2025-08-25 05:41:01',1,NULL,NULL,NULL,NULL,0,NULL,2,'2025-08-23 22:02:43','2023-05-14 16:25:34',0),(331,'https://e-mag.md/?post_type=product&p=11228','43:3277d848091407a5ae6b9495630b1a30',11228,'post','product',1,0,NULL,NULL,'Belgian Brick 01','draft',0,0,NULL,NULL,NULL,NULL,NULL,0,0,NULL,0,NULL,NULL,NULL,NULL,'https://e-mag.md/wp-content/uploads/2025/08/belgian-brick-01.webp',NULL,'15965','featured-image',NULL,NULL,'https://e-mag.md/wp-content/uploads/2025/08/belgian-brick-01.webp','15965','featured-image','{\"width\":600,\"height\":400,\"filesize\":55384,\"url\":\"https://e-mag.md/wp-content/uploads/2025/08/belgian-brick-01.webp\",\"path\":\"/home/spacermd/public_html/e-mag.md/wp-content/uploads/2025/08/belgian-brick-01.webp\",\"size\":\"full\",\"id\":15965,\"alt\":\"Belgian Brick 01\",\"pixels\":240000,\"type\":\"image/webp\"}',NULL,NULL,NULL,'2025-08-23 22:02:43','2025-08-25 05:41:01',1,NULL,NULL,NULL,NULL,0,NULL,2,'2025-08-23 22:02:43','2023-05-14 16:27:53',0),(338,'https://e-mag.md/?post_type=product&p=11251','43:c872e9ce853cdf25241b783c5f7cc249',11251,'post','product',1,0,NULL,NULL,'Belgian Brick 07','draft',0,0,NULL,NULL,NULL,NULL,NULL,0,0,NULL,0,NULL,NULL,NULL,NULL,'https://e-mag.md/wp-content/uploads/2025/08/belgian-brick-07.webp',NULL,'15972','featured-image',NULL,NULL,'https://e-mag.md/wp-content/uploads/2025/08/belgian-brick-07.webp','15972','featured-image','{\"width\":600,\"height\":400,\"filesize\":68328,\"url\":\"https://e-mag.md/wp-content/uploads/2025/08/belgian-brick-07.webp\",\"path\":\"/home/spacermd/public_html/e-mag.md/wp-content/uploads/2025/08/belgian-brick-07.webp\",\"size\":\"full\",\"id\":15972,\"alt\":\"Belgian Brick 07\",\"pixels\":240000,\"type\":\"image/webp\"}',NULL,NULL,NULL,'2025-08-23 22:02:44','2025-08-25 05:41:01',1,NULL,NULL,NULL,NULL,0,NULL,2,'2025-08-23 22:02:44','2023-05-14 21:15:46',0),(344,'https://e-mag.md/?post_type=product&p=11253','43:b4ad206ea7e854816c2f56b542ac1dd3',11253,'post','product',1,0,NULL,NULL,'Belgian Brick 05','draft',0,0,NULL,NULL,NULL,NULL,NULL,0,0,NULL,0,NULL,NULL,NULL,NULL,'https://e-mag.md/wp-content/uploads/2025/08/belgian-brick-05.webp',NULL,'15978','featured-image',NULL,NULL,'https://e-mag.md/wp-content/uploads/2025/08/belgian-brick-05.webp','15978','featured-image','{\"width\":600,\"height\":400,\"filesize\":31024,\"url\":\"https://e-mag.md/wp-content/uploads/2025/08/belgian-brick-05.webp\",\"path\":\"/home/spacermd/public_html/e-mag.md/wp-content/uploads/2025/08/belgian-brick-05.webp\",\"size\":\"full\",\"id\":15978,\"alt\":\"Belgian Brick 05\",\"pixels\":240000,\"type\":\"image/webp\"}',NULL,NULL,NULL,'2025-08-23 22:02:44','2025-08-25 05:41:01',1,NULL,NULL,NULL,NULL,0,NULL,2,'2025-08-23 22:02:44','2023-05-14 21:17:18',0),(348,'https://e-mag.md/?post_type=product&p=11265','43:9c81ba292931d8070f1cc6e2aa4208ec',11265,'post','product',1,0,NULL,NULL,'Belgian Brick 08','draft',0,0,NULL,NULL,NULL,NULL,NULL,0,0,NULL,0,NULL,NULL,NULL,NULL,'https://e-mag.md/wp-content/uploads/2025/08/belgian-brick-08.webp',NULL,'15982','featured-image',NULL,NULL,'https://e-mag.md/wp-content/uploads/2025/08/belgian-brick-08.webp','15982','featured-image','{\"width\":600,\"height\":400,\"filesize\":67676,\"url\":\"https://e-mag.md/wp-content/uploads/2025/08/belgian-brick-08.webp\",\"path\":\"/home/spacermd/public_html/e-mag.md/wp-content/uploads/2025/08/belgian-brick-08.webp\",\"size\":\"full\",\"id\":15982,\"alt\":\"Belgian Brick 08\",\"pixels\":240000,\"type\":\"image/webp\"}',NULL,NULL,NULL,'2025-08-23 22:02:44','2025-08-25 05:41:01',1,NULL,NULL,NULL,NULL,0,NULL,2,'2025-08-23 22:02:44','2023-05-14 21:37:19',0),(354,'https://e-mag.md/?post_type=product&p=11272','43:3df5ba8584d2903382d844e30c2342f2',11272,'post','product',1,0,NULL,NULL,'Boston 10','draft',0,0,NULL,NULL,NULL,NULL,NULL,0,0,NULL,0,NULL,NULL,NULL,NULL,'https://e-mag.md/wp-content/uploads/2025/08/boston-10.webp',NULL,'15988','featured-image',NULL,NULL,'https://e-mag.md/wp-content/uploads/2025/08/boston-10.webp','15988','featured-image','{\"width\":600,\"height\":400,\"filesize\":58110,\"url\":\"https://e-mag.md/wp-content/uploads/2025/08/boston-10.webp\",\"path\":\"/home/spacermd/public_html/e-mag.md/wp-content/uploads/2025/08/boston-10.webp\",\"size\":\"full\",\"id\":15988,\"alt\":\"Boston 10\",\"pixels\":240000,\"type\":\"image/webp\"}',NULL,NULL,NULL,'2025-08-23 22:02:44','2025-08-25 05:41:01',1,NULL,NULL,NULL,NULL,0,NULL,2,'2025-08-23 22:02:44','2023-05-14 21:42:14',0),(358,'https://e-mag.md/?post_type=product&p=11277','43:ceaf39433e5daedd79c98a1f86aa0568',11277,'post','product',1,0,NULL,NULL,'Boston 20','draft',0,0,NULL,NULL,NULL,NULL,NULL,0,0,NULL,0,NULL,NULL,NULL,NULL,'https://e-mag.md/wp-content/uploads/2025/08/boston-20.webp',NULL,'15992','featured-image',NULL,NULL,'https://e-mag.md/wp-content/uploads/2025/08/boston-20.webp','15992','featured-image','{\"width\":600,\"height\":400,\"filesize\":64924,\"url\":\"https://e-mag.md/wp-content/uploads/2025/08/boston-20.webp\",\"path\":\"/home/spacermd/public_html/e-mag.md/wp-content/uploads/2025/08/boston-20.webp\",\"size\":\"full\",\"id\":15992,\"alt\":\"Boston 20\",\"pixels\":240000,\"type\":\"image/webp\"}',NULL,NULL,NULL,'2025-08-23 22:02:46','2025-08-25 05:41:01',1,NULL,NULL,NULL,NULL,0,NULL,2,'2025-08-23 22:02:46','2023-05-14 21:49:03',0),(364,'https://e-mag.md/?post_type=product&p=11284','43:bce6151dc0e15c3f924761500e53e451',11284,'post','product',1,0,NULL,NULL,'Boston 30','draft',0,0,NULL,NULL,NULL,NULL,NULL,0,0,NULL,0,NULL,NULL,NULL,NULL,'https://e-mag.md/wp-content/uploads/2025/08/boston-30.webp',NULL,'15998','featured-image',NULL,NULL,'https://e-mag.md/wp-content/uploads/2025/08/boston-30.webp','15998','featured-image','{\"width\":600,\"height\":400,\"filesize\":40818,\"url\":\"https://e-mag.md/wp-content/uploads/2025/08/boston-30.webp\",\"path\":\"/home/spacermd/public_html/e-mag.md/wp-content/uploads/2025/08/boston-30.webp\",\"size\":\"full\",\"id\":15998,\"alt\":\"Boston 30\",\"pixels\":240000,\"type\":\"image/webp\"}',NULL,NULL,NULL,'2025-08-23 22:02:46','2025-08-25 05:41:01',1,NULL,NULL,NULL,NULL,0,NULL,2,'2025-08-23 22:02:46','2023-05-14 21:54:44',0),(367,'https://e-mag.md/?post_type=product&p=11289','43:132c1ea774e3f4ffb43956aef38c1d41',11289,'post','product',1,0,NULL,NULL,'Quebec','draft',0,0,NULL,NULL,NULL,NULL,NULL,0,0,NULL,0,NULL,NULL,NULL,NULL,'https://e-mag.md/wp-content/uploads/2025/08/quebec.webp',NULL,'16001','featured-image',NULL,NULL,'https://e-mag.md/wp-content/uploads/2025/08/quebec.webp','16001','featured-image','{\"width\":600,\"height\":400,\"filesize\":50826,\"url\":\"https://e-mag.md/wp-content/uploads/2025/08/quebec.webp\",\"path\":\"/home/spacermd/public_html/e-mag.md/wp-content/uploads/2025/08/quebec.webp\",\"size\":\"full\",\"id\":16001,\"alt\":\"Quebec\",\"pixels\":240000,\"type\":\"image/webp\"}',NULL,NULL,NULL,'2025-08-23 22:02:46','2025-08-25 05:41:01',1,NULL,NULL,NULL,NULL,0,NULL,2,'2025-08-23 22:02:46','2023-05-14 22:08:12',0),(375,'https://e-mag.md/?post_type=product&p=11299','43:0524092d83cd88b9c75ed20ffe90d517',11299,'post','product',1,0,NULL,NULL,'Cremona','draft',0,0,NULL,NULL,NULL,NULL,NULL,0,0,NULL,0,NULL,NULL,NULL,NULL,'https://e-mag.md/wp-content/uploads/2025/08/cremona.webp',NULL,'16009','featured-image',NULL,NULL,'https://e-mag.md/wp-content/uploads/2025/08/cremona.webp','16009','featured-image','{\"width\":600,\"height\":400,\"filesize\":49030,\"url\":\"https://e-mag.md/wp-content/uploads/2025/08/cremona.webp\",\"path\":\"/home/spacermd/public_html/e-mag.md/wp-content/uploads/2025/08/cremona.webp\",\"size\":\"full\",\"id\":16009,\"alt\":\"Cremona\",\"pixels\":240000,\"type\":\"image/webp\"}',NULL,NULL,NULL,'2025-08-23 22:02:46','2025-08-25 05:41:01',1,NULL,NULL,NULL,NULL,0,NULL,2,'2025-08-23 22:02:46','2023-05-14 22:13:19',0),(382,'https://e-mag.md/?post_type=product&p=11307','43:7c49c1687af6d81247e12b44ef1b89ee',11307,'post','product',1,0,NULL,NULL,'Longford 10','draft',0,0,NULL,NULL,NULL,NULL,NULL,0,0,NULL,0,NULL,NULL,NULL,NULL,'https://e-mag.md/wp-content/uploads/2025/08/longford-10.webp',NULL,'16016','featured-image',NULL,NULL,'https://e-mag.md/wp-content/uploads/2025/08/longford-10.webp','16016','featured-image','{\"width\":600,\"height\":400,\"filesize\":60018,\"url\":\"https://e-mag.md/wp-content/uploads/2025/08/longford-10.webp\",\"path\":\"/home/spacermd/public_html/e-mag.md/wp-content/uploads/2025/08/longford-10.webp\",\"size\":\"full\",\"id\":16016,\"alt\":\"Longford 10\",\"pixels\":240000,\"type\":\"image/webp\"}',NULL,NULL,NULL,'2025-08-23 22:02:47','2025-08-25 05:41:01',1,NULL,NULL,NULL,NULL,0,NULL,2,'2025-08-23 22:02:47','2023-05-14 22:17:56',0),(387,'https://e-mag.md/?post_type=product&p=11313','43:ac05a9ab69a75d1e35f201a2d9fb7a0c',11313,'post','product',1,0,NULL,NULL,'Longford 30','draft',0,0,NULL,NULL,NULL,NULL,NULL,0,0,NULL,0,NULL,NULL,NULL,NULL,'https://e-mag.md/wp-content/uploads/2025/08/longford-30-2.webp',NULL,'16021','featured-image',NULL,NULL,'https://e-mag.md/wp-content/uploads/2025/08/longford-30-2.webp','16021','featured-image','{\"width\":600,\"height\":400,\"filesize\":60960,\"url\":\"https://e-mag.md/wp-content/uploads/2025/08/longford-30-2.webp\",\"path\":\"/home/spacermd/public_html/e-mag.md/wp-content/uploads/2025/08/longford-30-2.webp\",\"size\":\"full\",\"id\":16021,\"alt\":\"Longford 30 2\",\"pixels\":240000,\"type\":\"image/webp\"}',NULL,NULL,NULL,'2025-08-23 22:02:47','2025-08-25 05:41:01',1,NULL,NULL,NULL,NULL,0,NULL,2,'2025-08-23 22:02:47','2023-05-14 22:25:32',0),(395,'https://e-mag.md/?post_type=product&p=11326','43:9f9e6261cd58df3f1d0a67c5cd11db01',11326,'post','product',1,0,NULL,NULL,'Manhattan 10','draft',0,0,NULL,NULL,NULL,'Manhattan 10',70,60,0,NULL,0,NULL,NULL,NULL,NULL,'https://e-mag.md/wp-content/uploads/2025/08/manhattan-10-3.webp',NULL,'16029','featured-image',NULL,NULL,'https://e-mag.md/wp-content/uploads/2025/08/manhattan-10-3.webp','16029','featured-image','{\"width\":600,\"height\":400,\"filesize\":45208,\"url\":\"https://e-mag.md/wp-content/uploads/2025/08/manhattan-10-3.webp\",\"path\":\"/home/spacermd/public_html/e-mag.md/wp-content/uploads/2025/08/manhattan-10-3.webp\",\"size\":\"full\",\"id\":16029,\"alt\":\"Manhattan 10 3\",\"pixels\":240000,\"type\":\"image/webp\"}',NULL,NULL,NULL,'2025-08-23 22:02:47','2025-08-25 05:41:01',1,NULL,NULL,NULL,NULL,0,2,2,'2025-08-23 22:02:47','2023-05-14 22:36:16',0),(399,'https://e-mag.md/?post_type=product&p=11331','43:e8a21e03de15e6e3dbf6513e05575e7d',11331,'post','product',1,0,NULL,NULL,'Manhattan 20','draft',0,0,NULL,NULL,NULL,NULL,NULL,0,0,NULL,0,NULL,NULL,NULL,NULL,'https://e-mag.md/wp-content/uploads/2025/08/manhattan-20.webp',NULL,'16033','featured-image',NULL,NULL,'https://e-mag.md/wp-content/uploads/2025/08/manhattan-20.webp','16033','featured-image','{\"width\":600,\"height\":400,\"filesize\":61574,\"url\":\"https://e-mag.md/wp-content/uploads/2025/08/manhattan-20.webp\",\"path\":\"/home/spacermd/public_html/e-mag.md/wp-content/uploads/2025/08/manhattan-20.webp\",\"size\":\"full\",\"id\":16033,\"alt\":\"Manhattan 20\",\"pixels\":240000,\"type\":\"image/webp\"}',NULL,NULL,NULL,'2025-08-23 22:02:47','2025-08-25 05:56:01',1,NULL,NULL,NULL,NULL,0,NULL,2,'2025-08-23 22:02:47','2023-05-14 22:41:50',0),(407,'https://e-mag.md/?post_type=product&p=11341','43:819857c18f51367eceecd799e49e719f',11341,'post','product',1,0,NULL,NULL,'Manhattan 30','draft',0,0,NULL,NULL,NULL,NULL,NULL,0,0,NULL,0,NULL,NULL,NULL,NULL,'https://e-mag.md/wp-content/uploads/2025/08/manhattan-30.webp',NULL,'16041','featured-image',NULL,NULL,'https://e-mag.md/wp-content/uploads/2025/08/manhattan-30.webp','16041','featured-image','{\"width\":600,\"height\":400,\"filesize\":36518,\"url\":\"https://e-mag.md/wp-content/uploads/2025/08/manhattan-30.webp\",\"path\":\"/home/spacermd/public_html/e-mag.md/wp-content/uploads/2025/08/manhattan-30.webp\",\"size\":\"full\",\"id\":16041,\"alt\":\"Manhattan 30\",\"pixels\":240000,\"type\":\"image/webp\"}',NULL,NULL,NULL,'2025-08-23 22:02:48','2025-08-25 05:56:01',1,NULL,NULL,NULL,NULL,0,NULL,2,'2025-08-23 22:02:48','2023-05-14 22:58:36',0),(413,'https://e-mag.md/?post_type=product&p=11348','43:f2dc21b71595a3ae0ba912c97e01a6bb',11348,'post','product',1,0,NULL,NULL,'Chelsea','draft',0,0,NULL,NULL,NULL,NULL,NULL,0,0,NULL,0,NULL,NULL,NULL,NULL,'https://e-mag.md/wp-content/uploads/2025/08/chelsea.webp',NULL,'16047','featured-image',NULL,NULL,'https://e-mag.md/wp-content/uploads/2025/08/chelsea.webp','16047','featured-image','{\"width\":600,\"height\":400,\"filesize\":39898,\"url\":\"https://e-mag.md/wp-content/uploads/2025/08/chelsea.webp\",\"path\":\"/home/spacermd/public_html/e-mag.md/wp-content/uploads/2025/08/chelsea.webp\",\"size\":\"full\",\"id\":16047,\"alt\":\"Chelsea\",\"pixels\":240000,\"type\":\"image/webp\"}',NULL,NULL,NULL,'2025-08-23 22:02:48','2025-08-25 05:56:01',1,NULL,NULL,NULL,NULL,0,NULL,2,'2025-08-23 22:02:48','2023-05-14 23:11:32',0),(421,'https://e-mag.md/shop/travertin-001/','36:1b94f67fcbfc737a1ddda578c140b8c7',16055,'post','product',1,0,NULL,NULL,'Travertin 001','publish',NULL,0,NULL,NULL,NULL,NULL,NULL,0,0,NULL,0,NULL,NULL,NULL,NULL,'https://e-mag.md/wp-content/uploads/2025/08/travertin-001.webp',NULL,'16056','featured-image',NULL,NULL,'https://e-mag.md/wp-content/uploads/2025/08/travertin-001.webp','16056','featured-image','{\"width\":600,\"height\":400,\"filesize\":42556,\"url\":\"https://e-mag.md/wp-content/uploads/2025/08/travertin-001.webp\",\"path\":\"/home/spacermd/public_html/e-mag.md/wp-content/uploads/2025/08/travertin-001.webp\",\"size\":\"full\",\"id\":16056,\"alt\":\"Travertin 001\",\"pixels\":240000,\"type\":\"image/webp\"}',0,NULL,NULL,'2025-08-23 22:02:49','2025-08-25 05:56:01',1,NULL,NULL,NULL,NULL,0,NULL,2,'2025-08-23 22:02:49','2022-07-02 14:57:51',0),(423,'https://e-mag.md/shop/maro-50mm-x-lmm/','38:cba86f242d10c2b063190ef439e9f737',16058,'post','product',1,0,NULL,NULL,'Maro 50mm x Lmm','publish',NULL,0,NULL,NULL,NULL,NULL,NULL,0,0,NULL,0,NULL,NULL,NULL,NULL,'https://e-mag.md/wp-content/uploads/2025/08/maro-50mm-x-lmm.webp',NULL,'15944','featured-image',NULL,NULL,'https://e-mag.md/wp-content/uploads/2025/08/maro-50mm-x-lmm.webp','15944','featured-image','{\"width\":600,\"height\":400,\"filesize\":68034,\"url\":\"https://e-mag.md/wp-content/uploads/2025/08/maro-50mm-x-lmm.webp\",\"path\":\"/home/spacermd/public_html/e-mag.md/wp-content/uploads/2025/08/maro-50mm-x-lmm.webp\",\"size\":\"full\",\"id\":15944,\"alt\":\"Maro 50mm X Lmm\",\"pixels\":240000,\"type\":\"image/webp\"}',0,NULL,NULL,'2025-08-23 22:02:50','2025-08-25 06:11:01',1,NULL,NULL,NULL,NULL,1,NULL,2,'2025-08-23 22:02:50','2022-07-02 15:18:46',0),(424,'https://e-mag.md/shop/maro-25mm-x-lmm/','38:e1064d6f70447eff94615c643590c98b',16060,'post','product',1,0,NULL,NULL,'Maro 25mm x Lmm','publish',NULL,0,NULL,NULL,NULL,NULL,NULL,0,0,NULL,0,NULL,NULL,NULL,NULL,'https://e-mag.md/wp-content/uploads/2025/08/maro-50mm-x-lmm-2.webp',NULL,'15945','featured-image',NULL,NULL,'https://e-mag.md/wp-content/uploads/2025/08/maro-50mm-x-lmm-2.webp','15945','featured-image','{\"width\":600,\"height\":400,\"filesize\":66460,\"url\":\"https://e-mag.md/wp-content/uploads/2025/08/maro-50mm-x-lmm-2.webp\",\"path\":\"/home/spacermd/public_html/e-mag.md/wp-content/uploads/2025/08/maro-50mm-x-lmm-2.webp\",\"size\":\"full\",\"id\":15945,\"alt\":\"Maro 50mm X Lmm 2\",\"pixels\":240000,\"type\":\"image/webp\"}',0,NULL,NULL,'2025-08-23 22:02:50','2025-08-25 06:11:01',1,NULL,NULL,NULL,NULL,1,NULL,2,'2025-08-23 22:02:50','2022-07-02 15:20:50',0),(425,'https://e-mag.md/shop/ocean-50mm-x-lmm/','39:f3e76ad10c6a0abfb9b975025fdd163a',16062,'post','product',1,0,NULL,NULL,'Ocean 50mm x Lmm','publish',NULL,0,NULL,NULL,NULL,NULL,NULL,0,0,NULL,0,NULL,NULL,NULL,NULL,'https://e-mag.md/wp-content/uploads/2025/08/ocean-50mm-x-lmm.webp',NULL,'15938','featured-image',NULL,NULL,'https://e-mag.md/wp-content/uploads/2025/08/ocean-50mm-x-lmm.webp','15938','featured-image','{\"width\":600,\"height\":400,\"filesize\":54926,\"url\":\"https://e-mag.md/wp-content/uploads/2025/08/ocean-50mm-x-lmm.webp\",\"path\":\"/home/spacermd/public_html/e-mag.md/wp-content/uploads/2025/08/ocean-50mm-x-lmm.webp\",\"size\":\"full\",\"id\":15938,\"alt\":\"Ocean 50mm X Lmm\",\"pixels\":240000,\"type\":\"image/webp\"}',0,NULL,NULL,'2025-08-23 22:02:50','2025-08-25 06:11:01',1,NULL,NULL,NULL,NULL,1,NULL,2,'2025-08-23 22:02:50','2022-07-02 15:28:44',0),(426,'https://e-mag.md/shop/piersic-25mm-x-lmm/','41:fcb429f53663a1a74419bca61a6da56a',16064,'post','product',1,0,NULL,NULL,'Piersic 25mm x Lmm','publish',NULL,0,NULL,NULL,NULL,NULL,NULL,0,0,NULL,0,NULL,NULL,NULL,NULL,'https://e-mag.md/wp-content/uploads/2025/08/piersic-25mm-x-lmm-2.webp',NULL,'15873','featured-image',NULL,NULL,'https://e-mag.md/wp-content/uploads/2025/08/piersic-25mm-x-lmm-2.webp','15873','featured-image','{\"width\":600,\"height\":400,\"filesize\":36586,\"url\":\"https://e-mag.md/wp-content/uploads/2025/08/piersic-25mm-x-lmm-2.webp\",\"path\":\"/home/spacermd/public_html/e-mag.md/wp-content/uploads/2025/08/piersic-25mm-x-lmm-2.webp\",\"size\":\"full\",\"id\":15873,\"alt\":\"Piersic 25mm X Lmm 2\",\"pixels\":240000,\"type\":\"image/webp\"}',0,NULL,NULL,'2025-08-23 22:02:50','2025-08-25 06:11:01',1,NULL,NULL,NULL,NULL,1,NULL,2,'2025-08-23 22:02:50','2022-07-02 15:33:29',0),(427,'https://e-mag.md/shop/raja-50mm-x-lmm/','38:4e6f923f620f6ad06e841365638772e2',16066,'post','product',1,0,NULL,NULL,'Raja 50mm x Lmm','publish',NULL,0,NULL,NULL,NULL,NULL,NULL,0,0,NULL,0,NULL,NULL,NULL,NULL,'https://e-mag.md/wp-content/uploads/2025/08/raja-50mm-x-lmm.webp',NULL,'15948','featured-image',NULL,NULL,'https://e-mag.md/wp-content/uploads/2025/08/raja-50mm-x-lmm.webp','15948','featured-image','{\"width\":600,\"height\":400,\"filesize\":28940,\"url\":\"https://e-mag.md/wp-content/uploads/2025/08/raja-50mm-x-lmm.webp\",\"path\":\"/home/spacermd/public_html/e-mag.md/wp-content/uploads/2025/08/raja-50mm-x-lmm.webp\",\"size\":\"full\",\"id\":15948,\"alt\":\"Raja 50mm X Lmm\",\"pixels\":240000,\"type\":\"image/webp\"}',0,NULL,NULL,'2025-08-23 22:02:51','2025-08-25 06:11:01',1,NULL,NULL,NULL,NULL,1,NULL,2,'2025-08-23 22:02:50','2022-07-02 15:36:01',0),(428,'https://e-mag.md/shop/verde-50mm-x-lmm/','39:3b1dae4d3726b40f79c2c7d4a5cce1cf',16068,'post','product',1,0,NULL,NULL,'Verde 50mm x Lmm','publish',NULL,0,NULL,NULL,NULL,NULL,NULL,0,0,NULL,0,NULL,NULL,NULL,NULL,'https://e-mag.md/wp-content/uploads/2025/08/verde-25mm-x-lmm.webp',NULL,'15879','featured-image',NULL,NULL,'https://e-mag.md/wp-content/uploads/2025/08/verde-25mm-x-lmm.webp','15879','featured-image','{\"width\":600,\"height\":400,\"filesize\":51602,\"url\":\"https://e-mag.md/wp-content/uploads/2025/08/verde-25mm-x-lmm.webp\",\"path\":\"/home/spacermd/public_html/e-mag.md/wp-content/uploads/2025/08/verde-25mm-x-lmm.webp\",\"size\":\"full\",\"id\":15879,\"alt\":\"Verde 25mm X Lmm\",\"pixels\":240000,\"type\":\"image/webp\"}',0,NULL,NULL,'2025-08-23 22:02:51','2025-08-25 07:12:32',1,NULL,NULL,NULL,NULL,1,NULL,2,'2025-08-23 22:02:51','2022-07-02 15:44:41',0),(429,'https://e-mag.md/refund_returns/','32:cf29d87f688acc768d770aa145d86488',15,'post','page',1,0,NULL,NULL,'Politica de returnare','publish',NULL,0,NULL,NULL,NULL,NULL,NULL,0,0,NULL,0,NULL,NULL,NULL,NULL,NULL,NULL,NULL,NULL,NULL,NULL,NULL,NULL,NULL,NULL,0,1,NULL,'2025-08-23 22:08:46','2025-08-25 05:25:13',1,NULL,NULL,NULL,NULL,0,NULL,2,'2025-08-23 08:51:47','2025-08-14 18:27:13',0),(430,'https://e-mag.md/','17:f4b28c1e98aa4f9e5404cbf8026e0758',4035,'post','page',1,0,NULL,NULL,'Piatră Naturală','publish',NULL,0,NULL,NULL,NULL,NULL,NULL,0,0,NULL,0,NULL,NULL,NULL,NULL,'https://e-mag.md/wp-content/uploads/2021/09/750-x-500.png',NULL,NULL,'first-content-image',NULL,NULL,'https://e-mag.md/wp-content/uploads/2021/09/750-x-500.png',NULL,'first-content-image',NULL,29,NULL,NULL,'2025-08-23 22:08:46','2025-08-24 19:49:31',1,NULL,NULL,NULL,NULL,0,NULL,2,'2025-08-22 09:33:30','2021-09-13 15:28:21',0),(431,'https://e-mag.md/my-account/','28:3e11d0518adcebf9025ec861a32be61f',14,'post','page',1,0,NULL,NULL,'Contul meu','publish',NULL,0,NULL,NULL,NULL,NULL,NULL,0,0,NULL,0,NULL,NULL,NULL,NULL,NULL,NULL,NULL,NULL,NULL,NULL,NULL,NULL,NULL,NULL,0,7,NULL,'2025-08-23 22:08:46','2025-08-25 05:25:13',1,NULL,NULL,NULL,NULL,0,NULL,2,'2025-08-19 12:40:12','2025-08-14 15:48:35',0),(432,'https://e-mag.md/checkout/','26:bafc5f84ed14e307c1295cfe628e6aed',13,'post','page',1,0,NULL,NULL,'Termina comanda','publish',NULL,0,NULL,NULL,NULL,NULL,NULL,0,0,NULL,0,NULL,NULL,NULL,NULL,NULL,NULL,NULL,NULL,NULL,NULL,NULL,NULL,NULL,NULL,0,NULL,NULL,'2025-08-23 22:08:46','2025-08-25 05:25:13',1,NULL,NULL,NULL,NULL,0,NULL,2,'2025-08-19 12:59:02','2025-08-14 15:48:35',0),(433,'https://e-mag.md/cart/','22:b4e0acdb5604c0b41bb18b8d5139b7e0',12,'post','page',1,0,NULL,NULL,'Coșul','publish',NULL,0,NULL,NULL,NULL,NULL,NULL,0,0,NULL,0,NULL,NULL,NULL,NULL,NULL,NULL,NULL,NULL,NULL,NULL,NULL,NULL,NULL,NULL,0,NULL,NULL,'2025-08-23 22:08:46','2025-08-25 05:25:13',1,NULL,NULL,NULL,NULL,0,NULL,2,'2025-08-19 12:40:52','2025-08-14 15:48:35',0),(434,'https://e-mag.md/privacy-policy/','32:5f4813b30482e54445d528a59c69e6f7',3,'post','page',1,0,NULL,NULL,'Politica de confidențialitate','publish',NULL,0,NULL,NULL,NULL,NULL,NULL,0,0,NULL,0,NULL,NULL,NULL,NULL,NULL,NULL,NULL,NULL,NULL,NULL,NULL,NULL,NULL,NULL,0,1,NULL,'2025-08-23 22:08:46','2025-08-25 05:25:13',1,NULL,NULL,NULL,NULL,0,NULL,2,'2025-08-23 09:06:51','2025-08-14 14:37:13',0),(435,'https://e-mag.md/invitatie-la-cooperare/','40:1725f88b078985fd9d88cd82b96f4c05',16388,'post','page',1,0,'Deveniți partener',NULL,'Invitație la cooperare','publish',NULL,0,NULL,NULL,NULL,'deveniți partener',56,90,0,NULL,0,NULL,NULL,NULL,NULL,'https://e-mag.md/wp-content/uploads/2025/08/d1948b0a2302f833f96016686e15ac59.jpg',NULL,NULL,'first-content-image',NULL,NULL,'https://e-mag.md/wp-content/uploads/2025/08/d1948b0a2302f833f96016686e15ac59.jpg',NULL,'first-content-image',NULL,58,1,NULL,'2025-08-23 22:08:47','2025-08-25 05:25:13',1,NULL,NULL,NULL,NULL,0,12,2,'2025-08-22 09:11:09','2024-06-13 19:33:58',0),(437,'https://e-mag.md/termeni-si-conditii/','37:4e8c88c225bfe9c63ba96bbb019d4fd5',16989,'post','page',1,0,NULL,NULL,'Termeni și Condiții','publish',NULL,0,NULL,NULL,NULL,NULL,NULL,60,0,NULL,0,NULL,NULL,NULL,NULL,NULL,NULL,NULL,NULL,NULL,NULL,NULL,NULL,NULL,NULL,0,1,NULL,'2025-08-23 22:08:47','2025-08-25 05:25:13',1,NULL,NULL,NULL,NULL,0,7,2,'2025-08-23 09:00:01','2024-05-16 20:59:21',0),(438,'https://e-mag.md/shop/','22:adcc95dfecea52f17466a9c70914b74b',16991,'post','page',1,0,'Magazin online de piatra naturala. Livrare în toată Moldova.','Magazin online. Produse din piatră naturală. Pietriș decorativ din marmură. Placi din piatră naturală. Piatra neprelucrată. tel:+37368897773','Magazin','publish',NULL,0,NULL,NULL,NULL,'magazin online',51,0,0,NULL,0,NULL,NULL,NULL,NULL,'https://e-mag.md/wp-content/uploads/2023/04/piatra-naturala.webp',NULL,'10007','featured-image',NULL,NULL,'https://e-mag.md/wp-content/uploads/2023/04/piatra-naturala.webp','10007','featured-image','{\"width\":600,\"height\":400,\"filesize\":47452,\"url\":\"https://e-mag.md/wp-content/uploads/2023/04/piatra-naturala.webp\",\"path\":\"/home/spacermd/public_html/e-mag.md/wp-content/uploads/2023/04/piatra-naturala.webp\",\"size\":\"full\",\"id\":10007,\"alt\":\"Piatra Naturala\",\"pixels\":240000,\"type\":\"image/webp\"}',0,NULL,NULL,'2025-08-23 22:08:47','2025-08-25 04:39:09',1,NULL,NULL,NULL,NULL,0,1,2,'2025-08-19 12:27:20','2023-04-02 08:58:57',0),(439,'https://e-mag.md/lichidare-de-stoc/','35:ac11d0a1d7d0c3de5478b60c51839966',16990,'post','page',1,0,'%%title%%. Piatră naturală. Livrare în toată Moldova.','%%title%%. Aici puteți cumpăra piatră naturală cu o reducere angro. Profita de oferta noastră speciala. tel:+37368897773','Lichidare de stoc','publish',NULL,0,NULL,NULL,NULL,'Lichidare de stoc',68,90,0,NULL,0,NULL,NULL,NULL,NULL,'https://e-mag.md/wp-content/uploads/2023/09/lichidare-de-stoc.jpg',NULL,'11734','featured-image',NULL,NULL,'https://e-mag.md/wp-content/uploads/2023/09/lichidare-de-stoc.jpg','11734','featured-image','{\"width\":600,\"height\":600,\"filesize\":19811,\"url\":\"https://e-mag.md/wp-content/uploads/2023/09/lichidare-de-stoc.jpg\",\"path\":\"/home/spacermd/public_html/e-mag.md/wp-content/uploads/2023/09/lichidare-de-stoc.jpg\",\"size\":\"full\",\"id\":11734,\"alt\":\"Lichidare De Stoc\",\"pixels\":360000,\"type\":\"image/jpeg\"}',0,NULL,NULL,'2025-08-23 22:08:47','2025-08-25 05:25:13',1,NULL,NULL,NULL,NULL,0,5,2,'2025-08-19 20:34:11','2023-04-02 08:49:13',0),(440,'https://e-mag.md/contact-us/','28:b7d65355e436e1a2ee597aea5eba0030',4439,'post','page',1,0,NULL,NULL,'Contact us','publish',NULL,0,NULL,NULL,NULL,NULL,NULL,0,0,NULL,0,NULL,NULL,NULL,NULL,NULL,NULL,NULL,NULL,NULL,NULL,NULL,NULL,NULL,NULL,0,NULL,NULL,'2025-08-23 22:08:47','2025-08-25 05:25:13',1,NULL,NULL,NULL,NULL,0,NULL,2,'2021-10-12 16:27:24','2021-10-12 16:27:24',0),(443,'https://e-mag.md/category/uncategorized/','40:c364909bd55db693499da7f86af4e0c5',1,'term','category',NULL,NULL,NULL,NULL,'Uncategorized',NULL,NULL,0,NULL,NULL,NULL,NULL,NULL,NULL,0,NULL,NULL,NULL,NULL,NULL,NULL,NULL,NULL,NULL,NULL,NULL,NULL,NULL,NULL,NULL,NULL,0,NULL,NULL,'2025-08-23 22:41:31','2025-08-25 05:25:13',1,NULL,NULL,NULL,NULL,0,NULL,2,NULL,NULL,NULL),(444,'https://e-mag.md/product-category/misk/','39:45cfa9510dbf29897de3fc0333a7a6c7',20,'term','product_cat',NULL,NULL,NULL,NULL,'Misk',NULL,NULL,0,NULL,NULL,NULL,NULL,NULL,NULL,0,NULL,NULL,NULL,NULL,NULL,NULL,NULL,NULL,NULL,NULL,NULL,NULL,NULL,NULL,NULL,NULL,0,NULL,NULL,'2025-08-23 22:41:31','2025-08-25 04:32:26',1,NULL,NULL,NULL,NULL,0,NULL,2,NULL,NULL,NULL),(445,'https://e-mag.md/woodmart_slider/piatra-slider/','47:c7b226c6454dc16a11f842e8555d73b8',70,'term','woodmart_slider',NULL,NULL,NULL,NULL,'Piatra Slider',NULL,NULL,0,NULL,NULL,NULL,NULL,NULL,NULL,0,NULL,NULL,NULL,NULL,NULL,NULL,NULL,NULL,NULL,NULL,NULL,NULL,NULL,NULL,NULL,NULL,0,NULL,NULL,'2025-08-23 22:41:31','2025-08-25 05:25:13',1,NULL,NULL,NULL,NULL,0,NULL,2,'2025-08-20 20:25:26','2021-09-13 15:37:26',NULL),(446,'https://e-mag.md/brand/piatra-iraniana/','39:7d39491a8ac3472dd3c7330d4bd4fdf0',84,'term','product_brand',NULL,NULL,NULL,NULL,'Piatră Iraniană',NULL,NULL,0,NULL,NULL,NULL,NULL,NULL,NULL,0,NULL,NULL,NULL,NULL,NULL,NULL,NULL,NULL,NULL,NULL,NULL,NULL,NULL,NULL,NULL,NULL,0,NULL,NULL,'2025-08-23 22:41:31','2025-08-25 04:28:54',1,NULL,NULL,NULL,NULL,0,NULL,2,'2025-08-25 07:28:54','2022-06-30 13:29:19',NULL),(447,'https://e-mag.md/brand/piatra-bulgareasca/','42:f34b00fb282d888f45a061df9f5012d8',96,'term','product_brand',NULL,NULL,NULL,NULL,'Piatra Bulgarească',NULL,NULL,0,NULL,NULL,NULL,NULL,NULL,NULL,0,NULL,NULL,NULL,NULL,NULL,NULL,NULL,NULL,NULL,NULL,NULL,NULL,NULL,NULL,NULL,NULL,0,NULL,NULL,'2025-08-23 22:41:31','2025-08-25 04:28:55',1,NULL,NULL,NULL,NULL,0,NULL,2,'2025-08-25 07:28:55','2022-07-02 15:05:32',NULL),(448,'https://e-mag.md/brand/piatra-greceasca/','40:16017186ec7af8987780e4dd235b395d',100,'term','product_brand',NULL,NULL,NULL,NULL,'Piatra Grecească',NULL,NULL,0,NULL,NULL,NULL,NULL,NULL,NULL,0,NULL,NULL,NULL,NULL,NULL,NULL,NULL,NULL,NULL,NULL,NULL,NULL,NULL,NULL,NULL,NULL,0,NULL,NULL,'2025-08-23 22:41:31','2025-08-25 05:25:13',1,NULL,NULL,NULL,NULL,0,NULL,2,'2025-08-23 22:02:36','2022-07-02 15:24:04',NULL),(449,'https://e-mag.md/brand/piatra-indiana/','38:d20a3b1897214b2fb68922d180edd647',104,'term','product_brand',NULL,NULL,NULL,NULL,'Piatra Indiană',NULL,NULL,0,NULL,NULL,NULL,NULL,NULL,NULL,0,NULL,NULL,NULL,NULL,NULL,NULL,NULL,NULL,NULL,NULL,NULL,NULL,NULL,NULL,NULL,NULL,0,NULL,NULL,'2025-08-23 22:41:31','2025-08-25 04:28:54',1,NULL,NULL,NULL,NULL,0,NULL,2,'2025-08-25 07:28:54','2022-07-02 15:01:40',NULL),(450,'https://e-mag.md/brand/piatra-turceasca/','40:443e937f88f7a659eb8920b19f30ffe3',106,'term','product_brand',NULL,NULL,NULL,NULL,'Piatra Turceasca',NULL,NULL,0,NULL,NULL,NULL,NULL,NULL,NULL,0,NULL,NULL,NULL,NULL,NULL,NULL,NULL,NULL,NULL,NULL,NULL,NULL,NULL,NULL,NULL,NULL,0,NULL,NULL,'2025-08-23 22:41:31','2025-08-25 05:25:13',1,NULL,NULL,NULL,NULL,0,NULL,2,'2025-08-23 22:02:32','2022-07-02 17:28:40',NULL),(451,'https://e-mag.md/brand/piatra-moldoveneasca/','44:f7192ad88ff4dc67ba6f1f5ac5d94d62',117,'term','product_brand',NULL,NULL,NULL,NULL,'Piatra Moldovenească',NULL,NULL,0,NULL,NULL,NULL,NULL,NULL,NULL,0,NULL,NULL,NULL,NULL,NULL,NULL,NULL,NULL,NULL,NULL,NULL,NULL,NULL,NULL,NULL,NULL,0,NULL,NULL,'2025-08-23 22:41:31','2025-08-25 05:25:13',1,NULL,NULL,NULL,NULL,0,NULL,2,'2025-08-23 22:02:22','2022-07-03 01:25:15',NULL),(452,'https://e-mag.md/product-tag/stoc/','34:d6b5609b454262c669364ddd394c8256',121,'term','product_tag',NULL,NULL,NULL,NULL,'Lichidare de stoc',NULL,NULL,0,NULL,NULL,NULL,NULL,NULL,NULL,0,NULL,NULL,NULL,NULL,NULL,NULL,NULL,NULL,NULL,NULL,NULL,NULL,NULL,NULL,NULL,NULL,0,NULL,NULL,'2025-08-23 22:41:31','2025-08-25 04:28:55',1,NULL,NULL,NULL,NULL,0,NULL,2,'2025-08-25 07:28:55',NULL,NULL),(453,'https://e-mag.md/brand/piatra-ucraineana/','41:6e50709f22ec8d4e2a3be371f03d983a',123,'term','product_brand',NULL,NULL,NULL,NULL,'Piatră Ucraineană',NULL,NULL,0,NULL,NULL,NULL,NULL,NULL,NULL,0,NULL,NULL,NULL,NULL,NULL,NULL,NULL,NULL,NULL,NULL,NULL,NULL,NULL,NULL,NULL,NULL,0,NULL,NULL,'2025-08-23 22:41:31','2025-08-25 05:25:13',1,NULL,NULL,NULL,NULL,0,NULL,2,NULL,NULL,NULL),(454,'https://e-mag.md/product-tag/clinker/','37:1341e2bb7edc2d7bea9f1a0c69c0a173',124,'term','product_tag',NULL,NULL,NULL,NULL,'Clinker',NULL,NULL,0,NULL,NULL,NULL,NULL,NULL,NULL,0,NULL,NULL,NULL,NULL,NULL,NULL,NULL,NULL,NULL,NULL,NULL,NULL,NULL,NULL,NULL,NULL,0,NULL,NULL,'2025-08-23 22:41:31','2025-08-25 04:32:09',1,NULL,NULL,NULL,NULL,0,NULL,2,'2025-08-25 04:32:09',NULL,NULL),(455,'https://e-mag.md/woodmart_slider/bestseller-slider/','51:8a78ac861a66e8c164e22af5ff8a5976',139,'term','woodmart_slider',NULL,NULL,NULL,NULL,'Bestsellers',NULL,NULL,0,NULL,NULL,NULL,NULL,NULL,NULL,0,NULL,NULL,NULL,NULL,NULL,NULL,NULL,NULL,NULL,NULL,NULL,NULL,NULL,NULL,NULL,NULL,0,NULL,NULL,'2025-08-23 22:41:31','2025-08-25 05:25:13',1,NULL,NULL,NULL,NULL,0,NULL,2,'2025-08-21 12:11:10','2025-04-08 09:35:06',NULL),(456,'https://e-mag.md/category/acoperire-pentru-podea/','49:5edde0b7ebd0f622992d94492f4b8340',144,'term','category',NULL,NULL,NULL,NULL,'Acoperire pentru podea',NULL,NULL,0,NULL,NULL,NULL,NULL,NULL,NULL,0,NULL,NULL,NULL,NULL,NULL,NULL,NULL,NULL,NULL,NULL,NULL,NULL,NULL,NULL,NULL,NULL,0,NULL,NULL,'2025-08-23 22:41:31','2025-08-25 05:25:13',1,NULL,NULL,NULL,NULL,0,NULL,2,NULL,NULL,NULL),(457,'https://e-mag.md/category/placi-de-perete/','42:a0cb78c7f6aa3920aec278f4a77e2e50',145,'term','category',NULL,NULL,NULL,NULL,'Plăci de perete',NULL,NULL,0,NULL,NULL,NULL,NULL,NULL,NULL,0,NULL,NULL,NULL,NULL,NULL,NULL,NULL,NULL,NULL,NULL,NULL,NULL,NULL,NULL,NULL,NULL,0,NULL,NULL,'2025-08-23 22:41:31','2025-08-25 05:25:13',1,NULL,NULL,NULL,NULL,0,NULL,2,NULL,NULL,NULL),(458,'https://e-mag.md/category/design-peisagistic/','45:7bc50a4cf7fb981fdb25b385260f6187',146,'term','category',NULL,NULL,NULL,NULL,'Design peisagistic',NULL,NULL,0,NULL,NULL,NULL,NULL,NULL,NULL,0,NULL,NULL,NULL,NULL,NULL,NULL,NULL,NULL,NULL,NULL,NULL,NULL,NULL,NULL,NULL,NULL,0,NULL,NULL,'2025-08-23 22:41:31','2025-08-25 05:25:13',1,NULL,NULL,NULL,NULL,0,NULL,2,NULL,NULL,NULL),(459,'https://e-mag.md/category/tipuri-de-prelucrare-a-pietrei/','57:6177384d3b797d43fb0c7c0f962e5293',147,'term','category',NULL,NULL,NULL,NULL,'Tipuri de prelucrare a pietrei',NULL,NULL,0,NULL,NULL,NULL,NULL,NULL,NULL,0,NULL,NULL,NULL,NULL,NULL,NULL,NULL,NULL,NULL,NULL,NULL,NULL,NULL,NULL,NULL,NULL,0,NULL,NULL,'2025-08-23 22:41:31','2025-08-25 05:25:13',1,NULL,NULL,NULL,NULL,0,NULL,2,NULL,NULL,NULL),(460,'https://e-mag.md/?post_type=cms_block&p=724','43:09a25e502162f0676849d9c28e67aeb9',724,'post','cms_block',1,0,NULL,NULL,'Promo popup','draft',0,0,NULL,NULL,NULL,NULL,NULL,0,0,NULL,0,NULL,NULL,NULL,NULL,NULL,NULL,NULL,NULL,NULL,NULL,NULL,NULL,NULL,NULL,NULL,NULL,NULL,'2025-08-23 22:41:32','2025-08-25 04:36:42',1,NULL,NULL,NULL,NULL,0,NULL,2,'2025-08-18 09:05:50','2021-08-30 15:39:28',0),(461,'https://e-mag.md/?post_type=cms_block&p=726','43:eb6e5f895fcf5051dae2f2233e62e394',726,'post','cms_block',1,0,NULL,NULL,'Shipping &#038; Delivery','draft',0,0,NULL,NULL,NULL,NULL,NULL,0,0,NULL,0,NULL,NULL,NULL,NULL,'http://dummy.xtemos.com/woodmart2/elementor/wp-content/uploads/sites/2/2021/08/wd-ship-1-350x450.jpg',NULL,NULL,'first-content-image',NULL,NULL,'http://dummy.xtemos.com/woodmart2/elementor/wp-content/uploads/sites/2/2021/08/wd-ship-1-350x450.jpg',NULL,'first-content-image',NULL,NULL,NULL,NULL,'2025-08-23 22:41:32','2025-08-25 04:36:42',1,NULL,NULL,NULL,NULL,0,NULL,2,'2025-08-18 09:05:44','2021-08-30 15:40:09',0),(462,'https://e-mag.md/?post_type=cms_block&p=728','43:c7bcaf6add9b4cd315972566775ab4d9',728,'post','cms_block',1,0,NULL,NULL,'Prefooter','draft',0,0,NULL,NULL,NULL,NULL,NULL,0,0,NULL,0,NULL,NULL,NULL,NULL,'https://stone.md/wp-content/uploads/2021/10/brand-witra.png',NULL,NULL,'first-content-image',NULL,NULL,'https://stone.md/wp-content/uploads/2021/10/brand-witra.png',NULL,'first-content-image',NULL,NULL,NULL,NULL,'2025-08-23 22:41:32','2025-08-25 04:36:42',1,NULL,NULL,NULL,NULL,0,NULL,2,'2021-08-30 15:41:57','2021-08-30 15:41:57',0),(463,'https://e-mag.md/?cms_block=footer-1-column-darck','49:a6637081be3b23159449b476f71b92fb',818,'post','cms_block',1,0,NULL,NULL,'Footer 1 column Dark','publish',NULL,0,NULL,NULL,NULL,NULL,NULL,90,0,NULL,0,NULL,NULL,NULL,NULL,'https://e-mag.md/wp-content/uploads/2025/08/logo-e1679225008830.png',NULL,NULL,'first-content-image',NULL,NULL,'https://e-mag.md/wp-content/uploads/2025/08/logo-e1679225008830.png',NULL,'first-content-image',NULL,4,NULL,NULL,'2025-08-23 22:41:32','2025-08-25 04:36:42',1,NULL,NULL,NULL,NULL,0,1,2,'2025-08-23 13:48:27','2025-08-10 13:41:48',0),(464,'https://e-mag.md/?cms_block=categorie-pietricele-decorative','59:ccf637beb762da0bc63c257645ab22fb',17062,'post','cms_block',1,0,NULL,NULL,'Categorie Pietricele Decorative','publish',NULL,0,NULL,NULL,NULL,NULL,NULL,90,0,NULL,0,NULL,NULL,NULL,NULL,NULL,NULL,NULL,NULL,NULL,NULL,NULL,NULL,NULL,NULL,1,NULL,NULL,'2025-08-23 22:41:32','2025-08-25 18:25:38',1,NULL,NULL,NULL,NULL,0,4,2,'2025-08-25 21:25:38','2025-08-19 17:33:19',0),(465,'https://e-mag.md/?page_id=51','28:3d0d8876cb8b638ffce30ccaa1dc302a',51,'post','page',1,0,NULL,NULL,'Portfolio','draft',0,0,NULL,NULL,NULL,NULL,NULL,0,0,NULL,0,NULL,NULL,NULL,NULL,NULL,NULL,NULL,NULL,NULL,NULL,NULL,NULL,NULL,NULL,NULL,NULL,NULL,'2025-08-23 22:41:32','2025-08-25 05:25:13',1,NULL,NULL,NULL,NULL,0,NULL,2,'2025-08-19 12:33:13','2021-08-26 12:22:55',0),(466,'https://e-mag.md/?page_id=2','27:9ceeb0abed15941a96a62a1b52bbfa0d',2,'post','page',1,0,NULL,NULL,'Sample Page','draft',0,0,NULL,NULL,NULL,NULL,NULL,0,0,NULL,0,NULL,NULL,NULL,NULL,NULL,NULL,NULL,NULL,NULL,NULL,NULL,NULL,NULL,NULL,NULL,NULL,NULL,'2025-08-23 22:41:32','2025-08-25 05:25:13',1,NULL,NULL,NULL,NULL,0,NULL,2,'2025-08-19 13:00:34','2025-08-14 14:37:13',0),(467,'https://e-mag.md/blog/','22:4d9b4ca452204eaa1cf2f6905a6c9dc1',38,'post','page',1,0,NULL,NULL,'Blog','publish',NULL,0,NULL,NULL,NULL,NULL,NULL,0,0,NULL,0,NULL,NULL,NULL,NULL,NULL,NULL,NULL,NULL,NULL,NULL,NULL,NULL,NULL,NULL,0,NULL,NULL,'2025-08-23 22:41:32','2025-08-25 04:38:43',1,NULL,NULL,NULL,NULL,0,NULL,2,'2021-08-26 12:19:34','2021-08-26 12:19:34',0),(468,'https://e-mag.md/compare/','25:aa5bb067f280c66de9ee21d75c4ba5e0',45,'post','page',1,0,NULL,NULL,'Compare','publish',NULL,0,NULL,NULL,NULL,NULL,NULL,0,0,NULL,0,NULL,NULL,NULL,NULL,NULL,NULL,NULL,NULL,NULL,NULL,NULL,NULL,NULL,NULL,0,NULL,NULL,'2025-08-23 22:41:32','2025-08-25 05:25:13',1,NULL,NULL,NULL,NULL,0,NULL,2,'2021-08-26 12:21:44','2021-08-26 12:21:44',0),(469,'https://e-mag.md/wishlist/','26:576b24d643cfcc5c443d02bf175d5884',60,'post','page',1,0,NULL,NULL,'Favorite','publish',NULL,0,NULL,NULL,NULL,NULL,NULL,0,0,NULL,0,NULL,NULL,NULL,NULL,NULL,NULL,NULL,NULL,NULL,NULL,NULL,NULL,NULL,NULL,7,NULL,NULL,'2025-08-23 22:41:32','2025-08-25 05:25:13',1,NULL,NULL,NULL,NULL,0,NULL,2,'2025-08-19 12:42:10','2021-08-26 12:26:53',0),(470,'https://e-mag.md/about-us-3/','28:03b2fbbc28326699b90f9852e4bef0d9',4400,'post','page',1,0,NULL,NULL,'About us','publish',NULL,0,NULL,NULL,NULL,NULL,NULL,0,0,NULL,0,NULL,NULL,NULL,NULL,'https://e-mag.md/wp-content/uploads/2021/10/about-us-3-image-1.jpg',NULL,NULL,'first-content-image',NULL,NULL,'https://e-mag.md/wp-content/uploads/2021/10/about-us-3-image-1.jpg',NULL,'first-content-image',NULL,0,NULL,NULL,'2025-08-23 22:41:32','2025-08-25 05:25:13',1,NULL,NULL,NULL,NULL,0,NULL,2,'2025-08-19 16:10:36','2021-10-12 15:51:09',0),(471,'https://e-mag.md/?page_id=10553','31:97b287dc09dac35a89f9bc79e7d267a2',10553,'post','page',1,0,NULL,NULL,'Timeline','trash',0,0,NULL,NULL,NULL,NULL,NULL,0,0,NULL,0,NULL,NULL,NULL,NULL,'https://e-mag.md/wp-content/uploads/2021/11/timeline-elements-iphone-1.png',NULL,NULL,'first-content-image',NULL,NULL,'https://e-mag.md/wp-content/uploads/2021/11/timeline-elements-iphone-1.png',NULL,'first-content-image',NULL,NULL,NULL,NULL,'2025-08-23 22:41:32','2025-08-25 05:25:13',1,NULL,NULL,NULL,NULL,0,NULL,2,'2025-08-21 11:31:22','2021-11-16 12:56:14',0),(472,'https://e-mag.md/?page_id=16992','31:6d0b08743e4a767e57eb4736a9e00d36',16992,'post','page',1,0,NULL,NULL,'Coșul','trash',0,0,NULL,NULL,NULL,NULL,NULL,0,0,NULL,0,NULL,NULL,NULL,NULL,NULL,NULL,NULL,NULL,NULL,NULL,NULL,NULL,NULL,NULL,NULL,NULL,NULL,'2025-08-23 22:41:32','2025-08-25 05:41:01',1,NULL,NULL,NULL,NULL,0,1,2,'2025-08-23 08:33:19','2023-04-02 08:58:57',0),(482,'https://e-mag.md/?woodmart_sidebar=posts-in-menu','48:ebe37779dfd1f2ace7e1c8a362c8746d',8378,'post','woodmart_sidebar',1,0,NULL,NULL,'Posts in menu','publish',NULL,0,NULL,NULL,NULL,NULL,NULL,0,0,NULL,0,NULL,NULL,NULL,NULL,NULL,NULL,NULL,NULL,NULL,NULL,NULL,NULL,NULL,NULL,0,NULL,NULL,'2025-08-23 22:41:32','2025-08-25 10:40:16',1,NULL,NULL,NULL,NULL,0,NULL,2,'2021-11-03 14:49:14','2021-11-03 14:49:14',0),(483,'https://e-mag.md/woodmart_slide/decor-slider/','45:95feca2d043ebffbb6f3d42aaed97ae9',4045,'post','woodmart_slide',1,0,NULL,NULL,'Pietricele Decorative','publish',NULL,0,NULL,NULL,NULL,NULL,NULL,0,0,NULL,0,NULL,NULL,NULL,NULL,'https://e-mag.md/wp-content/uploads/2021/09/1.webp',NULL,'16080','featured-image',NULL,NULL,'https://e-mag.md/wp-content/uploads/2021/09/1.webp','16080','featured-image','{\"width\":2000,\"height\":1335,\"filesize\":30832,\"url\":\"https://e-mag.md/wp-content/uploads/2021/09/1.webp\",\"path\":\"/home/spacermd/public_html/e-mag.md/wp-content/uploads/2021/09/1.webp\",\"size\":\"full\",\"id\":16080,\"alt\":\"\",\"pixels\":2670000,\"type\":\"image/webp\"}',0,NULL,NULL,'2025-08-23 22:41:32','2025-08-25 10:40:16',1,NULL,NULL,NULL,NULL,0,NULL,2,'2025-08-20 20:17:55','2021-09-13 15:37:26',0),(484,'https://e-mag.md/woodmart_slide/travertin-slider/','49:1f05e218dcdb143754164ae8e200976b',4056,'post','woodmart_slide',1,0,NULL,NULL,'Piatra Travertin','publish',NULL,0,NULL,NULL,NULL,NULL,NULL,0,0,NULL,0,NULL,NULL,NULL,NULL,'https://e-mag.md/wp-content/uploads/2021/09/14691-1.webp',NULL,'16169','featured-image',NULL,NULL,'https://e-mag.md/wp-content/uploads/2021/09/14691-1.webp','16169','featured-image','{\"width\":2000,\"height\":1331,\"filesize\":87496,\"url\":\"https://e-mag.md/wp-content/uploads/2021/09/14691-1.webp\",\"path\":\"/home/spacermd/public_html/e-mag.md/wp-content/uploads/2021/09/14691-1.webp\",\"size\":\"full\",\"id\":16169,\"alt\":\"\",\"pixels\":2662000,\"type\":\"image/webp\"}',4,NULL,NULL,'2025-08-23 22:41:32','2025-08-25 10:40:16',1,NULL,NULL,NULL,NULL,0,NULL,2,'2025-08-20 20:25:26','2021-09-13 15:39:53',0),(485,'https://e-mag.md/woodmart_slide/bulgar-slider/','46:70a8dda423203979253fedc5360a8c47',4063,'post','woodmart_slide',1,0,NULL,NULL,'Piatra Bulgareasca','publish',NULL,0,NULL,NULL,NULL,NULL,NULL,0,0,NULL,0,NULL,NULL,NULL,NULL,'https://e-mag.md/wp-content/uploads/2021/09/804-1.webp',NULL,'16183','featured-image',NULL,NULL,'https://e-mag.md/wp-content/uploads/2021/09/804-1.webp','16183','featured-image','{\"width\":2000,\"height\":1333,\"filesize\":37152,\"url\":\"https://e-mag.md/wp-content/uploads/2021/09/804-1.webp\",\"path\":\"/home/spacermd/public_html/e-mag.md/wp-content/uploads/2021/09/804-1.webp\",\"size\":\"full\",\"id\":16183,\"alt\":\"piatra bulgareasca\",\"pixels\":2666000,\"type\":\"image/webp\"}',4,NULL,NULL,'2025-08-23 22:41:33','2025-08-25 10:40:16',1,NULL,NULL,NULL,NULL,0,NULL,2,'2025-08-20 20:25:04','2021-09-13 15:41:33',0),(486,'https://e-mag.md/woodmart_slide/alba-10-20/','43:1ce7804699ba3da5e3828fb3d59934ba',10789,'post','woodmart_slide',1,0,NULL,NULL,'Alba 10-20mm','publish',NULL,0,NULL,NULL,NULL,NULL,NULL,90,0,NULL,0,NULL,NULL,NULL,NULL,'https://e-mag.md/wp-content/uploads/2025/04/white.png',NULL,NULL,'first-content-image',NULL,NULL,'https://e-mag.md/wp-content/uploads/2025/04/white.png',NULL,'first-content-image',NULL,0,NULL,NULL,'2025-08-23 22:41:33','2025-08-25 10:40:16',1,NULL,NULL,NULL,NULL,0,1,2,'2025-08-21 12:11:10','2025-04-08 09:35:06',0),(487,'https://e-mag.md/woodmart_slide/verde/','38:06f7f969bd679d852c84ac9cd2c6afb2',609,'post','woodmart_slide',1,0,NULL,NULL,'Verde','publish',NULL,0,NULL,NULL,NULL,NULL,NULL,90,0,NULL,0,NULL,NULL,NULL,NULL,'https://e-mag.md/wp-content/uploads/2025/08/verde-50mm-x-lmm-rupta.webp',NULL,NULL,'first-content-image',NULL,NULL,'https://e-mag.md/wp-content/uploads/2025/08/verde-50mm-x-lmm-rupta.webp',NULL,'first-content-image',NULL,0,NULL,NULL,'2025-08-23 22:41:33','2025-08-25 10:40:16',1,NULL,NULL,NULL,NULL,0,1,2,'2025-08-18 20:11:34','2025-08-08 14:12:11',0),(488,'https://e-mag.md/woodmart_slide/slider-multicolor/','50:b74c7dfd1a6c3066dedcf0e5f855a45e',16817,'post','woodmart_slide',1,0,NULL,NULL,'slider Multicolor','publish',NULL,0,NULL,NULL,NULL,NULL,NULL,0,0,NULL,0,NULL,NULL,NULL,NULL,'https://e-mag.md/wp-content/uploads/2025/08/multicolor-50mm-x-lmm-rupta.webp',NULL,NULL,'first-content-image',NULL,NULL,'https://e-mag.md/wp-content/uploads/2025/08/multicolor-50mm-x-lmm-rupta.webp',NULL,'first-content-image',NULL,0,NULL,NULL,'2025-08-23 22:41:33','2025-08-25 10:40:16',1,NULL,NULL,NULL,NULL,0,NULL,2,'2025-08-21 11:55:19','2025-08-18 15:39:29',0),(489,'https://e-mag.md/woodmart_slide/slider-travertin-011/','53:e847d6e7b2a335edb6698f4dcfaf389c',16857,'post','woodmart_slide',1,0,NULL,NULL,'Slider Travertin 011','publish',NULL,0,NULL,NULL,NULL,NULL,NULL,0,0,NULL,0,NULL,NULL,NULL,NULL,'https://e-mag.md/wp-content/uploads/2025/08/travertin-011.webp',NULL,NULL,'first-content-image',NULL,NULL,'https://e-mag.md/wp-content/uploads/2025/08/travertin-011.webp',NULL,'first-content-image',NULL,0,NULL,NULL,'2025-08-23 22:41:33','2025-08-25 10:55:49',1,NULL,NULL,NULL,NULL,0,NULL,2,'2025-08-18 20:22:55','2025-08-18 16:27:20',0),(490,'https://e-mag.md/?post_type=woodmart_slide&p=10907','50:41b49f64bb94fad988c84535c5f2b43a',10907,'post','woodmart_slide',1,0,NULL,NULL,'Cuarțit','trash',0,0,NULL,NULL,NULL,NULL,NULL,90,0,NULL,0,NULL,NULL,NULL,NULL,'https://e-mag.md/wp-content/uploads/2025/08/multicolor-50mm-x-lmm-rupta.webp',NULL,'15685','featured-image',NULL,NULL,'https://e-mag.md/wp-content/uploads/2025/08/multicolor-50mm-x-lmm-rupta.webp','15685','featured-image','{\"width\":600,\"height\":400,\"filesize\":49928,\"url\":\"https://e-mag.md/wp-content/uploads/2025/08/multicolor-50mm-x-lmm-rupta.webp\",\"path\":\"/home/spacermd/public_html/e-mag.md/wp-content/uploads/2025/08/multicolor-50mm-x-lmm-rupta.webp\",\"size\":\"full\",\"id\":15685,\"alt\":\"Multicolor 50mm X Lmm Rupta\",\"pixels\":240000,\"type\":\"image/webp\"}',NULL,NULL,NULL,'2025-08-23 22:41:33','2025-08-25 10:55:49',1,NULL,NULL,NULL,NULL,0,1,2,'2025-08-18 17:45:24','2025-04-08 17:10:52',0),(491,'https://e-mag.md/?post_type=woodmart_slide&p=16765','50:1488cc4b35d118ff2480f80eedb31656',16765,'post','woodmart_slide',1,0,NULL,NULL,'Pietris Slide1','trash',0,0,NULL,NULL,NULL,NULL,NULL,90,0,NULL,0,NULL,NULL,NULL,NULL,'https://e-mag.md/wp-content/uploads/2023/04/img_20230329_193753_909-scaled-1.jpg',NULL,'9849','featured-image',NULL,NULL,'https://e-mag.md/wp-content/uploads/2023/04/img_20230329_193753_909-scaled-1.jpg','9849','featured-image','{\"width\":2560,\"height\":1270,\"filesize\":289201,\"url\":\"https://e-mag.md/wp-content/uploads/2023/04/img_20230329_193753_909-scaled-1.jpg\",\"path\":\"/home/spacermd/public_html/e-mag.md/wp-content/uploads/2023/04/img_20230329_193753_909-scaled-1.jpg\",\"size\":\"full\",\"id\":9849,\"alt\":\"IMG 20230329 193753 909 scaled 1\",\"pixels\":3251200,\"type\":\"image/jpeg\"}',NULL,NULL,NULL,'2025-08-23 22:41:33','2025-08-25 10:55:49',1,NULL,NULL,NULL,NULL,0,1,2,'2025-08-18 14:31:44','2025-08-18 14:31:44',0),(492,'https://e-mag.md/?post_type=woodmart_slide&p=16853','50:a257a39b389f6d7e8351c3f1dd073f73',16853,'post','woodmart_slide',1,0,NULL,NULL,'Elementor #16853','trash',0,0,NULL,NULL,NULL,NULL,NULL,0,0,NULL,0,NULL,NULL,NULL,NULL,NULL,NULL,NULL,NULL,NULL,NULL,NULL,NULL,NULL,NULL,NULL,NULL,NULL,'2025-08-23 22:41:33','2025-08-25 10:55:49',1,NULL,NULL,NULL,NULL,0,NULL,2,'2025-08-18 17:54:51','2025-08-18 17:54:51',0),(493,'https://e-mag.md/?post_type=woodmart_slide&p=621','48:bfae1b624fade04b0977f5c0ed224d60',621,'post','woodmart_slide',1,0,NULL,NULL,'Travertin','trash',0,0,NULL,NULL,NULL,NULL,NULL,90,0,NULL,0,NULL,NULL,NULL,NULL,'https://e-mag.md/wp-content/uploads/2025/08/travertin-011.webp',NULL,NULL,'first-content-image',NULL,NULL,'https://e-mag.md/wp-content/uploads/2025/08/travertin-011.webp',NULL,'first-content-image',NULL,NULL,NULL,NULL,'2025-08-23 22:41:33','2025-08-25 10:55:49',1,NULL,NULL,NULL,NULL,0,1,2,'2025-08-18 17:58:06','2025-08-27 14:14:56',0),(494,'https://e-mag.md/portfolio/','27:a39679ef16348e47193d437709d51be1',NULL,'post-type-archive','portfolio',NULL,NULL,'Архив %%pt_plural%% %%page%% %%sep%% %%sitename%%','','Портфель',NULL,1,0,NULL,NULL,NULL,NULL,NULL,NULL,0,0,0,0,0,0,NULL,NULL,NULL,NULL,NULL,NULL,NULL,NULL,NULL,NULL,NULL,NULL,NULL,NULL,'2025-08-23 22:41:35','2025-08-25 04:38:43',1,NULL,NULL,NULL,NULL,0,NULL,2,NULL,NULL,NULL),(495,'https://e-mag.md/shop/','22:adcc95dfecea52f17466a9c70914b74b',NULL,'post-type-archive','product',NULL,NULL,'Архив %%pt_plural%% %%page%% %%sep%% %%sitename%%','','Товары',NULL,1,0,NULL,NULL,NULL,NULL,NULL,NULL,0,0,0,0,0,0,NULL,NULL,NULL,NULL,NULL,NULL,NULL,NULL,NULL,NULL,NULL,NULL,NULL,NULL,'2025-08-23 22:41:35','2025-08-25 04:28:55',1,NULL,NULL,NULL,NULL,0,NULL,2,'2025-08-25 07:28:55','2022-06-30 13:29:19',NULL),(496,NULL,NULL,NULL,'system-page','search-result',NULL,NULL,'Вы искали %%searchphrase%% %%page%% %%sep%% %%sitename%%',NULL,NULL,NULL,NULL,0,NULL,NULL,NULL,NULL,NULL,NULL,0,1,0,0,0,0,NULL,NULL,NULL,NULL,NULL,NULL,NULL,NULL,NULL,NULL,NULL,NULL,NULL,NULL,'2025-08-23 22:41:36','2025-08-25 04:25:11',1,NULL,NULL,NULL,NULL,0,NULL,1,NULL,NULL,NULL),(497,'https://e-mag.md/product-category/piatra-neprelucrata/fractiune-mare-f1/','72:328378a14285384947334e92929af623',151,'term','product_cat',NULL,NULL,NULL,NULL,'Fracțiune mare f1',NULL,NULL,0,NULL,NULL,NULL,NULL,NULL,60,0,NULL,NULL,NULL,NULL,NULL,NULL,NULL,NULL,NULL,NULL,NULL,NULL,NULL,NULL,NULL,NULL,0,NULL,2,'2025-08-25 07:34:28','2025-08-25 04:34:53',1,NULL,NULL,NULL,NULL,1,NULL,2,'2025-08-25 04:34:53',NULL,NULL),(498,'https://e-mag.md/?cms_block=mozaic','34:1f70c5d48eb30afbd73c901054ad081e',17769,'post','cms_block',1,0,NULL,NULL,'Categorie Mozaic','publish',NULL,0,NULL,NULL,NULL,NULL,NULL,90,0,NULL,0,NULL,NULL,NULL,NULL,NULL,NULL,NULL,NULL,NULL,NULL,NULL,NULL,NULL,NULL,0,NULL,NULL,'2025-08-25 15:41:42','2025-08-25 13:07:21',1,NULL,NULL,NULL,NULL,0,3,2,'2025-08-25 16:07:21','2025-08-25 15:43:03',0),(499,'https://e-mag.md/?cms_block=categorie-piatra-neprelucrata','57:a31ee65aa43d92f06fe43bcfd4b078d4',17776,'post','cms_block',1,0,NULL,NULL,'Categorie Piatră neprelucrată','publish',NULL,0,NULL,NULL,NULL,NULL,NULL,90,0,NULL,0,NULL,NULL,NULL,NULL,NULL,NULL,NULL,NULL,NULL,NULL,NULL,NULL,NULL,NULL,0,NULL,NULL,'2025-08-25 16:15:21','2025-08-25 13:40:46',1,NULL,NULL,NULL,NULL,0,3,2,'2025-08-25 16:40:46','2025-08-25 16:24:20',0),(500,'https://e-mag.md/?cms_block=categorie-piatra-neprelucrata-2','59:b9ba3b11f2f9a8f62b3b165900a32010',17784,'post','cms_block',1,0,NULL,NULL,'Categorie Piatră neprelucrată F2','publish',NULL,0,NULL,NULL,NULL,NULL,NULL,90,0,NULL,0,NULL,NULL,NULL,NULL,NULL,NULL,NULL,NULL,NULL,NULL,NULL,NULL,NULL,NULL,0,NULL,NULL,'2025-08-25 16:58:24','2025-08-25 14:23:29',1,NULL,NULL,NULL,NULL,0,2,2,'2025-08-25 17:23:29','2025-08-25 16:58:57',0),(501,'https://e-mag.md/?cms_block=categorie-pietricele-decorative-2','61:5127e0ec5ab2cb4465430d3c6a10dd4d',17813,'post','cms_block',1,0,NULL,NULL,'Categorie Prundiș Decorativ','publish',NULL,0,NULL,NULL,NULL,NULL,NULL,90,0,NULL,0,NULL,NULL,NULL,NULL,NULL,NULL,NULL,NULL,NULL,NULL,NULL,NULL,NULL,NULL,0,NULL,NULL,'2025-08-25 22:34:31','2025-08-25 19:38:31',1,NULL,NULL,NULL,NULL,0,3,2,'2025-08-25 22:38:29','2025-08-25 22:35:20',0),(502,'https://e-mag.md/?cms_block=categorie-pietricele-decorative-2-2','63:b544d4839565305ba0830a0bc0d68ff3',17818,'post','cms_block',1,0,NULL,NULL,'Categorie Pietriș Decorativ','publish',NULL,0,NULL,NULL,NULL,NULL,NULL,90,0,NULL,0,NULL,NULL,NULL,NULL,NULL,NULL,NULL,NULL,NULL,NULL,NULL,NULL,NULL,NULL,0,NULL,NULL,'2025-08-25 22:40:42','2025-08-25 20:13:49',1,NULL,NULL,NULL,NULL,0,4,2,'2025-08-25 23:13:47','2025-08-25 22:45:35',0),(503,'https://e-mag.md/?cms_block=categorie-pietricele-decorative-2-2-2','65:4f4efe904042f059a45eb8e2c3133668',17824,'post','cms_block',1,0,NULL,NULL,'Categorie Tăiere frontală','publish',NULL,0,NULL,NULL,NULL,NULL,NULL,90,0,NULL,0,NULL,NULL,NULL,NULL,NULL,NULL,NULL,NULL,NULL,NULL,NULL,NULL,NULL,NULL,0,NULL,NULL,'2025-08-26 10:33:36','2025-08-26 07:45:53',1,NULL,NULL,NULL,NULL,0,4,2,'2025-08-26 10:45:53','2025-08-26 10:35:07',0);

--
-- Table structure for table `wpwn_yoast_indexable_hierarchy`
--

CREATE TABLE `wpwn_yoast_indexable_hierarchy` (
  `indexable_id` int unsigned NOT NULL,
  `ancestor_id` int unsigned NOT NULL,
  `depth` int unsigned DEFAULT NULL,
  `blog_id` bigint NOT NULL DEFAULT '1',
  PRIMARY KEY (`indexable_id`,`ancestor_id`),
  KEY `indexable_id` (`indexable_id`),
  KEY `ancestor_id` (`ancestor_id`),
  KEY `depth` (`depth`)
) ENGINE=InnoDB DEFAULT CHARSET=utf8mb4 COLLATE=utf8mb4_unicode_520_ci;

--
-- Dumping data for table `wpwn_yoast_indexable_hierarchy`
--

INSERT INTO `wpwn_yoast_indexable_hierarchy` VALUES (4,5,1,1),(4,6,2,1),(5,6,1,1),(6,0,0,1),(8,5,1,1),(8,6,2,1),(10,5,1,1),(10,6,2,1),(12,5,1,1),(12,6,2,1),(14,5,1,1),(14,6,2,1),(16,5,1,1),(16,6,2,1),(18,5,1,1),(18,6,2,1),(20,5,1,1),(20,6,2,1),(23,5,1,1),(23,6,2,1),(25,5,1,1),(25,6,2,1),(28,5,1,1),(28,6,2,1),(31,5,1,1),(31,6,2,1),(34,6,2,1),(34,35,1,1),(35,6,1,1),(38,6,2,1),(38,35,1,1),(41,6,2,1),(41,35,1,1),(44,6,2,1),(44,35,1,1),(47,48,1,1),(47,49,2,1),(48,49,1,1),(49,0,0,1),(51,48,1,1),(51,49,2,1),(53,48,1,1),(53,49,2,1),(55,48,1,1),(55,49,2,1),(57,48,1,1),(57,49,2,1),(59,48,1,1),(59,49,2,1),(61,48,1,1),(61,49,2,1),(63,48,1,1),(63,49,2,1),(65,48,1,1),(65,49,2,1),(67,49,2,1),(67,68,1,1),(68,49,1,1),(70,49,2,1),(70,68,1,1),(72,49,2,1),(72,68,1,1),(74,49,2,1),(74,68,1,1),(76,49,2,1),(76,68,1,1),(78,49,2,1),(78,68,1,1),(80,49,2,1),(80,68,1,1),(82,49,2,1),(82,68,1,1),(84,49,2,1),(84,68,1,1),(86,49,2,1),(86,68,1,1),(88,49,2,1),(88,68,1,1),(90,49,2,1),(90,68,1,1),(92,49,2,1),(92,68,1,1),(94,49,2,1),(94,68,1,1),(96,49,2,1),(96,68,1,1),(98,49,2,1),(98,68,1,1),(100,49,2,1),(100,68,1,1),(102,49,2,1),(102,68,1,1),(106,49,2,1),(106,68,1,1),(110,49,2,1),(110,68,1,1),(112,49,2,1),(112,68,1,1),(116,117,1,1),(117,0,0,1),(119,117,1,1),(121,117,1,1),(123,117,1,1),(125,117,1,1),(127,117,1,1),(129,130,1,1),(129,131,2,1),(130,131,1,1),(131,0,0,1),(133,130,1,1),(133,131,2,1),(135,130,1,1),(135,131,2,1),(137,130,1,1),(137,131,2,1),(139,130,1,1),(139,131,2,1),(141,130,1,1),(141,131,2,1),(143,5,1,1),(143,6,2,1),(145,5,1,1),(145,6,2,1),(147,5,1,1),(147,6,2,1),(149,5,1,1),(149,6,2,1),(151,5,1,1),(151,6,2,1),(153,154,1,1),(154,0,0,1),(156,154,1,1),(158,154,1,1),(160,6,2,1),(160,35,1,1),(162,6,2,1),(162,35,1,1),(164,5,1,1),(164,6,2,1),(166,5,1,1),(166,6,2,1),(168,6,2,1),(168,169,1,1),(169,6,1,1),(171,5,1,1),(171,6,2,1),(173,5,1,1),(173,6,2,1),(175,5,1,1),(175,6,2,1),(177,48,1,1),(177,49,2,1),(179,48,1,1),(179,49,2,1),(181,130,1,1),(181,131,2,1),(183,49,2,1),(183,68,1,1),(186,49,2,1),(186,68,1,1),(190,49,2,1),(190,68,1,1),(195,49,2,1),(195,68,1,1),(198,49,2,1),(198,68,1,1),(202,49,2,1),(202,68,1,1),(207,49,2,1),(207,68,1,1),(211,49,2,1),(211,68,1,1),(215,49,2,1),(215,68,1,1),(218,49,2,1),(218,68,1,1),(223,5,1,1),(223,6,2,1),(225,5,1,1),(225,6,2,1),(227,5,1,1),(227,6,2,1),(229,5,1,1),(229,6,2,1),(231,5,1,1),(231,6,2,1),(234,5,1,1),(234,6,2,1),(235,5,1,1),(235,6,2,1),(236,5,1,1),(236,6,2,1),(239,5,1,1),(239,6,2,1),(242,5,1,1),(242,6,2,1),(245,6,2,1),(245,35,1,1),(248,6,2,1),(248,35,1,1),(251,48,1,1),(251,49,2,1),(253,49,2,1),(253,68,1,1),(255,49,2,1),(255,68,1,1),(259,49,2,1),(259,68,1,1),(261,49,2,1),(261,68,1,1),(263,49,2,1),(263,68,1,1),(265,49,2,1),(265,68,1,1),(269,117,1,1),(271,6,2,1),(271,35,1,1),(273,6,2,1),(273,35,1,1),(275,5,1,1),(275,6,2,1),(277,5,1,1),(277,6,2,1),(279,5,1,1),(279,6,2,1),(281,6,2,1),(281,35,1,1),(284,154,1,1),(286,154,1,1),(288,6,2,1),(288,169,1,1),(290,49,2,1),(290,68,1,1),(295,49,2,1),(295,68,1,1),(299,0,0,1),(300,6,2,1),(300,35,1,1),(301,5,1,1),(301,6,2,1),(302,5,1,1),(302,6,2,1),(303,5,1,1),(303,6,2,1),(306,5,1,1),(306,6,2,1),(307,5,1,1),(307,6,2,1),(308,5,1,1),(308,6,2,1),(309,5,1,1),(309,6,2,1),(312,5,1,1),(312,6,2,1),(313,5,1,1),(313,6,2,1),(316,6,2,1),(316,35,1,1),(317,6,2,1),(317,169,1,1),(318,6,2,1),(318,35,1,1),(319,6,2,1),(319,169,1,1),(320,5,1,1),(320,6,2,1),(321,322,1,1),(322,0,0,1),(327,322,1,1),(331,322,1,1),(338,322,1,1),(344,322,1,1),(348,322,1,1),(354,322,1,1),(358,322,1,1),(364,322,1,1),(367,322,1,1),(375,322,1,1),(382,322,1,1),(387,322,1,1),(395,322,1,1),(399,322,1,1),(407,322,1,1),(413,322,1,1),(421,5,1,1),(421,6,2,1),(423,5,1,1),(423,6,2,1),(424,5,1,1),(424,6,2,1),(425,5,1,1),(425,6,2,1),(426,5,1,1),(426,6,2,1),(427,5,1,1),(427,6,2,1),(428,5,1,1),(428,6,2,1),(429,0,0,1),(430,0,0,1),(431,0,0,1),(432,0,0,1),(433,0,0,1),(434,0,0,1),(435,0,0,1),(437,0,0,1),(438,0,0,1),(439,0,0,1),(440,0,0,1),(443,0,0,1),(444,0,0,1),(445,0,0,1),(446,0,0,1),(447,0,0,1),(448,0,0,1),(449,0,0,1),(450,0,0,1),(451,0,0,1),(452,0,0,1),(453,0,0,1),(454,0,0,1),(455,0,0,1),(456,0,0,1),(457,0,0,1),(458,0,0,1),(459,0,0,1),(460,0,0,1),(461,0,0,1),(462,0,0,1),(463,0,0,1),(464,0,0,1),(465,0,0,1),(466,0,0,1),(467,0,0,1),(468,0,0,1),(469,0,0,1),(470,0,0,1),(471,0,0,1),(472,0,0,1),(482,0,0,1),(483,0,0,1),(484,0,0,1),(485,0,0,1),(486,0,0,1),(487,0,0,1),(488,0,0,1),(489,0,0,1),(490,0,0,1),(491,0,0,1),(492,0,0,1),(493,0,0,1),(494,0,0,1),(495,0,0,1),(497,131,1,1),(498,0,0,1),(499,0,0,1),(500,0,0,1),(501,0,0,1),(502,0,0,1),(503,0,0,1);

--
-- Table structure for table `wpwn_yoast_migrations`
--

CREATE TABLE `wpwn_yoast_migrations` (
  `id` int unsigned NOT NULL AUTO_INCREMENT,
  `version` varchar(191) COLLATE utf8mb4_unicode_520_ci DEFAULT NULL,
  PRIMARY KEY (`id`),
  UNIQUE KEY `wpwn_yoast_migrations_version` (`version`)
) ENGINE=InnoDB AUTO_INCREMENT=27 DEFAULT CHARSET=utf8mb4 COLLATE=utf8mb4_unicode_520_ci;

--
-- Dumping data for table `wpwn_yoast_migrations`
--

INSERT INTO `wpwn_yoast_migrations` VALUES (1,'20171228151840'),(2,'20171228151841'),(3,'20190529075038'),(25,'20190715101200'),(4,'20191011111109'),(5,'20200408101900'),(6,'20200420073606'),(7,'20200428123747'),(8,'20200428194858'),(9,'20200429105310'),(10,'20200430075614'),(11,'20200430150130'),(12,'20200507054848'),(13,'20200513133401'),(14,'20200609154515'),(15,'20200616130143'),(16,'20200617122511'),(17,'20200702141921'),(18,'20200728095334'),(19,'20201202144329'),(20,'20201216124002'),(21,'20201216141134'),(22,'20210817092415'),(26,'20210827093024'),(23,'20211020091404'),(24,'20230417083836');

--
-- Table structure for table `wpwn_yoast_primary_term`
--

CREATE TABLE `wpwn_yoast_primary_term` (
  `id` int unsigned NOT NULL AUTO_INCREMENT,
  `post_id` bigint DEFAULT NULL,
  `term_id` bigint DEFAULT NULL,
  `taxonomy` varchar(32) COLLATE utf8mb4_unicode_520_ci NOT NULL,
  `created_at` datetime DEFAULT NULL,
  `updated_at` timestamp NOT NULL DEFAULT CURRENT_TIMESTAMP ON UPDATE CURRENT_TIMESTAMP,
  `blog_id` bigint NOT NULL DEFAULT '1',
  PRIMARY KEY (`id`),
  KEY `post_taxonomy` (`post_id`,`taxonomy`),
  KEY `post_term` (`post_id`,`term_id`)
) ENGINE=InnoDB DEFAULT CHARSET=utf8mb4 COLLATE=utf8mb4_unicode_520_ci;

--
-- Dumping data for table `wpwn_yoast_primary_term`
--


--
-- Table structure for table `wpwn_yoast_prominent_words`
--

CREATE TABLE `wpwn_yoast_prominent_words` (
  `id` int unsigned NOT NULL AUTO_INCREMENT,
  `stem` varchar(191) DEFAULT NULL,
  `indexable_id` int unsigned DEFAULT NULL,
  `weight` float DEFAULT NULL,
  PRIMARY KEY (`id`),
  KEY `stem` (`stem`),
  KEY `indexable_id` (`indexable_id`),
  KEY `indexable_id_and_stem` (`indexable_id`,`stem`)
) ENGINE=InnoDB DEFAULT CHARSET=utf8mb3;

--
-- Dumping data for table `wpwn_yoast_prominent_words`
--


--
-- Table structure for table `wpwn_yoast_seo_links`
--

CREATE TABLE `wpwn_yoast_seo_links` (
  `id` bigint unsigned NOT NULL AUTO_INCREMENT,
  `url` varchar(255) DEFAULT NULL,
  `post_id` bigint unsigned DEFAULT NULL,
  `target_post_id` bigint unsigned DEFAULT NULL,
  `type` varchar(8) DEFAULT NULL,
  `indexable_id` int unsigned DEFAULT NULL,
  `target_indexable_id` int unsigned DEFAULT NULL,
  `height` int unsigned DEFAULT NULL,
  `width` int unsigned DEFAULT NULL,
  `size` int unsigned DEFAULT NULL,
  `language` varchar(32) DEFAULT NULL,
  `region` varchar(32) DEFAULT NULL,
  PRIMARY KEY (`id`),
  KEY `link_direction` (`post_id`,`type`),
  KEY `indexable_link_direction` (`indexable_id`,`type`)
) ENGINE=InnoDB AUTO_INCREMENT=261 DEFAULT CHARSET=utf8mb3;

--
-- Dumping data for table `wpwn_yoast_seo_links`
--

INSERT INTO `wpwn_yoast_seo_links` VALUES (1,'https://stone.md/',818,NULL,'external',463,NULL,NULL,NULL,NULL,NULL,NULL),(2,'tel:+37368897773',818,NULL,'external',463,NULL,NULL,NULL,NULL,NULL,NULL),(3,'mailto:info@stone.md',818,NULL,'external',463,NULL,NULL,NULL,NULL,NULL,NULL),(4,'https://maps.app.goo.gl/y4CCyQKV2kSQW4328',818,NULL,'external',463,NULL,NULL,NULL,NULL,NULL,NULL),(5,'https://maps.app.goo.gl/q6tLadyZafkbgCnJ9',818,NULL,'external',463,NULL,NULL,NULL,NULL,NULL,NULL),(6,'https://maps.app.goo.gl/2pgMmNpip7CLfSMMA',818,NULL,'external',463,NULL,NULL,NULL,NULL,NULL,NULL),(7,'https://maps.app.goo.gl/NmJuqwAYWbWgAy17A',818,NULL,'external',463,NULL,NULL,NULL,NULL,NULL,NULL),(8,'https://maps.app.goo.gl/LqWpYz4mfa6BDNwr6',818,NULL,'external',463,NULL,NULL,NULL,NULL,NULL,NULL),(9,'https://maps.app.goo.gl/ePkaXHvgBRS5gCyt9',818,NULL,'external',463,NULL,NULL,NULL,NULL,NULL,NULL),(10,'https://e-mag.md/privacy-policy/',818,3,'internal',463,434,NULL,NULL,NULL,NULL,NULL),(11,'https://e-mag.md/termeni-si-conditii/',818,16989,'internal',463,437,NULL,NULL,NULL,NULL,NULL),(12,'https://e-mag.md/refund_returns/',818,15,'internal',463,429,NULL,NULL,NULL,NULL,NULL),(13,'https://e-mag.md/my-account/',818,14,'internal',463,431,NULL,NULL,NULL,NULL,NULL),(14,'https://e-mag.md/wp-content/themes/woodmart/images/lazy.svg',818,NULL,'image-in',463,NULL,NULL,NULL,NULL,NULL,NULL),(15,'https://e-mag.md/my-account/',60,14,'internal',469,431,NULL,NULL,NULL,NULL,NULL),(16,'https://e-mag.md/my-account/orders/',60,14,'internal',469,431,NULL,NULL,NULL,NULL,NULL),(17,'https://e-mag.md/my-account/downloads/',60,14,'internal',469,431,NULL,NULL,NULL,NULL,NULL),(18,'https://e-mag.md/my-account/edit-address/',60,14,'internal',469,431,NULL,NULL,NULL,NULL,NULL),(19,'https://e-mag.md/my-account/edit-account/',60,14,'internal',469,431,NULL,NULL,NULL,NULL,NULL),(20,'https://e-mag.md/2025/08/14/work-sansnormal400100u0-10ffff/',60,NULL,'internal',469,NULL,NULL,NULL,NULL,NULL,NULL),(21,'https://e-mag.md/my-account/customer-logout/?_wpnonce=6c1845ae21',60,14,'internal',469,431,NULL,NULL,NULL,NULL,NULL),(22,'https://www.facebook.com/sharer/sharer.php?u=https://e-mag.md/2025/08/14/work-sansnormal400100u0-10ffff/1/',60,NULL,'external',469,NULL,NULL,NULL,NULL,NULL,NULL),(23,'mailto:?subject=Verificați%20asta%20https://e-mag.md/2025/08/14/work-sansnormal400100u0-10ffff/1/',60,NULL,'external',469,NULL,NULL,NULL,NULL,NULL,NULL),(24,'https://api.whatsapp.com/send?text=https%3A%2F%2Fe-mag.md%2F2025%2F08%2F14%2Fwork-sansnormal400100u0-10ffff%2F1%2F',60,NULL,'external',469,NULL,NULL,NULL,NULL,NULL,NULL),(25,'whatsapp://send?text=https%3A%2F%2Fe-mag.md%2F2025%2F08%2F14%2Fwork-sansnormal400100u0-10ffff%2F1%2F',60,NULL,'external',469,NULL,NULL,NULL,NULL,NULL,NULL),(26,'https://telegram.me/share/url?url=https://e-mag.md/2025/08/14/work-sansnormal400100u0-10ffff/1/',60,NULL,'external',469,NULL,NULL,NULL,NULL,NULL,NULL),(27,'viber://forward?text=https://e-mag.md/2025/08/14/work-sansnormal400100u0-10ffff/1/',60,NULL,'external',469,NULL,NULL,NULL,NULL,NULL,NULL),(28,'https://e-mag.md/wp-content/uploads/2025/08/travertin-006.webp',4035,NULL,'internal',430,NULL,NULL,NULL,NULL,NULL,NULL),(29,'https://e-mag.md/wp-content/uploads/2025/08/travertin-002.webp',4035,NULL,'internal',430,NULL,NULL,NULL,NULL,NULL,NULL),(30,'https://e-mag.md/wp-content/uploads/2025/08/travertin-005.webp',4035,NULL,'internal',430,NULL,NULL,NULL,NULL,NULL,NULL),(31,'https://e-mag.md/wp-content/uploads/2025/08/travertin-011.webp',4035,NULL,'internal',430,NULL,NULL,NULL,NULL,NULL,NULL),(32,'https://stone.md/product-category/placa-din-piatra-naturala/',4035,NULL,'external',430,NULL,NULL,NULL,NULL,NULL,NULL),(33,'https://stone.md/product-category/placa-din-piatra-naturala/',4035,NULL,'external',430,NULL,NULL,NULL,NULL,NULL,NULL),(34,'https://stone.md/product-category/pietricele-decorative/',4035,NULL,'external',430,NULL,NULL,NULL,NULL,NULL,NULL),(35,'https://stone.md/product-category/pietricele-decorative/',4035,NULL,'external',430,NULL,NULL,NULL,NULL,NULL,NULL),(36,'https://stone.md/product-category/piatra-neprelucrata/',4035,NULL,'external',430,NULL,NULL,NULL,NULL,NULL,NULL),(37,'https://stone.md/product-category/piatra-neprelucrata/',4035,NULL,'external',430,NULL,NULL,NULL,NULL,NULL,NULL),(38,'https://stone.md/product-category/piatra-neprelucrata/',4035,NULL,'external',430,NULL,NULL,NULL,NULL,NULL,NULL),(39,'https://stone.md/product-category/piatra-neprelucrata/',4035,NULL,'external',430,NULL,NULL,NULL,NULL,NULL,NULL),(40,'https://e-mag.md/shop/pietris-rotunjit-de-marmura-alba-10-20mm/',4035,10486,'internal',430,290,NULL,NULL,NULL,NULL,NULL),(41,'https://e-mag.md/2025/08/14/work-sansnormal400100u0-10ffff/',4035,NULL,'internal',430,NULL,NULL,NULL,NULL,NULL,NULL),(42,'https://e-mag.md/shop/pietris-rotunjit-de-marmura-alba-10-20mm/',4035,10486,'internal',430,290,NULL,NULL,NULL,NULL,NULL),(43,'/wp-json/yoast/v1/link-indexing/posts?add-to-cart=10486',4035,NULL,'internal',430,NULL,NULL,NULL,NULL,NULL,NULL),(44,'https://e-mag.md/shop/pietris-rotunjit-de-marmura-alba-20-40mm/',4035,672,'internal',430,195,NULL,NULL,NULL,NULL,NULL),(45,'https://e-mag.md/2025/08/14/work-sansnormal400100u0-10ffff/',4035,NULL,'internal',430,NULL,NULL,NULL,NULL,NULL,NULL),(46,'https://e-mag.md/shop/pietris-rotunjit-de-marmura-alba-20-40mm/',4035,672,'internal',430,195,NULL,NULL,NULL,NULL,NULL),(47,'/wp-json/yoast/v1/link-indexing/posts?add-to-cart=672',4035,NULL,'internal',430,NULL,NULL,NULL,NULL,NULL,NULL),(48,'https://e-mag.md/shop/pietris-rotunjit-de-marmura-alba-80-120mm/',4035,10489,'internal',430,295,NULL,NULL,NULL,NULL,NULL),(49,'https://e-mag.md/2025/08/14/work-sansnormal400100u0-10ffff/',4035,NULL,'internal',430,NULL,NULL,NULL,NULL,NULL,NULL),(50,'https://e-mag.md/shop/pietris-rotunjit-de-marmura-alba-80-120mm/',4035,10489,'internal',430,295,NULL,NULL,NULL,NULL,NULL),(51,'/wp-json/yoast/v1/link-indexing/posts?add-to-cart=10489',4035,NULL,'internal',430,NULL,NULL,NULL,NULL,NULL,NULL),(52,'https://e-mag.md/shop/pietris-rotunjita-de-marmura-maro-40-80mm-20kg/',4035,514,'internal',430,112,NULL,NULL,NULL,NULL,NULL),(53,'https://e-mag.md/2025/08/14/work-sansnormal400100u0-10ffff/',4035,NULL,'internal',430,NULL,NULL,NULL,NULL,NULL,NULL),(54,'https://e-mag.md/shop/pietris-rotunjita-de-marmura-maro-40-80mm-20kg/',4035,514,'internal',430,112,NULL,NULL,NULL,NULL,NULL),(55,'/wp-json/yoast/v1/link-indexing/posts?add-to-cart=514',4035,NULL,'internal',430,NULL,NULL,NULL,NULL,NULL,NULL),(56,'https://e-mag.md/shop/piatra-decorativa-de-marmura-rosie-10-20mm-20kg/',4035,9643,'internal',430,218,NULL,NULL,NULL,NULL,NULL),(57,'https://e-mag.md/2025/08/14/work-sansnormal400100u0-10ffff/',4035,NULL,'internal',430,NULL,NULL,NULL,NULL,NULL,NULL),(58,'https://e-mag.md/shop/piatra-decorativa-de-marmura-rosie-10-20mm-20kg/',4035,9643,'internal',430,218,NULL,NULL,NULL,NULL,NULL),(59,'/wp-json/yoast/v1/link-indexing/posts?add-to-cart=9643',4035,NULL,'internal',430,NULL,NULL,NULL,NULL,NULL,NULL),(60,'https://e-mag.md/shop/piatra-decorativa-de-marmura-rosie-20-40mm-20kg/',4035,9641,'internal',430,211,NULL,NULL,NULL,NULL,NULL),(61,'https://e-mag.md/2025/08/14/work-sansnormal400100u0-10ffff/',4035,NULL,'internal',430,NULL,NULL,NULL,NULL,NULL,NULL),(62,'https://e-mag.md/shop/piatra-decorativa-de-marmura-rosie-20-40mm-20kg/',4035,9641,'internal',430,211,NULL,NULL,NULL,NULL,NULL),(63,'/wp-json/yoast/v1/link-indexing/posts?add-to-cart=9641',4035,NULL,'internal',430,NULL,NULL,NULL,NULL,NULL,NULL),(64,'https://stone.md/product/verde-50mm-x-lmm-rupta/',4035,NULL,'external',430,NULL,NULL,NULL,NULL,NULL,NULL),(65,'https://stone.md/product/verde-50mm-x-lmm-rupta/',4035,NULL,'external',430,NULL,NULL,NULL,NULL,NULL,NULL),(66,'https://stone.md/product/multicolor-50mm-x-lmm-rupta/',4035,NULL,'external',430,NULL,NULL,NULL,NULL,NULL,NULL),(67,'https://stone.md/product/pietris-rotunjit-de-marmura-alba-10-20mm/',4035,NULL,'external',430,NULL,NULL,NULL,NULL,NULL,NULL),(68,'https://stone.md/product-category/pietricele-decorative/',4035,NULL,'external',430,NULL,NULL,NULL,NULL,NULL,NULL),(69,'https://stone.md/product/multicolor-50mm-x-lmm-rupta/',4035,NULL,'external',430,NULL,NULL,NULL,NULL,NULL,NULL),(70,'https://stone.md/product/multicolor-50mm-x-lmm-rupta/',4035,NULL,'external',430,NULL,NULL,NULL,NULL,NULL,NULL),(71,'https://stone.md/product/travertin-011/',4035,NULL,'external',430,NULL,NULL,NULL,NULL,NULL,NULL),(72,'https://stone.md/shop/travertin-011/',4035,NULL,'external',430,NULL,NULL,NULL,NULL,NULL,NULL),(73,'https://stone.md/shop/travertin-011/',4035,NULL,'external',430,NULL,NULL,NULL,NULL,NULL,NULL),(74,'https://e-mag.md/invitatie-la-cooperare/',4035,16388,'internal',430,435,NULL,NULL,NULL,NULL,NULL),(75,'https://e-mag.md/wp-content/uploads/2021/09/750-x-500.png',4035,16081,'image-in',430,NULL,500,750,230464,NULL,NULL),(76,'https://e-mag.md/wp-content/uploads/2021/09/travertin-001-enhanced.webp',4035,16132,'image-in',430,NULL,400,600,55260,NULL,NULL),(77,'https://e-mag.md/wp-content/uploads/2025/08/travertin-006.webp',4035,15861,'image-in',430,NULL,400,600,72014,NULL,NULL),(78,'https://e-mag.md/wp-content/uploads/2025/08/travertin-002.webp',4035,15663,'image-in',430,NULL,400,600,52546,NULL,NULL),(79,'https://e-mag.md/wp-content/uploads/2025/08/travertin-005.webp',4035,15863,'image-in',430,NULL,400,600,59706,NULL,NULL),(80,'https://e-mag.md/wp-content/uploads/2025/08/travertin-011.webp',4035,15859,'image-in',430,NULL,400,600,56766,NULL,NULL),(81,'https://e-mag.md/wp-content/uploads/2025/08/piersic-25mm-x-lmm.webp',4035,15872,'image-in',430,NULL,400,600,39494,NULL,NULL),(82,'https://e-mag.md/wp-content/uploads/2025/08/piersic-50mm-x-lmm-rupta-2.webp',4035,15882,'image-in',430,NULL,400,600,40260,NULL,NULL),(83,'https://e-mag.md/wp-content/uploads/2025/08/verde-f2.webp',4035,15773,'image-in',430,NULL,400,600,54938,NULL,NULL),(84,'https://e-mag.md/wp-content/uploads/2025/08/taiere-frontala-piersic.webp',4035,15763,'image-in',430,NULL,400,600,29480,NULL,NULL),(85,'https://e-mag.md/wp-content/uploads/2025/08/maro-50mm-x-lmm-rupta.webp',4035,15682,'image-in',430,NULL,400,600,64448,NULL,NULL),(86,'https://e-mag.md/wp-content/uploads/2025/08/piatra148.webp',4035,16301,'image-in',430,NULL,400,600,20570,NULL,NULL),(87,'https://e-mag.md/wp-content/uploads/2025/08/taiere-frontala-lemn-pietrificat.webp',4035,15757,'image-in',430,NULL,400,600,39356,NULL,NULL),(88,'https://e-mag.md/wp-content/uploads/2025/08/prundis-decorativ-de-marmura-alba-10-20mm.webp',4035,15926,'image-in',430,NULL,600,600,55798,NULL,NULL),(89,'https://e-mag.md/wp-content/uploads/2025/08/prundis-decorativ-de-marmura-alba-20-40mm.webp',4035,15831,'image-in',430,NULL,600,600,55288,NULL,NULL),(90,'https://e-mag.md/wp-content/uploads/2025/08/prundis-decorativ-de-marmura-alba-80-120mm.webp',4035,15931,'image-in',430,NULL,600,600,51988,NULL,NULL),(91,'https://e-mag.md/wp-content/uploads/2025/08/prundis-decorativ-de-marmura-maro-40-80mm-20kg.webp',4035,15753,'image-in',430,NULL,600,600,60614,NULL,NULL),(92,'https://e-mag.md/wp-content/uploads/2025/08/prundis-decorativ-de-marmura-rosie-10-20mm-20kg.webp',4035,15854,'image-in',430,NULL,600,600,78870,NULL,NULL),(93,'https://e-mag.md/wp-content/uploads/2025/08/prundis-decorativ-de-marmura-rosie-20-40mm-20kg.webp',4035,15847,'image-in',430,NULL,600,600,70434,NULL,NULL),(94,'https://e-mag.md/wp-content/themes/woodmart/images/lazy.svg',4035,NULL,'image-in',430,NULL,NULL,NULL,NULL,NULL,NULL),(95,'http://xtemos.com',4400,NULL,'external',470,NULL,NULL,NULL,NULL,NULL,NULL),(96,'https://www.facebook.com/sharer/sharer.php?u=https://e-mag.md/about-us-3/',4400,NULL,'external',470,NULL,NULL,NULL,NULL,NULL,NULL),(97,'mailto:?subject=Verificați%20asta%20https://e-mag.md/about-us-3/',4400,NULL,'external',470,NULL,NULL,NULL,NULL,NULL,NULL),(98,'https://api.whatsapp.com/send?text=https%3A%2F%2Fe-mag.md%2Fabout-us-3%2F',4400,NULL,'external',470,NULL,NULL,NULL,NULL,NULL,NULL),(99,'whatsapp://send?text=https%3A%2F%2Fe-mag.md%2Fabout-us-3%2F',4400,NULL,'external',470,NULL,NULL,NULL,NULL,NULL,NULL),(100,'https://telegram.me/share/url?url=https://e-mag.md/about-us-3/',4400,NULL,'external',470,NULL,NULL,NULL,NULL,NULL,NULL),(101,'viber://forward?text=https://e-mag.md/about-us-3/',4400,NULL,'external',470,NULL,NULL,NULL,NULL,NULL,NULL),(102,'https://www.youtube.com/watch?v=XHOmBV4js_E',4400,NULL,'external',470,NULL,NULL,NULL,NULL,NULL,NULL),(103,'https://www.youtube.com/watch?v=XHOmBV4js_E',4400,NULL,'external',470,NULL,NULL,NULL,NULL,NULL,NULL),(104,'https://e-mag.md/wp-content/uploads/2021/10/about-us-3-image-1.jpg',4400,4408,'image-in',470,NULL,580,580,100860,NULL,NULL),(105,'https://e-mag.md/wp-content/uploads/2021/10/about-us-3-team-member-1.jpg',4400,4416,'image-in',470,NULL,643,400,16164,NULL,NULL),(106,'https://e-mag.md/wp-content/uploads/2021/10/about-us-3-team-member-2.jpg',4400,4417,'image-in',470,NULL,643,400,48750,NULL,NULL),(107,'https://e-mag.md/wp-content/uploads/2021/10/about-us-3-team-member-3.jpg',4400,4418,'image-in',470,NULL,643,400,46375,NULL,NULL),(108,'https://e-mag.md/wp-content/uploads/2021/10/about-us-3-team-member-4.jpg',4400,4419,'image-in',470,NULL,643,400,62457,NULL,NULL),(109,'https://e-mag.md/wp-content/uploads/2021/10/about-us-3-video-1.jpg',4400,4421,'image-in',470,NULL,340,580,54340,NULL,NULL),(110,'https://e-mag.md/wp-content/uploads/2021/10/about-us-3-video-2.jpg',4400,4422,'image-in',470,NULL,340,580,46024,NULL,NULL),(111,'https://stone.md',16989,NULL,'external',437,NULL,NULL,NULL,NULL,NULL,NULL),(112,'https://stone.md',16989,NULL,'external',437,NULL,NULL,NULL,NULL,NULL,NULL),(113,'https://stone.md/product-category/pietricele-decorative/prundis-decorativ/?filter_brand=piatra-greceasca',16388,NULL,'external',435,NULL,NULL,NULL,NULL,NULL,NULL),(114,'https://e-mag.md/shop/pietris-rotunjit-de-marmura-alba-80-120mm/',16388,10489,'internal',435,295,NULL,NULL,NULL,NULL,NULL),(115,'https://e-mag.md/shop/pietris-rotunjit-de-marmura-alba-80-120mm/',16388,10489,'internal',435,295,NULL,NULL,NULL,NULL,NULL),(116,'/wp-json/yoast/v1/link-indexing/posts?add-to-cart=10489',16388,NULL,'internal',435,NULL,NULL,NULL,NULL,NULL,NULL),(117,'https://e-mag.md/wp-content/uploads/2025/08/73192352_2365104223612108_5893543515001978880_n.jpg',16388,NULL,'internal',435,NULL,NULL,NULL,NULL,NULL,NULL),(118,'https://e-mag.md/wp-content/uploads/2025/08/73352344_2366274470161750_6573626684103196672_n.jpg',16388,NULL,'internal',435,NULL,NULL,NULL,NULL,NULL,NULL),(119,'https://e-mag.md/wp-content/uploads/2025/08/74677101_2397950030327527_7322939138263482368_n-1.jpg',16388,NULL,'internal',435,NULL,NULL,NULL,NULL,NULL,NULL),(120,'https://e-mag.md/wp-content/uploads/2025/08/75429606_2377926232329907_3029599067932983296_n-1.jpg',16388,NULL,'internal',435,NULL,NULL,NULL,NULL,NULL,NULL),(121,'https://e-mag.md/shop/pietris-rotunjit-de-marmura-verde-10-20mm/',16388,667,'internal',435,183,NULL,NULL,NULL,NULL,NULL),(122,'https://e-mag.md/shop/pietris-rotunjit-de-marmura-verde-10-20mm/',16388,667,'internal',435,183,NULL,NULL,NULL,NULL,NULL),(123,'/wp-json/yoast/v1/link-indexing/posts?add-to-cart=667',16388,NULL,'internal',435,NULL,NULL,NULL,NULL,NULL,NULL),(124,'https://e-mag.md/shop/piatra-decorativa-de-marmura-roz-10-20mm-20kg/',16388,9642,'internal',435,215,NULL,NULL,NULL,NULL,NULL),(125,'https://e-mag.md/shop/piatra-decorativa-de-marmura-roz-10-20mm-20kg/',16388,9642,'internal',435,215,NULL,NULL,NULL,NULL,NULL),(126,'/wp-json/yoast/v1/link-indexing/posts?add-to-cart=9642',16388,NULL,'internal',435,NULL,NULL,NULL,NULL,NULL,NULL),(127,'tel:+37368897773',16388,NULL,'external',435,NULL,NULL,NULL,NULL,NULL,NULL),(128,'https://e-mag.md/shop/aschii-verde/',16388,657,'internal',435,177,NULL,NULL,NULL,NULL,NULL),(129,'https://e-mag.md/shop/aschii-verde/',16388,657,'internal',435,177,NULL,NULL,NULL,NULL,NULL),(130,'/wp-json/yoast/v1/link-indexing/posts?add-to-cart=657',16388,NULL,'internal',435,NULL,NULL,NULL,NULL,NULL,NULL),(131,'https://e-mag.md/shop/aschii-negru/',16388,436,'internal',435,47,NULL,NULL,NULL,NULL,NULL),(132,'https://e-mag.md/shop/aschii-negru/',16388,436,'internal',435,47,NULL,NULL,NULL,NULL,NULL),(133,'/wp-json/yoast/v1/link-indexing/posts?add-to-cart=436',16388,NULL,'internal',435,NULL,NULL,NULL,NULL,NULL,NULL),(134,'https://e-mag.md/shop/pietris-rotunjita-riviera/',16388,487,'internal',435,86,NULL,NULL,NULL,NULL,NULL),(135,'https://e-mag.md/shop/pietris-rotunjita-riviera/',16388,487,'internal',435,86,NULL,NULL,NULL,NULL,NULL),(136,'/wp-json/yoast/v1/link-indexing/posts?add-to-cart=487',16388,NULL,'internal',435,NULL,NULL,NULL,NULL,NULL,NULL),(137,'https://e-mag.md/?post_type=product&#038;p=11326',16388,NULL,'internal',435,3,NULL,NULL,NULL,NULL,NULL),(138,'https://e-mag.md/?post_type=product&#038;p=11326',16388,NULL,'internal',435,3,NULL,NULL,NULL,NULL,NULL),(139,'/wp-json/yoast/v1/link-indexing/posts?add-to-cart=11326',16388,NULL,'internal',435,NULL,NULL,NULL,NULL,NULL,NULL),(140,'https://e-mag.md/shop/aschii-negru/',16388,436,'internal',435,47,NULL,NULL,NULL,NULL,NULL),(141,'https://e-mag.md/shop/aschii-negru/',16388,436,'internal',435,47,NULL,NULL,NULL,NULL,NULL),(142,'/wp-json/yoast/v1/link-indexing/posts?add-to-cart=436',16388,NULL,'internal',435,NULL,NULL,NULL,NULL,NULL,NULL),(143,'https://e-mag.md/shop/tassos-marmura-alba-5-cm-rupta/',16388,10443,'internal',435,271,NULL,NULL,NULL,NULL,NULL),(144,'https://e-mag.md/shop/tassos-marmura-alba-5-cm-rupta/',16388,10443,'internal',435,271,NULL,NULL,NULL,NULL,NULL),(145,'/wp-json/yoast/v1/link-indexing/posts?add-to-cart=10443',16388,NULL,'internal',435,NULL,NULL,NULL,NULL,NULL,NULL),(146,'https://e-mag.md/shop/aschii-galben/',16388,10384,'internal',435,251,NULL,NULL,NULL,NULL,NULL),(147,'https://e-mag.md/shop/aschii-galben/',16388,10384,'internal',435,251,NULL,NULL,NULL,NULL,NULL),(148,'/wp-json/yoast/v1/link-indexing/posts?add-to-cart=10384',16388,NULL,'internal',435,NULL,NULL,NULL,NULL,NULL,NULL),(149,'https://e-mag.md/shop/piatra-decorativa-de-marmura-rosie-10-20mm-20kg/',16388,9643,'internal',435,218,NULL,NULL,NULL,NULL,NULL),(150,'https://e-mag.md/shop/piatra-decorativa-de-marmura-rosie-10-20mm-20kg/',16388,9643,'internal',435,218,NULL,NULL,NULL,NULL,NULL),(151,'/wp-json/yoast/v1/link-indexing/posts?add-to-cart=9643',16388,NULL,'internal',435,NULL,NULL,NULL,NULL,NULL,NULL),(152,'https://e-mag.md/shop/pietris-rotunjit-de-marmura-alba-10-20mm/',16388,10486,'internal',435,290,NULL,NULL,NULL,NULL,NULL),(153,'https://e-mag.md/shop/pietris-rotunjit-de-marmura-alba-10-20mm/',16388,10486,'internal',435,290,NULL,NULL,NULL,NULL,NULL),(154,'/wp-json/yoast/v1/link-indexing/posts?add-to-cart=10486',16388,NULL,'internal',435,NULL,NULL,NULL,NULL,NULL,NULL),(155,'https://e-mag.md/shop/pietris-rotunjita-nero/',16388,489,'internal',435,88,NULL,NULL,NULL,NULL,NULL),(156,'https://e-mag.md/shop/pietris-rotunjita-nero/',16388,489,'internal',435,88,NULL,NULL,NULL,NULL,NULL),(157,'/wp-json/yoast/v1/link-indexing/posts?add-to-cart=489',16388,NULL,'internal',435,NULL,NULL,NULL,NULL,NULL,NULL),(158,'https://e-mag.md/shop/pietris-rotunjit-de-marmura-alba-20-40mm/',16388,672,'internal',435,195,NULL,NULL,NULL,NULL,NULL),(159,'https://e-mag.md/shop/pietris-rotunjit-de-marmura-alba-20-40mm/',16388,672,'internal',435,195,NULL,NULL,NULL,NULL,NULL),(160,'/wp-json/yoast/v1/link-indexing/posts?add-to-cart=672',16388,NULL,'internal',435,NULL,NULL,NULL,NULL,NULL,NULL),(161,'https://e-mag.md/shop/pietris-rotunjita-red-pebble/',16388,467,'internal',435,76,NULL,NULL,NULL,NULL,NULL),(162,'https://e-mag.md/shop/pietris-rotunjita-red-pebble/',16388,467,'internal',435,76,NULL,NULL,NULL,NULL,NULL),(163,'/wp-json/yoast/v1/link-indexing/posts?add-to-cart=467',16388,NULL,'internal',435,NULL,NULL,NULL,NULL,NULL,NULL),(164,'https://e-mag.md/shop/pietris-plat-river-80-120mm-20kg/',16388,506,'internal',435,102,NULL,NULL,NULL,NULL,NULL),(165,'https://e-mag.md/shop/pietris-plat-river-80-120mm-20kg/',16388,506,'internal',435,102,NULL,NULL,NULL,NULL,NULL),(166,'/wp-json/yoast/v1/link-indexing/posts?add-to-cart=506',16388,NULL,'internal',435,NULL,NULL,NULL,NULL,NULL,NULL),(167,'https://e-mag.md/shop/pietris-rotunjit-de-marmura-alba-10-20mm/',16388,10486,'internal',435,290,NULL,NULL,NULL,NULL,NULL),(168,'https://e-mag.md/shop/pietris-rotunjit-de-marmura-alba-10-20mm/',16388,10486,'internal',435,290,NULL,NULL,NULL,NULL,NULL),(169,'/wp-json/yoast/v1/link-indexing/posts?add-to-cart=10486',16388,NULL,'internal',435,NULL,NULL,NULL,NULL,NULL,NULL),(170,'https://e-mag.md/shop/pietris-rotunjita-bazalt/',16388,483,'internal',435,82,NULL,NULL,NULL,NULL,NULL),(171,'https://e-mag.md/shop/pietris-rotunjita-bazalt/',16388,483,'internal',435,82,NULL,NULL,NULL,NULL,NULL),(172,'/wp-json/yoast/v1/link-indexing/posts?add-to-cart=483',16388,NULL,'internal',435,NULL,NULL,NULL,NULL,NULL,NULL),(173,'tel:+37368897773',16388,NULL,'external',435,NULL,NULL,NULL,NULL,NULL,NULL),(174,'https://stone.md/product-category/pietricele-decorative/',16388,NULL,'external',435,NULL,NULL,NULL,NULL,NULL,NULL),(175,'https://stone.md/checkout/',16388,NULL,'external',435,NULL,NULL,NULL,NULL,NULL,NULL),(176,'tel:+37368897773',16388,NULL,'external',435,NULL,NULL,NULL,NULL,NULL,NULL),(177,'https://e-mag.md/wp-content/uploads/2025/08/d1948b0a2302f833f96016686e15ac59.jpg',16388,17442,'image-in',435,NULL,423,564,57139,NULL,NULL),(178,'https://e-mag.md/wp-content/uploads/2025/08/74798658_2381570218632175_8268401340082814976_n.jpg',16388,17432,'image-in',435,NULL,423,423,42658,NULL,NULL),(179,'https://e-mag.md/wp-content/uploads/2025/08/prundis-decorativ-de-marmura-alba-80-120mm-430x430.webp',16388,NULL,'image-in',435,NULL,NULL,NULL,NULL,NULL,NULL),(180,'https://e-mag.md/wp-content/uploads/2025/08/73192352_2365104223612108_5893543515001978880_n.jpg',16388,17433,'image-in',435,NULL,449,449,48220,NULL,NULL),(181,'https://e-mag.md/wp-content/uploads/2025/08/73352344_2366274470161750_6573626684103196672_n.jpg',16388,17434,'image-in',435,NULL,403,403,34935,NULL,NULL),(182,'https://e-mag.md/wp-content/uploads/2025/08/74677101_2397950030327527_7322939138263482368_n-1.jpg',16388,17435,'image-in',435,NULL,466,466,39933,NULL,NULL),(183,'https://e-mag.md/wp-content/uploads/2025/08/75429606_2377926232329907_3029599067932983296_n-1.jpg',16388,17436,'image-in',435,NULL,750,750,104571,NULL,NULL),(184,'https://e-mag.md/wp-content/uploads/2025/08/wd-futniture-banner-bg-1-1.jpg',16388,17437,'image-in',435,NULL,185,382,2718,NULL,NULL),(185,'https://e-mag.md/wp-content/uploads/2025/08/9976618a2500fd2cfe17ee1142bf4a4c.jpg',16388,17438,'image-in',435,NULL,750,564,113451,NULL,NULL),(186,'https://e-mag.md/wp-content/uploads/2025/08/prundis-decorativ-de-marmura-verde-10-20mm-430x430.webp',16388,NULL,'image-in',435,NULL,NULL,NULL,NULL,NULL,NULL),(187,'https://e-mag.md/wp-content/uploads/2025/08/prundis-decorativ-de-marmura-roz-10-20mm-20kg-430x430.webp',16388,NULL,'image-in',435,NULL,NULL,NULL,NULL,NULL,NULL),(188,'https://e-mag.md/wp-content/uploads/2025/08/design-peisagistic-6669d59cbd833.webp',16388,17461,'image-in',435,NULL,981,736,175000,NULL,NULL),(189,'https://e-mag.md/wp-content/uploads/2025/08/pietris-decorativ-verde-20kg-430x287.webp',16388,NULL,'image-in',435,NULL,NULL,NULL,NULL,NULL,NULL),(190,'https://e-mag.md/wp-content/uploads/2025/08/design-peisagistic-6669d5710637f.webp',16388,17462,'image-in',435,NULL,813,736,207920,NULL,NULL),(191,'https://e-mag.md/wp-content/uploads/2025/08/pietris-decorativ-negru-20kg-430x287.webp',16388,NULL,'image-in',435,NULL,NULL,NULL,NULL,NULL,NULL),(192,'https://e-mag.md/wp-content/uploads/2025/08/prundis-decorativ-riviera-20kg-430x287.webp',16388,NULL,'image-in',435,NULL,NULL,NULL,NULL,NULL,NULL),(193,'https://e-mag.md/wp-content/uploads/2025/08/design-peisagistic-6669d5756fae8.webp',16388,17463,'image-in',435,NULL,736,736,192940,NULL,NULL),(194,'https://e-mag.md/wp-content/uploads/2025/08/manhattan-10-3-430x287.webp',16388,NULL,'image-in',435,NULL,NULL,NULL,NULL,NULL,NULL),(195,'https://e-mag.md/wp-content/uploads/2025/08/design-peisagistic-6669d590170fc.webp',16388,17464,'image-in',435,NULL,593,735,84590,NULL,NULL),(196,'https://e-mag.md/wp-content/uploads/2025/08/tassos-marmura-alba-5-cm-rupta-430x287.webp',16388,NULL,'image-in',435,NULL,NULL,NULL,NULL,NULL,NULL),(197,'https://e-mag.md/wp-content/uploads/2025/08/pietris-decorativ-galben-20kg-430x287.webp',16388,NULL,'image-in',435,NULL,NULL,NULL,NULL,NULL,NULL),(198,'https://e-mag.md/wp-content/uploads/2025/08/design-peisagistic-6669d55f6ed78.webp',16388,17465,'image-in',435,NULL,752,564,79560,NULL,NULL),(199,'https://e-mag.md/wp-content/uploads/2025/08/prundis-decorativ-de-marmura-rosie-10-20mm-20kg-430x430.webp',16388,NULL,'image-in',435,NULL,NULL,NULL,NULL,NULL,NULL),(200,'https://e-mag.md/wp-content/uploads/2025/08/prundis-decorativ-de-marmura-alba-10-20mm-430x430.webp',16388,NULL,'image-in',435,NULL,NULL,NULL,NULL,NULL,NULL),(201,'https://e-mag.md/wp-content/uploads/2025/08/design-peisagistic-6669d5950e8b1.webp',16388,17466,'image-in',435,NULL,769,548,100968,NULL,NULL),(202,'https://e-mag.md/wp-content/uploads/2025/08/prundis-decorativ-nero-20kg-430x287.webp',16388,NULL,'image-in',435,NULL,NULL,NULL,NULL,NULL,NULL),(203,'https://e-mag.md/wp-content/uploads/2025/08/design-peisagistic-6669d56ea0d30.webp',16388,17467,'image-in',435,NULL,359,564,53042,NULL,NULL),(204,'https://e-mag.md/wp-content/uploads/2025/08/prundis-decorativ-de-marmura-alba-20-40mm-430x430.webp',16388,NULL,'image-in',435,NULL,NULL,NULL,NULL,NULL,NULL),(205,'https://e-mag.md/wp-content/uploads/2025/08/design-peisagistic-6669d5776494c.webp',16388,17468,'image-in',435,NULL,552,736,116016,NULL,NULL),(206,'https://e-mag.md/wp-content/uploads/2025/08/prundis-decorativ-red-pebble-20kg-430x287.webp',16388,NULL,'image-in',435,NULL,NULL,NULL,NULL,NULL,NULL),(207,'https://e-mag.md/wp-content/uploads/2025/08/prundis-decorativ-plat-river-80-120mm-20kg-430x430.webp',16388,NULL,'image-in',435,NULL,NULL,NULL,NULL,NULL,NULL),(208,'https://e-mag.md/wp-content/uploads/2025/08/design-peisagistic-6669d554983b6.webp',16388,17469,'image-in',435,NULL,384,564,62548,NULL,NULL),(209,'https://e-mag.md/wp-content/uploads/2025/08/prundis-decorativ-bazalt-20kg-430x287.webp',16388,NULL,'image-in',435,NULL,NULL,NULL,NULL,NULL,NULL),(210,'https://stone.md',3,NULL,'external',434,NULL,NULL,NULL,NULL,NULL,NULL),(211,'https://stone.md',3,NULL,'external',434,NULL,NULL,NULL,NULL,NULL,NULL),(212,'https://e-mag.md/wp-content/uploads/2021/09/750-x-500.png',4045,16081,'image-in',483,NULL,500,750,230464,NULL,NULL),(213,'https://e-mag.md/wp-content/uploads/2025/08/travertin-006.webp',4056,NULL,'internal',484,NULL,NULL,NULL,NULL,NULL,NULL),(214,'https://e-mag.md/wp-content/uploads/2025/08/travertin-002.webp',4056,NULL,'internal',484,NULL,NULL,NULL,NULL,NULL,NULL),(215,'https://e-mag.md/wp-content/uploads/2025/08/travertin-005.webp',4056,NULL,'internal',484,NULL,NULL,NULL,NULL,NULL,NULL),(216,'https://e-mag.md/wp-content/uploads/2025/08/travertin-011.webp',4056,NULL,'internal',484,NULL,NULL,NULL,NULL,NULL,NULL),(217,'https://e-mag.md/wp-content/uploads/2021/09/travertin-001-enhanced.webp',4056,16132,'image-in',484,NULL,400,600,55260,NULL,NULL),(218,'https://e-mag.md/wp-content/uploads/2025/08/travertin-006.webp',4056,15861,'image-in',484,NULL,400,600,72014,NULL,NULL),(219,'https://e-mag.md/wp-content/uploads/2025/08/travertin-002.webp',4056,15663,'image-in',484,NULL,400,600,52546,NULL,NULL),(220,'https://e-mag.md/wp-content/uploads/2025/08/travertin-005.webp',4056,15863,'image-in',484,NULL,400,600,59706,NULL,NULL),(221,'https://e-mag.md/wp-content/uploads/2025/08/travertin-011.webp',4056,15859,'image-in',484,NULL,400,600,56766,NULL,NULL),(222,'https://e-mag.md/?attachment_id=15882',4063,NULL,'internal',485,3,NULL,NULL,NULL,NULL,NULL),(223,'https://e-mag.md/?attachment_id=15773',4063,NULL,'internal',485,3,NULL,NULL,NULL,NULL,NULL),(224,'https://e-mag.md/?attachment_id=15763',4063,NULL,'internal',485,3,NULL,NULL,NULL,NULL,NULL),(225,'https://e-mag.md/?attachment_id=15682',4063,NULL,'internal',485,3,NULL,NULL,NULL,NULL,NULL),(226,'https://e-mag.md/wp-content/uploads/2025/08/piersic-25mm-x-lmm.webp',4063,15872,'image-in',485,NULL,400,600,39494,NULL,NULL),(227,'https://e-mag.md/wp-content/uploads/2025/08/piersic-50mm-x-lmm-rupta-2.webp',4063,15882,'image-in',485,NULL,400,600,40260,NULL,NULL),(228,'https://e-mag.md/wp-content/uploads/2025/08/verde-f2.webp',4063,15773,'image-in',485,NULL,400,600,54938,NULL,NULL),(229,'https://e-mag.md/wp-content/uploads/2025/08/taiere-frontala-piersic.webp',4063,15763,'image-in',485,NULL,400,600,29480,NULL,NULL),(230,'https://e-mag.md/wp-content/uploads/2025/08/maro-50mm-x-lmm-rupta.webp',4063,15682,'image-in',485,NULL,400,600,64448,NULL,NULL),(231,'https://stone.md/product/pietris-rotunjit-de-marmura-alba-10-20mm/',10789,NULL,'external',486,NULL,NULL,NULL,NULL,NULL,NULL),(232,'https://stone.md/product-category/pietricele-decorative/',10789,NULL,'external',486,NULL,NULL,NULL,NULL,NULL,NULL),(233,'https://e-mag.md/wp-content/themes/woodmart/images/lazy.svg',10789,17424,'image-in',486,NULL,400,600,302386,NULL,NULL),(234,'https://stone.md/product/verde-50mm-x-lmm-rupta/',609,NULL,'external',487,NULL,NULL,NULL,NULL,NULL,NULL),(235,'https://stone.md/product/verde-50mm-x-lmm-rupta/',609,NULL,'external',487,NULL,NULL,NULL,NULL,NULL,NULL),(236,'https://e-mag.md/wp-content/themes/woodmart/images/lazy.svg',609,15884,'image-in',487,NULL,400,600,51858,NULL,NULL),(237,'https://stone.md/product/multicolor-50mm-x-lmm-rupta/',16817,NULL,'external',488,NULL,NULL,NULL,NULL,NULL,NULL),(238,'https://e-mag.md/wp-content/themes/woodmart/images/lazy.svg',16817,15685,'image-in',488,NULL,400,600,49928,NULL,NULL),(239,'https://stone.md/product/travertin-011/',16857,NULL,'external',489,NULL,NULL,NULL,NULL,NULL,NULL),(240,'https://stone.md/shop/travertin-011/',16857,NULL,'external',489,NULL,NULL,NULL,NULL,NULL,NULL),(241,'https://e-mag.md/wp-content/themes/woodmart/images/lazy.svg',16857,15859,'image-in',489,NULL,400,600,56766,NULL,NULL),(242,'tel:+37368897773',77,NULL,'external',6,NULL,NULL,NULL,NULL,NULL,NULL),(243,'tel:+37368897773',78,NULL,'external',5,NULL,NULL,NULL,NULL,NULL,NULL),(244,'tel:+37368897773',79,NULL,'external',35,NULL,NULL,NULL,NULL,NULL,NULL),(245,'tel:+37368897773',80,NULL,'external',169,NULL,NULL,NULL,NULL,NULL,NULL),(257,'https://stone.md/product-category/pietricele-decorative/prundis-decorativ/',17062,NULL,'external',464,NULL,NULL,NULL,NULL,NULL,NULL),(258,'https://e-mag.md/product-category/pietricele-decorative/pietris-decorativ/',17062,NULL,'internal',464,48,NULL,NULL,NULL,NULL,NULL);


